000
CDUS43 KSGF 180628
CLISGF


CLIMATE REPORT
NATIONAL WEATHER SERVICE SPRINGFIELD MO
128 AM CDT FRI APR 18 2014


...................................

...THE SPRINGFIELD MO CLIMATE SUMMARY FOR APRIL 17 2014...

CLIMATE NORMAL PERIOD 1981 TO 2010
CLIMATE RECORD PERIOD 1888 TO 2014


WEATHER ITEM   OBSERVED TIME   RECORD YEAR NORMAL DEPARTURE LAST
                VALUE   (LST)  VALUE       VALUE  FROM      YEAR
                                                  NORMAL
..................................................................
TEMPERATURE (F)
 YESTERDAY
  MAXIMUM         64    111 PM  87    1937  68     -4       83
  MINIMUM         40    455 AM  27    1921  45     -5       50
  AVERAGE         52                        56     -4       67

PRECIPITATION (IN)
  YESTERDAY        0.00          1.23 1901   0.15  -0.15     0.00
  MONTH TO DATE    0.84                      2.23  -1.39     1.99
  SINCE MAR 1      3.17                      5.85  -2.68     6.76
  SINCE JAN 1      4.96                     10.84  -5.88    12.10

SNOWFALL (IN)
  YESTERDAY        0.0
  MONTH TO DATE    T
  SINCE MAR 1      4.8
  SINCE JUL 1     32.2
  SNOW DEPTH       0

DEGREE DAYS
 HEATING
  YESTERDAY       13                        10      3        0
  MONTH TO DATE  204                       202      2      189
  SINCE MAR 1    885                       783    102      906
  SINCE JUL 1   4840                      4376    464     4204

 COOLING
  YESTERDAY        0                         1     -1        2
  MONTH TO DATE    7                        10     -3        9
  SINCE MAR 1      7                        13     -6        9
  SINCE JAN 1      7                        13     -6        9
..................................................................


WIND (MPH)
  HIGHEST WIND SPEED    15   HIGHEST WIND DIRECTION     N (340)
  HIGHEST GUST SPEED    18   HIGHEST GUST DIRECTION     S (160)
  AVERAGE WIND SPEED     8.3


SKY COVER
  AVERAGE SKY COVER 0.2


WEATHER CONDITIONS
 THE FOLLOWING WEATHER WAS RECORDED YESTERDAY.
  HAZE


RELATIVE HUMIDITY (PERCENT)
 HIGHEST    70           500 AM
 LOWEST     39          1200 PM
 AVERAGE    55

..........................................................


THE SPRINGFIELD MO CLIMATE NORMALS FOR TODAY
                         NORMAL    RECORD    YEAR
 MAXIMUM TEMPERATURE (F)   68        92      2006
 MINIMUM TEMPERATURE (F)   45        26      1953


SUNRISE AND SUNSET
APRIL 18 2014.........SUNRISE   635 AM CDT   SUNSET   751 PM CDT
APRIL 19 2014.........SUNRISE   634 AM CDT   SUNSET   752 PM CDT


-  INDICATES NEGATIVE NUMBERS.
R  INDICATES RECORD WAS SET OR TIED.
MM INDICATES DATA IS MISSING.
T  INDICATES TRACE AMOUNT.




$$
