000
CDUS43 KSGF 162228
CLISGF


CLIMATE REPORT
NATIONAL WEATHER SERVICE SPRINGFIELD MO
426 PM CST SUN NOV 16 2014


...................................

...THE SPRINGFIELD MO CLIMATE SUMMARY FOR NOVEMBER 16 2014...
VALID AS OF 0400 PM LOCAL TIME.

CLIMATE NORMAL PERIOD 1981 TO 2010
CLIMATE RECORD PERIOD 1888 TO 2014


WEATHER ITEM   OBSERVED TIME   RECORD YEAR NORMAL DEPARTURE LAST
                VALUE   (LST)  VALUE       VALUE  FROM      YEAR
                                                  NORMAL
..................................................................
TEMPERATURE (F)
 TODAY
  MAXIMUM         33    815 AM  76    1941  57    -24       70
                                      1921
  MINIMUM         26    359 PM   8    1932  35     -9       51
  AVERAGE         30                        46    -16       61

PRECIPITATION (IN)
  TODAY            0.13          1.52 1964   0.14  -0.01     0.04
  MONTH TO DATE    1.61                      2.28  -0.67     1.19
  SINCE SEP 1     14.16                     10.48   3.68    10.30
  SINCE JAN 1     36.13                     40.59  -4.46    48.45

SNOWFALL (IN)
  TODAY            1.5
  MONTH TO DATE    1.5
  SINCE SEP 1      1.5
  SINCE JUL 1      1.5
  SNOW DEPTH       2

DEGREE DAYS
 HEATING
  TODAY           35                        19     16        4
  MONTH TO DATE  374                       253    121      270
  SINCE SEP 1    606                       559     47      574
  SINCE JUL 1    606                       561     45      574

 COOLING
  TODAY            0                         0      0        0
  MONTH TO DATE    0                         0      0        0
  SINCE SEP 1    224                       201     23      274
  SINCE JAN 1   1470                      1387     83     1417
..................................................................


WIND (MPH)
  HIGHEST WIND SPEED    16   HIGHEST WIND DIRECTION    NW (330)
  HIGHEST GUST SPEED    20   HIGHEST GUST DIRECTION    NW (320)


SKY COVER
  AVERAGE SKY COVER 1.0


WEATHER CONDITIONS
 THE FOLLOWING WEATHER WAS RECORDED TODAY.
  HEAVY SNOW
  SNOW
  LIGHT SNOW
  FOG
  FOG W/VISIBILITY <= 1/4 MILE


RELATIVE HUMIDITY (PERCENT)
 HIGHEST    92          1100 AM
 LOWEST     61          1200 AM
 AVERAGE    77

..........................................................


THE SPRINGFIELD MO CLIMATE NORMALS FOR TOMORROW
                         NORMAL    RECORD    YEAR
 MAXIMUM TEMPERATURE (F)   56        78      1963
 MINIMUM TEMPERATURE (F)   35         4      1959


SUNRISE AND SUNSET
NOVEMBER 16 2014......SUNRISE   654 AM CST   SUNSET   503 PM CST
NOVEMBER 17 2014......SUNRISE   655 AM CST   SUNSET   502 PM CST


-  INDICATES NEGATIVE NUMBERS.
R  INDICATES RECORD WAS SET OR TIED.
MM INDICATES DATA IS MISSING.
T  INDICATES TRACE AMOUNT.




$$
