000
CDUS43 KSGF 142239
CLISGF


CLIMATE REPORT
NATIONAL WEATHER SERVICE SPRINGFIELD MO
539 PM CDT FRI APR 14 2017


...................................

...THE SPRINGFIELD MO CLIMATE SUMMARY FOR APRIL 14 2017...
VALID TODAY AS OF 0500 PM LOCAL TIME.

CLIMATE NORMAL PERIOD 1981 TO 2010
CLIMATE RECORD PERIOD 1888 TO 2017


WEATHER ITEM   OBSERVED TIME   RECORD YEAR NORMAL DEPARTURE LAST
                VALUE   (LST)  VALUE       VALUE  FROM      YEAR
                                                  NORMAL
..................................................................
TEMPERATURE (F)
 TODAY
  MAXIMUM         82    249 PM  88    1936  67     15       71
  MINIMUM         62    557 AM  26    1950  44     18       41
                                      1928
  AVERAGE         72                        55     17       56

PRECIPITATION (IN)
  TODAY            0.00          2.58 1999   0.13  -0.13     0.00
  MONTH TO DATE    1.03                      1.80  -0.77     0.81
  SINCE MAR 1      5.82                      5.42   0.40     3.75
  SINCE JAN 1     10.28                     10.41  -0.13     5.03

SNOWFALL (IN)
  TODAY            0.0
  MONTH TO DATE    0.0
  SINCE MAR 1      0.1
  SINCE JUL 1      1.8
  SNOW DEPTH       0

DEGREE DAYS
 HEATING
  TODAY            0                        10    -10        9
  MONTH TO DATE   90                       172    -82      150
  SINCE MAR 1    506                       753   -247      548
  SINCE JUL 1   3195                      4346  -1151     3461

 COOLING
  TODAY            7                         1      6        0
  MONTH TO DATE   16                         7      9        0
  SINCE MAR 1     22                        10     12        2
  SINCE JAN 1     31                        10     21        2
..................................................................


WIND (MPH)
  HIGHEST WIND SPEED    25   HIGHEST WIND DIRECTION     S (190)
  HIGHEST GUST SPEED    30   HIGHEST GUST DIRECTION     S (190)


SKY COVER
  AVERAGE SKY COVER 0.4


WEATHER CONDITIONS
 THE FOLLOWING WEATHER WAS RECORDED TODAY.
  NO SIGNIFICANT WEATHER WAS OBSERVED.


RELATIVE HUMIDITY (PERCENT)
 HIGHEST    78           600 AM
 LOWEST     36           300 PM
 AVERAGE    57

..........................................................


THE SPRINGFIELD MO CLIMATE NORMALS FOR TOMORROW
                         NORMAL    RECORD    YEAR
 MAXIMUM TEMPERATURE (F)   67        87      1924
 MINIMUM TEMPERATURE (F)   44        25      2014
                                             1928


SUNRISE AND SUNSET
APRIL 14 2017.........SUNRISE   640 AM CDT   SUNSET   748 PM CDT
APRIL 15 2017.........SUNRISE   639 AM CDT   SUNSET   749 PM CDT


-  INDICATES NEGATIVE NUMBERS.
R  INDICATES RECORD WAS SET OR TIED.
MM INDICATES DATA IS MISSING.
T  INDICATES TRACE AMOUNT.




$$
