000
CDUS43 KSGF 180629
CLISGF


CLIMATE REPORT
NATIONAL WEATHER SERVICE SPRINGFIELD MO
129 AM CDT SUN SEP 18 2016


...................................

...THE SPRINGFIELD MO CLIMATE SUMMARY FOR SEPTEMBER 17 2016...

CLIMATE NORMAL PERIOD 1981 TO 2010
CLIMATE RECORD PERIOD 1888 TO 2016


WEATHER ITEM   OBSERVED TIME   RECORD YEAR NORMAL DEPARTURE LAST
                VALUE   (LST)  VALUE       VALUE  FROM      YEAR
                                                  NORMAL
..................................................................
TEMPERATURE (F)
 YESTERDAY
  MAXIMUM         83    240 PM  96    1953  80      3       89
  MINIMUM         64   1149 PM  39    1903  57      7       70
  AVERAGE         74                        68      6       80

PRECIPITATION (IN)
  YESTERDAY        0.00          3.23 2014   0.16  -0.16     0.00
  MONTH TO DATE    3.70                      2.64   1.06     4.04
  SINCE SEP 1      3.70                      2.64   1.06     4.04
  SINCE JAN 1     29.32                     32.75  -3.43    39.56

SNOWFALL (IN)
  YESTERDAY        0.0
  MONTH TO DATE    0.0
  SINCE SEP 1      0.0
  SINCE JUL 1      0.0
  SNOW DEPTH       0

DEGREE DAYS
 HEATING
  YESTERDAY        0                         2     -2        0
  MONTH TO DATE    0                        11    -11        8
  SINCE SEP 1      0                        11    -11        8
  SINCE JUL 1      0                        13    -13       11

 COOLING
  YESTERDAY        9                         5      4       15
  MONTH TO DATE  169                       126     43      181
  SINCE SEP 1    169                       126     43      181
  SINCE JAN 1   1601                      1312    289     1450
..................................................................


WIND (MPH)
  HIGHEST WIND SPEED     8   HIGHEST WIND DIRECTION     N (340)
  HIGHEST GUST SPEED    11   HIGHEST GUST DIRECTION     N (340)
  AVERAGE WIND SPEED     3.2


SKY COVER
  AVERAGE SKY COVER 0.5


WEATHER CONDITIONS
 THE FOLLOWING WEATHER WAS RECORDED YESTERDAY.
  FOG
  FOG W/VISIBILITY <= 1/4 MILE


RELATIVE HUMIDITY (PERCENT)
 HIGHEST    93          1200 AM
 LOWEST     54           200 PM
 AVERAGE    74

..........................................................


THE SPRINGFIELD MO CLIMATE NORMALS FOR TODAY
                         NORMAL    RECORD    YEAR
 MAXIMUM TEMPERATURE (F)   79        94      1960
 MINIMUM TEMPERATURE (F)   57        37      1981
                                             1973


SUNRISE AND SUNSET
SEPTEMBER 18 2016.....SUNRISE   658 AM CDT   SUNSET   716 PM CDT
SEPTEMBER 19 2016.....SUNRISE   659 AM CDT   SUNSET   714 PM CDT


-  INDICATES NEGATIVE NUMBERS.
R  INDICATES RECORD WAS SET OR TIED.
MM INDICATES DATA IS MISSING.
T  INDICATES TRACE AMOUNT.




$$
