000
CDUS43 KSGF 240630
CLISGF


CLIMATE REPORT
NATIONAL WEATHER SERVICE SPRINGFIELD MO
130 AM CDT FRI JUL 24 2015


...................................

...THE SPRINGFIELD MO CLIMATE SUMMARY FOR JULY 23 2015...

CLIMATE NORMAL PERIOD 1981 TO 2010
CLIMATE RECORD PERIOD 1888 TO 2015


WEATHER ITEM   OBSERVED TIME   RECORD YEAR NORMAL DEPARTURE LAST
                VALUE   (LST)  VALUE       VALUE  FROM      YEAR
                                                  NORMAL
..................................................................
TEMPERATURE (F)
 YESTERDAY
  MAXIMUM         90    437 PM 106    1901  89      1       93
  MINIMUM         74    857 AM  53    1947  68      6       72
  AVERAGE         82                        79      3       83

PRECIPITATION (IN)
  YESTERDAY        0.80          2.13 1956   0.11   0.69     0.00
  MONTH TO DATE    9.21                      2.87   6.34     2.25
  SINCE JUN 1     13.99                      7.72   6.27     8.48
  SINCE JAN 1     29.39                     25.75   3.64    19.96

SNOWFALL (IN)
  YESTERDAY        0.0
  MONTH TO DATE    0.0
  SINCE JUN 1      0.0
  SINCE JUL 1      0.0
  SNOW DEPTH       0

DEGREE DAYS
 HEATING
  YESTERDAY        0                         0      0        0
  MONTH TO DATE    0                         0      0        0
  SINCE JUN 1      1                         9     -8        0
  SINCE JUL 1      0                         0      0        0

 COOLING
  YESTERDAY       17                        14      3       18
  MONTH TO DATE  324                       299     25      205
  SINCE JUN 1    674                       562    112      499
  SINCE JAN 1    816                       677    139      692
..................................................................


WIND (MPH)
  HIGHEST WIND SPEED    12   HIGHEST WIND DIRECTION    SW (240)
  HIGHEST GUST SPEED    17   HIGHEST GUST DIRECTION     W (260)
  AVERAGE WIND SPEED     4.4


SKY COVER
  AVERAGE SKY COVER 0.5


WEATHER CONDITIONS
 THE FOLLOWING WEATHER WAS RECORDED YESTERDAY.
  THUNDERSTORM
  HEAVY RAIN
  RAIN
  LIGHT RAIN
  FOG


RELATIVE HUMIDITY (PERCENT)
 HIGHEST    94           100 AM
 LOWEST     59           300 PM
 AVERAGE    77

..........................................................


THE SPRINGFIELD MO CLIMATE NORMALS FOR TODAY
                         NORMAL    RECORD    YEAR
 MAXIMUM TEMPERATURE (F)   89       106      1934
 MINIMUM TEMPERATURE (F)   68        57      2003
                                             2000
                                             1947


SUNRISE AND SUNSET
JULY 24 2015..........SUNRISE   612 AM CDT   SUNSET   828 PM CDT
JULY 25 2015..........SUNRISE   612 AM CDT   SUNSET   827 PM CDT


-  INDICATES NEGATIVE NUMBERS.
R  INDICATES RECORD WAS SET OR TIED.
MM INDICATES DATA IS MISSING.
T  INDICATES TRACE AMOUNT.




$$
