000
CDUS43 KSGF 130626
CLISGF


CLIMATE REPORT
NATIONAL WEATHER SERVICE SPRINGFIELD MO
126 AM CDT SAT SEP 13 2014


...................................

...THE SPRINGFIELD MO CLIMATE SUMMARY FOR SEPTEMBER 12 2014...

CLIMATE NORMAL PERIOD 1981 TO 2010
CLIMATE RECORD PERIOD 1888 TO 2014


WEATHER ITEM   OBSERVED TIME   RECORD YEAR NORMAL DEPARTURE LAST
                VALUE   (LST)  VALUE       VALUE  FROM      YEAR
                                                  NORMAL
..................................................................
TEMPERATURE (F)
 YESTERDAY
  MAXIMUM         60    132 PM  97    1939  82    -22       89
  MINIMUM         50   1159 PM  36    1940  59     -9       69
  AVERAGE         55                        71    -16       79

PRECIPITATION (IN)
  YESTERDAY        T             2.88 1898   0.17  -0.17     0.00
  MONTH TO DATE    1.72                      1.85  -0.13     0.04
  SINCE SEP 1      1.72                      1.85  -0.13     0.04
  SINCE JAN 1     23.69                     31.96  -8.27    38.19

SNOWFALL (IN)
  YESTERDAY        0.0
  MONTH TO DATE    0.0
  SINCE SEP 1      0.0
  SINCE JUL 1      0.0
  SNOW DEPTH       0

DEGREE DAYS
 HEATING
  YESTERDAY       10                         1      9        0
  MONTH TO DATE   13                         4      9        0
  SINCE SEP 1     13                         4      9        0
  SINCE JUL 1     13                         6      7        0

 COOLING
  YESTERDAY        0                         6     -6       14
  MONTH TO DATE  107                        98      9      155
  SINCE SEP 1    107                        98      9      155
  SINCE JAN 1   1353                      1284     69     1298
..................................................................


WIND (MPH)
  HIGHEST WIND SPEED    22   HIGHEST WIND DIRECTION     N (10)
  HIGHEST GUST SPEED    28   HIGHEST GUST DIRECTION    NE (30)
  AVERAGE WIND SPEED    11.9


SKY COVER
  AVERAGE SKY COVER 1.0


WEATHER CONDITIONS
 THE FOLLOWING WEATHER WAS RECORDED YESTERDAY.
  LIGHT RAIN
  FOG


RELATIVE HUMIDITY (PERCENT)
 HIGHEST    93           700 AM
 LOWEST     72          1100 AM
 AVERAGE    83

..........................................................


THE SPRINGFIELD MO CLIMATE NORMALS FOR TODAY
                         NORMAL    RECORD    YEAR
 MAXIMUM TEMPERATURE (F)   81        99      2011
 MINIMUM TEMPERATURE (F)   59        38      1902


SUNRISE AND SUNSET
SEPTEMBER 13 2014.....SUNRISE   654 AM CDT   SUNSET   724 PM CDT
SEPTEMBER 14 2014.....SUNRISE   655 AM CDT   SUNSET   723 PM CDT


-  INDICATES NEGATIVE NUMBERS.
R  INDICATES RECORD WAS SET OR TIED.
MM INDICATES DATA IS MISSING.
T  INDICATES TRACE AMOUNT.




$$
