000
CDUS43 KSGF 250632
CLISGF


CLIMATE REPORT
NATIONAL WEATHER SERVICE SPRINGFIELD MO
131 AM CDT SAT JUL 25 2015


...................................

...THE SPRINGFIELD MO CLIMATE SUMMARY FOR JULY 24 2015...

CLIMATE NORMAL PERIOD 1981 TO 2010
CLIMATE RECORD PERIOD 1888 TO 2015


WEATHER ITEM   OBSERVED TIME   RECORD YEAR NORMAL DEPARTURE LAST
                VALUE   (LST)  VALUE       VALUE  FROM      YEAR
                                                  NORMAL
..................................................................
TEMPERATURE (F)
 YESTERDAY
  MAXIMUM         93    452 PM 106    1934  89      4       84
  MINIMUM         71   1159 PM  57    2003  68      3       66
                                      2000
                                      1947
  AVERAGE         82                        79      3       75

PRECIPITATION (IN)
  YESTERDAY        T             1.68 1998   0.11  -0.11     0.00
  MONTH TO DATE    9.21                      2.98   6.23     2.25
  SINCE JUN 1     13.99                      7.83   6.16     8.48
  SINCE JAN 1     29.39                     25.86   3.53    19.96

SNOWFALL (IN)
  YESTERDAY        0.0
  MONTH TO DATE    0.0
  SINCE JUN 1      0.0
  SINCE JUL 1      0.0
  SNOW DEPTH       0

DEGREE DAYS
 HEATING
  YESTERDAY        0                         0      0        0
  MONTH TO DATE    0                         0      0        0
  SINCE JUN 1      1                         9     -8        0
  SINCE JUL 1      0                         0      0        0

 COOLING
  YESTERDAY       17                        14      3       10
  MONTH TO DATE  341                       313     28      215
  SINCE JUN 1    691                       576    115      509
  SINCE JAN 1    833                       691    142      702
..................................................................


WIND (MPH)
  HIGHEST WIND SPEED    37   HIGHEST WIND DIRECTION    NE (60)
  HIGHEST GUST SPEED    47   HIGHEST GUST DIRECTION    NE (60)
  AVERAGE WIND SPEED     6.7


SKY COVER
  AVERAGE SKY COVER 0.1


WEATHER CONDITIONS
 THE FOLLOWING WEATHER WAS RECORDED YESTERDAY.
  THUNDERSTORM
  HAZE


RELATIVE HUMIDITY (PERCENT)
 HIGHEST    94           600 AM
 LOWEST     52          1200 PM
 AVERAGE    73

..........................................................


THE SPRINGFIELD MO CLIMATE NORMALS FOR TODAY
                         NORMAL    RECORD    YEAR
 MAXIMUM TEMPERATURE (F)   90       102      2012
                                             1986
 MINIMUM TEMPERATURE (F)   68        54      1911


SUNRISE AND SUNSET
JULY 25 2015..........SUNRISE   612 AM CDT   SUNSET   827 PM CDT
JULY 26 2015..........SUNRISE   613 AM CDT   SUNSET   826 PM CDT


-  INDICATES NEGATIVE NUMBERS.
R  INDICATES RECORD WAS SET OR TIED.
MM INDICATES DATA IS MISSING.
T  INDICATES TRACE AMOUNT.




$$
