000
CDUS43 KSGF 152325
CLISGF


CLIMATE REPORT
NATIONAL WEATHER SERVICE SPRINGFIELD MO
525 PM CST SAT NOV 15 2014


...................................

...THE SPRINGFIELD MO CLIMATE SUMMARY FOR NOVEMBER 15 2014...
VALID TODAY AS OF 0500 PM LOCAL TIME.

CLIMATE NORMAL PERIOD 1981 TO 2010
CLIMATE RECORD PERIOD 1888 TO 2014


WEATHER ITEM   OBSERVED TIME   RECORD YEAR NORMAL DEPARTURE LAST
                VALUE   (LST)  VALUE       VALUE  FROM      YEAR
                                                  NORMAL
..................................................................
TEMPERATURE (F)
 TODAY
  MAXIMUM         34    410 PM  78    1964  57    -23       57
  MINIMUM         26    657 AM   6    1940  36    -10       43
  AVERAGE         30                        46    -16       50

PRECIPITATION (IN)
  TODAY            T             1.99 1987   0.14  -0.14     0.03
  MONTH TO DATE    1.48                      2.14  -0.66     1.15
  SINCE SEP 1     14.03                     10.34   3.69    10.26
  SINCE JAN 1     36.00                     40.45  -4.45    48.41

SNOWFALL (IN)
  TODAY            T
  MONTH TO DATE    T
  SINCE SEP 1      T
  SINCE JUL 1      T
  SNOW DEPTH       0

DEGREE DAYS
 HEATING
  TODAY           35                        19     16       15
  MONTH TO DATE  339                       234    105      266
  SINCE SEP 1    571                       540     31      570
  SINCE JUL 1    571                       542     29      570

 COOLING
  TODAY            0                         0      0        0
  MONTH TO DATE    0                         0      0        0
  SINCE SEP 1    224                       201     23      274
  SINCE JAN 1   1470                      1387     83     1417
..................................................................


WIND (MPH)
  HIGHEST WIND SPEED    18   HIGHEST WIND DIRECTION    SE (150)
  HIGHEST GUST SPEED    21   HIGHEST GUST DIRECTION     S (160)


SKY COVER
  AVERAGE SKY COVER 0.5


WEATHER CONDITIONS
 THE FOLLOWING WEATHER WAS RECORDED TODAY.
  LIGHT SNOW


RELATIVE HUMIDITY (PERCENT)
 HIGHEST    63          1200 AM
 LOWEST     43           200 PM
 AVERAGE    53

..........................................................


THE SPRINGFIELD MO CLIMATE NORMALS FOR TOMORROW
                         NORMAL    RECORD    YEAR
 MAXIMUM TEMPERATURE (F)   57        76      1941
                                             1921
 MINIMUM TEMPERATURE (F)   35         8      1932


SUNRISE AND SUNSET
NOVEMBER 15 2014......SUNRISE   653 AM CST   SUNSET   503 PM CST
NOVEMBER 16 2014......SUNRISE   654 AM CST   SUNSET   503 PM CST


-  INDICATES NEGATIVE NUMBERS.
R  INDICATES RECORD WAS SET OR TIED.
MM INDICATES DATA IS MISSING.
T  INDICATES TRACE AMOUNT.




$$
