000
CDUS43 KSGF 072128
CLISGF


CLIMATE REPORT
NATIONAL WEATHER SERVICE SPRINGFIELD MO
428 PM CDT MON AUG 7 2017


...................................

...THE SPRINGFIELD MO CLIMATE SUMMARY FOR AUGUST 7 2017...
VALID AS OF 0400 PM LOCAL TIME.

CLIMATE NORMAL PERIOD 1981 TO 2010
CLIMATE RECORD PERIOD 1888 TO 2017


WEATHER ITEM   OBSERVED TIME   RECORD YEAR NORMAL DEPARTURE LAST
                VALUE   (LST)  VALUE       VALUE  FROM      YEAR
                                                  NORMAL
..................................................................
TEMPERATURE (F)
 TODAY
  MAXIMUM         82    259 PM 102    2011  90     -8       79
  MINIMUM         67    605 AM  49    1997  68     -1       72
  AVERAGE         75                        79     -4       76

PRECIPITATION (IN)
  TODAY            0.00          2.41 1908   0.11  -0.11     0.42
  MONTH TO DATE    3.49                      0.70   2.79     0.53
  SINCE JUN 1     10.26                      9.23   1.03    12.28
  SINCE JAN 1     38.96                     27.26  11.70    23.53

SNOWFALL (IN)
  TODAY            0.0
  MONTH TO DATE    0.0
  SINCE JUN 1      0.0
  SINCE JUL 1      0.0
  SNOW DEPTH       0

DEGREE DAYS
 HEATING
  TODAY            0                         0      0        0
  MONTH TO DATE    0                         0      0        0
  SINCE JUN 1      0                         9     -9        0
  SINCE JUL 1      0                         0      0        0

 COOLING
  TODAY           10                        14     -4       11
  MONTH TO DATE   59                        98    -39      121
  SINCE JUN 1    794                       771     23      993
  SINCE JAN 1    942                       886     56     1113
..................................................................


WIND (MPH)
  HIGHEST WIND SPEED    14   HIGHEST WIND DIRECTION    NE (40)
  HIGHEST GUST SPEED    18   HIGHEST GUST DIRECTION     N (20)


SKY COVER
  AVERAGE SKY COVER 0.9


WEATHER CONDITIONS
 THE FOLLOWING WEATHER WAS RECORDED TODAY.
  FOG


RELATIVE HUMIDITY (PERCENT)
 HIGHEST   100          1200 AM
 LOWEST     62           100 PM
 AVERAGE    81

..........................................................


THE SPRINGFIELD MO CLIMATE NORMALS FOR TOMORROW
                         NORMAL    RECORD    YEAR
 MAXIMUM TEMPERATURE (F)   90       102      1946
                                             1934
 MINIMUM TEMPERATURE (F)   68        52      1989


SUNRISE AND SUNSET
AUGUST  7 2017........SUNRISE   623 AM CDT   SUNSET   814 PM CDT
AUGUST  8 2017........SUNRISE   624 AM CDT   SUNSET   813 PM CDT


-  INDICATES NEGATIVE NUMBERS.
R  INDICATES RECORD WAS SET OR TIED.
MM INDICATES DATA IS MISSING.
T  INDICATES TRACE AMOUNT.




$$
