000
CDUS43 KSGF 242226
CLISGF


CLIMATE REPORT
NATIONAL WEATHER SERVICE SPRINGFIELD MO
526 PM CDT MON APR 24 2017


...................................

...THE SPRINGFIELD MO CLIMATE SUMMARY FOR APRIL 24 2017...
VALID TODAY AS OF 0500 PM LOCAL TIME.

CLIMATE NORMAL PERIOD 1981 TO 2010
CLIMATE RECORD PERIOD 1888 TO 2017


WEATHER ITEM   OBSERVED TIME   RECORD YEAR NORMAL DEPARTURE LAST
                VALUE   (LST)  VALUE       VALUE  FROM      YEAR
                                                  NORMAL
..................................................................
TEMPERATURE (F)
 TODAY
  MAXIMUM         75    359 PM  86    1989  70      5       81
  MINIMUM         38    544 AM  28    1910  47     -9       57
  AVERAGE         57                        58     -1       69

PRECIPITATION (IN)
  TODAY            0.00          2.96 1947   0.17  -0.17     0.00
  MONTH TO DATE    5.18                      3.32   1.86     0.83
  SINCE MAR 1      9.97                      6.94   3.03     3.77
  SINCE JAN 1     14.43                     11.93   2.50     5.05

SNOWFALL (IN)
  TODAY            0.0
  MONTH TO DATE    0.0
  SINCE MAR 1      0.1
  SINCE JUL 1      1.8
  SNOW DEPTH       0

DEGREE DAYS
 HEATING
  TODAY            8                         8      0        0
  MONTH TO DATE  139                       261   -122      176
  SINCE MAR 1    555                       842   -287      574
  SINCE JUL 1   3244                      4435  -1191     3487

 COOLING
  TODAY            0                         1     -1        4
  MONTH TO DATE   32                        17     15       10
  SINCE MAR 1     38                        20     18       12
  SINCE JAN 1     47                        20     27       12
..................................................................


WIND (MPH)
  HIGHEST WIND SPEED    22   HIGHEST WIND DIRECTION    SE (140)
  HIGHEST GUST SPEED    31   HIGHEST GUST DIRECTION    SE (130)


SKY COVER
  AVERAGE SKY COVER 0.0


WEATHER CONDITIONS
 THE FOLLOWING WEATHER WAS RECORDED TODAY.
  NO SIGNIFICANT WEATHER WAS OBSERVED.


RELATIVE HUMIDITY (PERCENT)
 HIGHEST    86           200 AM
 LOWEST     20           200 PM
 AVERAGE    53

..........................................................


THE SPRINGFIELD MO CLIMATE NORMALS FOR TOMORROW
                         NORMAL    RECORD    YEAR
 MAXIMUM TEMPERATURE (F)   70        85      1984
 MINIMUM TEMPERATURE (F)   48        29      1910


SUNRISE AND SUNSET
APRIL 24 2017.........SUNRISE   627 AM CDT   SUNSET   757 PM CDT
APRIL 25 2017.........SUNRISE   626 AM CDT   SUNSET   758 PM CDT


-  INDICATES NEGATIVE NUMBERS.
R  INDICATES RECORD WAS SET OR TIED.
MM INDICATES DATA IS MISSING.
T  INDICATES TRACE AMOUNT.




$$
