000
CDUS43 KSGF 160632
CLISGF


CLIMATE REPORT
NATIONAL WEATHER SERVICE SPRINGFIELD MO
132 AM CDT TUE SEP 16 2014


...................................

...THE SPRINGFIELD MO CLIMATE SUMMARY FOR SEPTEMBER 15 2014...

CLIMATE NORMAL PERIOD 1981 TO 2010
CLIMATE RECORD PERIOD 1888 TO 2014


WEATHER ITEM   OBSERVED TIME   RECORD YEAR NORMAL DEPARTURE LAST
                VALUE   (LST)  VALUE       VALUE  FROM      YEAR
                                                  NORMAL
..................................................................
TEMPERATURE (F)
 YESTERDAY
  MAXIMUM         86    259 PM  98    1893  81      5       88
  MINIMUM         63    614 AM  38    1961  58      5       59
  AVERAGE         75                        69      6       74

PRECIPITATION (IN)
  YESTERDAY        0.00          3.08 1894   0.16  -0.16     0.00
  MONTH TO DATE    1.72                      2.32  -0.60     0.04
  SINCE SEP 1      1.72                      2.32  -0.60     0.04
  SINCE JAN 1     23.69                     32.43  -8.74    38.19

SNOWFALL (IN)
  YESTERDAY        0.0
  MONTH TO DATE    0.0
  SINCE SEP 1      0.0
  SINCE JUL 1      0.0
  SNOW DEPTH       0

DEGREE DAYS
 HEATING
  YESTERDAY        0                         1     -1        0
  MONTH TO DATE   25                         7     18        0
  SINCE SEP 1     25                         7     18        0
  SINCE JUL 1     25                         9     16        0

 COOLING
  YESTERDAY       10                         6      4        9
  MONTH TO DATE  117                       116      1      167
  SINCE SEP 1    117                       116      1      167
  SINCE JAN 1   1363                      1302     61     1310
..................................................................


WIND (MPH)
  HIGHEST WIND SPEED    20   HIGHEST WIND DIRECTION     W (250)
  HIGHEST GUST SPEED    25   HIGHEST GUST DIRECTION    SW (240)
  AVERAGE WIND SPEED    13.0


SKY COVER
  AVERAGE SKY COVER 0.5


WEATHER CONDITIONS
 THE FOLLOWING WEATHER WAS RECORDED YESTERDAY.
  NO SIGNIFICANT WEATHER WAS OBSERVED.


RELATIVE HUMIDITY (PERCENT)
 HIGHEST    93           600 AM
 LOWEST     51           200 PM
 AVERAGE    72

..........................................................


THE SPRINGFIELD MO CLIMATE NORMALS FOR TODAY
                         NORMAL    RECORD    YEAR
 MAXIMUM TEMPERATURE (F)   80        95      1980
                                             1956
                                             1954
 MINIMUM TEMPERATURE (F)   58        41      1961


SUNRISE AND SUNSET
SEPTEMBER 16 2014.....SUNRISE   656 AM CDT   SUNSET   720 PM CDT
SEPTEMBER 17 2014.....SUNRISE   657 AM CDT   SUNSET   718 PM CDT


-  INDICATES NEGATIVE NUMBERS.
R  INDICATES RECORD WAS SET OR TIED.
MM INDICATES DATA IS MISSING.
T  INDICATES TRACE AMOUNT.




$$
