000
CDUS43 KSGF 242126
CLISGF


CLIMATE REPORT
NATIONAL WEATHER SERVICE SPRINGFIELD MO
425 PM CDT WED SEP 24 2014


...................................

...THE SPRINGFIELD MO CLIMATE SUMMARY FOR SEPTEMBER 24 2014...
VALID AS OF 0400 PM LOCAL TIME.

CLIMATE NORMAL PERIOD 1981 TO 2010
CLIMATE RECORD PERIOD 1888 TO 2014


WEATHER ITEM   OBSERVED TIME   RECORD YEAR NORMAL DEPARTURE LAST
                VALUE   (LST)  VALUE       VALUE  FROM      YEAR
                                                  NORMAL
..................................................................
TEMPERATURE (F)
 TODAY
  MAXIMUM         77    259 PM  92    1939  77      0       77
  MINIMUM         50    625 AM  32    1989  54     -4       59
  AVERAGE         64                        65     -1       68

PRECIPITATION (IN)
  TODAY            0.00          5.03 1993   0.15  -0.15     0.03
  MONTH TO DATE    5.00                      3.71   1.29     1.85
  SINCE SEP 1      5.00                      3.71   1.29     1.85
  SINCE JAN 1     26.97                     33.82  -6.85    40.00

SNOWFALL (IN)
  TODAY            0.0
  MONTH TO DATE    0.0
  SINCE SEP 1      0.0
  SINCE JUL 1      0.0
  SNOW DEPTH       0

DEGREE DAYS
 HEATING
  TODAY            1                         3     -2        0
  MONTH TO DATE   31                        29      2       13
  SINCE SEP 1     31                        29      2       13
  SINCE JUL 1     31                        31      0       13

 COOLING
  TODAY            0                         3     -3        3
  MONTH TO DATE  144                       155    -11      209
  SINCE SEP 1    144                       155    -11      209
  SINCE JAN 1   1390                      1341     49     1352
..................................................................


WIND (MPH)
  HIGHEST WIND SPEED    14   HIGHEST WIND DIRECTION    SE (150)
  HIGHEST GUST SPEED    17   HIGHEST GUST DIRECTION    SE (150)


SKY COVER
  AVERAGE SKY COVER 0.0


WEATHER CONDITIONS
 THE FOLLOWING WEATHER WAS RECORDED TODAY.
  NO SIGNIFICANT WEATHER WAS OBSERVED.


RELATIVE HUMIDITY (PERCENT)
 HIGHEST    86           600 AM
 LOWEST     31           200 PM
 AVERAGE    59

..........................................................


THE SPRINGFIELD MO CLIMATE NORMALS FOR TOMORROW
                         NORMAL    RECORD    YEAR
 MAXIMUM TEMPERATURE (F)   76        95      1939
 MINIMUM TEMPERATURE (F)   54        36      1989


SUNRISE AND SUNSET
SEPTEMBER 24 2014.....SUNRISE   703 AM CDT   SUNSET   707 PM CDT
SEPTEMBER 25 2014.....SUNRISE   704 AM CDT   SUNSET   706 PM CDT


-  INDICATES NEGATIVE NUMBERS.
R  INDICATES RECORD WAS SET OR TIED.
MM INDICATES DATA IS MISSING.
T  INDICATES TRACE AMOUNT.




$$
