000
CDUS43 KSGF 120631
CLISGF


CLIMATE REPORT
NATIONAL WEATHER SERVICE SPRINGFIELD MO
1231 AM CST SUN NOV 12 2017


...................................

...THE SPRINGFIELD MO CLIMATE SUMMARY FOR NOVEMBER 11 2017...

CLIMATE NORMAL PERIOD 1981 TO 2010
CLIMATE RECORD PERIOD 1888 TO 2017


WEATHER ITEM   OBSERVED TIME   RECORD YEAR NORMAL DEPARTURE LAST
                VALUE   (LST)  VALUE       VALUE  FROM      YEAR
                                                  NORMAL
..................................................................
TEMPERATURE (F)
 YESTERDAY
  MAXIMUM         53    826 PM  80    1989  59     -6       65
                                      1911
  MINIMUM         35    731 AM  13    1911  38     -3       41
  AVERAGE         44                        48     -4       53

PRECIPITATION (IN)
  YESTERDAY        0.02          2.51 1992   0.15  -0.13     0.00
  MONTH TO DATE    0.03                      1.55  -1.52     2.21
  SINCE SEP 1      3.11                      9.75  -6.64     9.90
  SINCE JAN 1     45.69                     39.86   5.83    35.52

SNOWFALL (IN)
  YESTERDAY        0.0
  MONTH TO DATE    0.0
  SINCE SEP 1      0.0
  SINCE JUL 1      0.0
  SNOW DEPTH       0

DEGREE DAYS
 HEATING
  YESTERDAY       21                        17      4       12
  MONTH TO DATE  153                       162     -9       91
  SINCE SEP 1    392                       468    -76      193
  SINCE JUL 1    392                       470    -78      193

 COOLING
  YESTERDAY        0                         0      0        0
  MONTH TO DATE    4                         0      4       14
  SINCE SEP 1    309                       201    108      373
  SINCE JAN 1   1467                      1387     80     1805
..................................................................


WIND (MPH)
  HIGHEST WIND SPEED    22   HIGHEST WIND DIRECTION    SE (150)
  HIGHEST GUST SPEED    31   HIGHEST GUST DIRECTION    SE (150)
  AVERAGE WIND SPEED    13.4


SKY COVER
  AVERAGE SKY COVER 0.5


WEATHER CONDITIONS
 THE FOLLOWING WEATHER WAS RECORDED YESTERDAY.
  FOG


RELATIVE HUMIDITY (PERCENT)
 HIGHEST    93          1000 PM
 LOWEST     44          1200 PM
 AVERAGE    69

..........................................................


THE SPRINGFIELD MO CLIMATE NORMALS FOR TODAY
                         NORMAL    RECORD    YEAR
 MAXIMUM TEMPERATURE (F)   59        80      1999
 MINIMUM TEMPERATURE (F)   37         9      1911


SUNRISE AND SUNSET
NOVEMBER 12 2017......SUNRISE   650 AM CST   SUNSET   505 PM CST
NOVEMBER 13 2017......SUNRISE   651 AM CST   SUNSET   505 PM CST


-  INDICATES NEGATIVE NUMBERS.
R  INDICATES RECORD WAS SET OR TIED.
MM INDICATES DATA IS MISSING.
T  INDICATES TRACE AMOUNT.




$$
