873
CDUS43 KSGF 242225
CLISGF


CLIMATE REPORT
NATIONAL WEATHER SERVICE SPRINGFIELD MO
525 PM CDT SUN APR 24 2016


...................................

...THE SPRINGFIELD MO CLIMATE SUMMARY FOR APRIL 24 2016...
VALID TODAY AS OF 0500 PM LOCAL TIME.

CLIMATE NORMAL PERIOD 1981 TO 2010
CLIMATE RECORD PERIOD 1888 TO 2016


WEATHER ITEM   OBSERVED TIME   RECORD YEAR NORMAL DEPARTURE LAST
                VALUE   (LST)  VALUE       VALUE  FROM      YEAR
                                                  NORMAL
..................................................................
TEMPERATURE (F)
 TODAY
  MAXIMUM         81    322 PM  86    1989  70     11       59
  MINIMUM         57    554 AM  28    1910  47     10       50
  AVERAGE         69                        58     11       55

PRECIPITATION (IN)
  TODAY            0.00          2.96 1947   0.17  -0.17     0.10
  MONTH TO DATE    0.83                      3.32  -2.49     3.19
  SINCE MAR 1      3.77                      6.94  -3.17     6.57
  SINCE JAN 1      5.05                     11.93  -6.88     9.17

SNOWFALL (IN)
  TODAY            0.0
  MONTH TO DATE    0.0
  SINCE MAR 1      T
  SINCE JUL 1      3.0
  SNOW DEPTH       0

DEGREE DAYS
 HEATING
  TODAY            0                         8     -8       10
  MONTH TO DATE  176                       261    -85      172
  SINCE MAR 1    574                       842   -268      719
  SINCE JUL 1   3487                      4435   -948     4426

 COOLING
  TODAY            4                         1      3        0
  MONTH TO DATE   10                        17     -7       22
  SINCE MAR 1     12                        20     -8       22
  SINCE JAN 1     12                        20     -8       22
..................................................................


WIND (MPH)
  HIGHEST WIND SPEED    25   HIGHEST WIND DIRECTION     S (190)
  HIGHEST GUST SPEED    32   HIGHEST GUST DIRECTION     S (190)


SKY COVER
  AVERAGE SKY COVER 0.1


WEATHER CONDITIONS
 THE FOLLOWING WEATHER WAS RECORDED TODAY.
  NO SIGNIFICANT WEATHER WAS OBSERVED.


RELATIVE HUMIDITY (PERCENT)
 HIGHEST    72           300 AM
 LOWEST     33           300 PM
 AVERAGE    53

..........................................................


THE SPRINGFIELD MO CLIMATE NORMALS FOR TOMORROW
                         NORMAL    RECORD    YEAR
 MAXIMUM TEMPERATURE (F)   70        85      1984
 MINIMUM TEMPERATURE (F)   48        29      1910


SUNRISE AND SUNSET
APRIL 24 2016.........SUNRISE   627 AM CDT   SUNSET   757 PM CDT
APRIL 25 2016.........SUNRISE   625 AM CDT   SUNSET   758 PM CDT


-  INDICATES NEGATIVE NUMBERS.
R  INDICATES RECORD WAS SET OR TIED.
MM INDICATES DATA IS MISSING.
T  INDICATES TRACE AMOUNT.




$$
