000
CDUS43 KSGF 110636
CLISGF


CLIMATE REPORT
NATIONAL WEATHER SERVICE SPRINGFIELD MO
135 AM CDT WED OCT 11 2017


...................................

...THE SPRINGFIELD MO CLIMATE SUMMARY FOR OCTOBER 10 2017...

CLIMATE NORMAL PERIOD 1981 TO 2010
CLIMATE RECORD PERIOD 1888 TO 2017


WEATHER ITEM   OBSERVED TIME   RECORD YEAR NORMAL DEPARTURE LAST
                VALUE   (LST)  VALUE       VALUE  FROM      YEAR
                                                  NORMAL
..................................................................
TEMPERATURE (F)
 YESTERDAY
  MAXIMUM         66   1228 AM  91    1963  71     -5       75
  MINIMUM         47   1159 PM  27    2000  48     -1       51
  AVERAGE         57                        60     -3       63

PRECIPITATION (IN)
  YESTERDAY        0.02          1.78 2014   0.11  -0.09     0.00
  MONTH TO DATE    0.32                      1.19  -0.87     0.83
  SINCE SEP 1      0.91                      5.80  -4.89     4.72
  SINCE JAN 1     43.49                     35.91   7.58    30.34

SNOWFALL (IN)
  YESTERDAY        0.0
  MONTH TO DATE    0.0
  SINCE SEP 1      0.0
  SINCE JUL 1      0.0
  SNOW DEPTH       0

DEGREE DAYS
 HEATING
  YESTERDAY        8                         7      1        2
  MONTH TO DATE    8                        56    -48       30
  SINCE SEP 1     16                       109    -93       44
  SINCE JUL 1     16                       111    -95       44

 COOLING
  YESTERDAY        0                         1     -1        0
  MONTH TO DATE   60                        16     44       26
  SINCE SEP 1    278                       189     89      292
  SINCE JAN 1   1436                      1375     61     1724
..................................................................


WIND (MPH)
  HIGHEST WIND SPEED    17   HIGHEST WIND DIRECTION     W (280)
  HIGHEST GUST SPEED    26   HIGHEST GUST DIRECTION     W (280)
  AVERAGE WIND SPEED     9.2


SKY COVER
  AVERAGE SKY COVER 0.9


WEATHER CONDITIONS
 THE FOLLOWING WEATHER WAS RECORDED YESTERDAY.
  LIGHT RAIN
  FOG
  FOG W/VISIBILITY <= 1/4 MILE


RELATIVE HUMIDITY (PERCENT)
 HIGHEST   100           200 AM
 LOWEST     83           200 PM
 AVERAGE    92

..........................................................


THE SPRINGFIELD MO CLIMATE NORMALS FOR TODAY
                         NORMAL    RECORD    YEAR
 MAXIMUM TEMPERATURE (F)   71        91      1963
 MINIMUM TEMPERATURE (F)   48        32      1987
                                             1906


SUNRISE AND SUNSET
OCTOBER 11 2017.......SUNRISE   718 AM CDT   SUNSET   642 PM CDT
OCTOBER 12 2017.......SUNRISE   719 AM CDT   SUNSET   640 PM CDT


-  INDICATES NEGATIVE NUMBERS.
R  INDICATES RECORD WAS SET OR TIED.
MM INDICATES DATA IS MISSING.
T  INDICATES TRACE AMOUNT.




$$
