000
CDUS43 KSGF 130645
CLISGF


CLIMATE REPORT
NATIONAL WEATHER SERVICE SPRINGFIELD MO
145 AM CDT MON MAR 13 2017


...................................

...THE SPRINGFIELD MO CLIMATE SUMMARY FOR MARCH 12 2017...

CLIMATE NORMAL PERIOD 1981 TO 2010
CLIMATE RECORD PERIOD 1888 TO 2017


WEATHER ITEM   OBSERVED TIME   RECORD YEAR NORMAL DEPARTURE LAST
                VALUE   (LST)  VALUE       VALUE  FROM      YEAR
                                                  NORMAL
..................................................................
TEMPERATURE (F)
 YESTERDAY
  MAXIMUM         48    327 PM  81    2006  56     -8       60
  MINIMUM         27    647 AM  -3    1948  34     -7       50
  AVERAGE         38                        45     -7       55

PRECIPITATION (IN)
  YESTERDAY        0.11          0.95 1898   0.11   0.00     0.12
  MONTH TO DATE    1.23                      1.29  -0.06     1.40
  SINCE MAR 1      1.23                      1.29  -0.06     1.40
  SINCE JAN 1      5.69                      6.28  -0.59     2.68

SNOWFALL (IN)
  YESTERDAY       MM
  MONTH TO DATE    T
  SINCE MAR 1      T
  SINCE JUL 1      1.7
  SNOW DEPTH       0

DEGREE DAYS
 HEATING
  YESTERDAY       27                        20      7       10
  MONTH TO DATE  195                       259    -64      152
  SINCE MAR 1    195                       259    -64      152
  SINCE JUL 1   2884                      3852   -968     3065

 COOLING
  YESTERDAY        0                         0      0        0
  MONTH TO DATE    0                         0      0        0
  SINCE MAR 1      0                         0      0        0
  SINCE JAN 1      9                         0      9        0
..................................................................


WIND (MPH)
  HIGHEST WIND SPEED    25   HIGHEST WIND DIRECTION    SE (150)
  HIGHEST GUST SPEED    31   HIGHEST GUST DIRECTION    SE (150)
  AVERAGE WIND SPEED    10.0


SKY COVER
  AVERAGE SKY COVER 0.4


WEATHER CONDITIONS
 THE FOLLOWING WEATHER WAS RECORDED YESTERDAY.
  LIGHT RAIN
  LIGHT SNOW
  FOG


RELATIVE HUMIDITY (PERCENT)
 HIGHEST    85           300 AM
 LOWEST     42           200 PM
 AVERAGE    64

..........................................................


THE SPRINGFIELD MO CLIMATE NORMALS FOR TODAY
                         NORMAL    RECORD    YEAR
 MAXIMUM TEMPERATURE (F)   57        82      2012
                                             1967
                                             1918
 MINIMUM TEMPERATURE (F)   34         6      1968


SUNRISE AND SUNSET
MARCH 13 2017.........SUNRISE   727 AM CDT   SUNSET   719 PM CDT
MARCH 14 2017.........SUNRISE   726 AM CDT   SUNSET   720 PM CDT


-  INDICATES NEGATIVE NUMBERS.
R  INDICATES RECORD WAS SET OR TIED.
MM INDICATES DATA IS MISSING.
T  INDICATES TRACE AMOUNT.




$$
