000
CDUS43 KSGF 240625
CLISGF


CLIMATE REPORT
NATIONAL WEATHER SERVICE SPRINGFIELD MO
125 AM CDT TUE MAR 24 2015


...................................

...THE SPRINGFIELD MO CLIMATE SUMMARY FOR MARCH 23 2015...

CLIMATE NORMAL PERIOD 1981 TO 2010
CLIMATE RECORD PERIOD 1888 TO 2015


WEATHER ITEM   OBSERVED TIME   RECORD YEAR NORMAL DEPARTURE LAST
                VALUE   (LST)  VALUE       VALUE  FROM      YEAR
                                                  NORMAL
..................................................................
TEMPERATURE (F)
 YESTERDAY
  MAXIMUM         67    437 PM  85    1910  60      7       47
  MINIMUM         42    545 AM  16    1974  37      5       28
  AVERAGE         55                        48      7       38

PRECIPITATION (IN)
  YESTERDAY        0.00          2.32 1969   0.12  -0.12     0.00
  MONTH TO DATE    2.07                      2.59  -0.52     2.11
  SINCE MAR 1      2.07                      2.59  -0.52     2.11
  SINCE JAN 1      4.67                      7.58  -2.91     3.90

SNOWFALL (IN)
  YESTERDAY        0.0
  MONTH TO DATE    1.2
  SINCE MAR 1      1.2
  SINCE JUL 1     15.8
  SNOW DEPTH       0

DEGREE DAYS
 HEATING
  YESTERDAY       10                        17     -7       27
  MONTH TO DATE  433                       458    -25      527
  SINCE MAR 1    433                       458    -25      527
  SINCE JUL 1   4140                      4051     89     4482

 COOLING
  YESTERDAY        0                         0      0        0
  MONTH TO DATE    0                         0      0        0
  SINCE MAR 1      0                         0      0        0
  SINCE JAN 1      0                         0      0        0
..................................................................


WIND (MPH)
  HIGHEST WIND SPEED    18   HIGHEST WIND DIRECTION     W (250)
  HIGHEST GUST SPEED    21   HIGHEST GUST DIRECTION     W (260)
  AVERAGE WIND SPEED     7.6


SKY COVER
  AVERAGE SKY COVER 0.4


WEATHER CONDITIONS
 THE FOLLOWING WEATHER WAS RECORDED YESTERDAY.
  NO SIGNIFICANT WEATHER WAS OBSERVED.


RELATIVE HUMIDITY (PERCENT)
 HIGHEST    96           600 AM
 LOWEST     58           500 PM
 AVERAGE    77

..........................................................


THE SPRINGFIELD MO CLIMATE NORMALS FOR TODAY
                         NORMAL    RECORD    YEAR
 MAXIMUM TEMPERATURE (F)   60        91      1929
 MINIMUM TEMPERATURE (F)   38         7      1974


SUNRISE AND SUNSET
MARCH 24 2015.........SUNRISE   711 AM CDT   SUNSET   729 PM CDT
MARCH 25 2015.........SUNRISE   710 AM CDT   SUNSET   730 PM CDT


-  INDICATES NEGATIVE NUMBERS.
R  INDICATES RECORD WAS SET OR TIED.
MM INDICATES DATA IS MISSING.
T  INDICATES TRACE AMOUNT.




$$
