000
CDUS43 KSGF 270630
CLISGF


CLIMATE REPORT
NATIONAL WEATHER SERVICE SPRINGFIELD MO
130 AM CDT SAT JUN 27 2015


...................................

...THE SPRINGFIELD MO CLIMATE SUMMARY FOR JUNE 26 2015...

CLIMATE NORMAL PERIOD 1981 TO 2010
CLIMATE RECORD PERIOD 1888 TO 2015


WEATHER ITEM   OBSERVED TIME   RECORD YEAR NORMAL DEPARTURE LAST
                VALUE   (LST)  VALUE       VALUE  FROM      YEAR
                                                  NORMAL
..................................................................
TEMPERATURE (F)
 YESTERDAY
  MAXIMUM         80    415 PM  99    1988  87     -7       85
                                      1954
  MINIMUM         67   1159 PM  46    1974  66      1       66
  AVERAGE         74                        76     -2       76

PRECIPITATION (IN)
  YESTERDAY        0.63          5.20 1932   0.15   0.48     0.02
  MONTH TO DATE    4.78                      4.23   0.55     5.64
  SINCE JUN 1      4.78                      4.23   0.55     5.64
  SINCE JAN 1     20.18                     22.26  -2.08    17.12

SNOWFALL (IN)
  YESTERDAY        0.0
  MONTH TO DATE    0.0
  SINCE JUN 1      0.0
  SINCE JUL 1     15.8
  SNOW DEPTH       0

DEGREE DAYS
 HEATING
  YESTERDAY        0                         0      0        0
  MONTH TO DATE    1                         7     -6        0
  SINCE JUN 1      1                         7     -6        0
  SINCE JUL 1   4536                      4576    -40     5020

 COOLING
  YESTERDAY        9                        11     -2       11
  MONTH TO DATE  310                       218     92      239
  SINCE JUN 1    310                       218     92      239
  SINCE JAN 1    452                       333    119      432
..................................................................


WIND (MPH)
  HIGHEST WIND SPEED    33   HIGHEST WIND DIRECTION     N (340)
  HIGHEST GUST SPEED    40   HIGHEST GUST DIRECTION     N (350)
  AVERAGE WIND SPEED     7.5


SKY COVER
  AVERAGE SKY COVER 0.3


WEATHER CONDITIONS
 THE FOLLOWING WEATHER WAS RECORDED YESTERDAY.
  THUNDERSTORM
  HEAVY RAIN
  RAIN
  LIGHT RAIN
  FOG


RELATIVE HUMIDITY (PERCENT)
 HIGHEST    93           800 PM
 LOWEST     71           500 PM
 AVERAGE    82

..........................................................


THE SPRINGFIELD MO CLIMATE NORMALS FOR TODAY
                         NORMAL    RECORD    YEAR
 MAXIMUM TEMPERATURE (F)   87       101      2012
                                             1954
 MINIMUM TEMPERATURE (F)   66        47      1974


SUNRISE AND SUNSET
JUNE 27 2015..........SUNRISE   555 AM CDT   SUNSET   838 PM CDT
JUNE 28 2015..........SUNRISE   556 AM CDT   SUNSET   838 PM CDT


-  INDICATES NEGATIVE NUMBERS.
R  INDICATES RECORD WAS SET OR TIED.
MM INDICATES DATA IS MISSING.
T  INDICATES TRACE AMOUNT.




$$
