000
CDUS43 KSGF 242133
CLISGF


CLIMATE REPORT
NATIONAL WEATHER SERVICE SPRINGFIELD MO
433 PM CDT TUE MAR 24 2015


...................................

...THE SPRINGFIELD MO CLIMATE SUMMARY FOR MARCH 24 2015...
VALID AS OF 0400 PM LOCAL TIME.

CLIMATE NORMAL PERIOD 1981 TO 2010
CLIMATE RECORD PERIOD 1888 TO 2015


WEATHER ITEM   OBSERVED TIME   RECORD YEAR NORMAL DEPARTURE LAST
                VALUE   (LST)  VALUE       VALUE  FROM      YEAR
                                                  NORMAL
..................................................................
TEMPERATURE (F)
 TODAY
  MAXIMUM         76    254 PM  91    1929  60     16       49
  MINIMUM         48    442 AM   7    1974  38     10       28
  AVERAGE         62                        49     13       39

PRECIPITATION (IN)
  TODAY            0.04          2.56 1913   0.13  -0.09     0.05
  MONTH TO DATE    2.11                      2.72  -0.61     2.16
  SINCE MAR 1      2.11                      2.72  -0.61     2.16
  SINCE JAN 1      4.71                      7.71  -3.00     3.95

SNOWFALL (IN)
  TODAY            0.0
  MONTH TO DATE    1.2
  SINCE MAR 1      1.2
  SINCE JUL 1     15.8
  SNOW DEPTH       0

DEGREE DAYS
 HEATING
  TODAY            3                        16    -13       26
  MONTH TO DATE  436                       474    -38      553
  SINCE MAR 1    436                       474    -38      553
  SINCE JUL 1   4143                      4067     76     4508

 COOLING
  TODAY            0                         0      0        0
  MONTH TO DATE    0                         0      0        0
  SINCE MAR 1      0                         0      0        0
  SINCE JAN 1      0                         0      0        0
..................................................................


WIND (MPH)
  HIGHEST WIND SPEED    29   HIGHEST WIND DIRECTION     S (190)
  HIGHEST GUST SPEED    35   HIGHEST GUST DIRECTION     S (200)


SKY COVER
  AVERAGE SKY COVER 0.6


WEATHER CONDITIONS
 THE FOLLOWING WEATHER WAS RECORDED TODAY.
  THUNDERSTORM
  LIGHT RAIN


RELATIVE HUMIDITY (PERCENT)
 HIGHEST    80           300 AM
 LOWEST     43           200 PM
 AVERAGE    62

..........................................................


THE SPRINGFIELD MO CLIMATE NORMALS FOR TOMORROW
                         NORMAL    RECORD    YEAR
 MAXIMUM TEMPERATURE (F)   61        83      1910
                                             1907
 MINIMUM TEMPERATURE (F)   38         9      1955


SUNRISE AND SUNSET
MARCH 24 2015.........SUNRISE   711 AM CDT   SUNSET   729 PM CDT
MARCH 25 2015.........SUNRISE   710 AM CDT   SUNSET   730 PM CDT


-  INDICATES NEGATIVE NUMBERS.
R  INDICATES RECORD WAS SET OR TIED.
MM INDICATES DATA IS MISSING.
T  INDICATES TRACE AMOUNT.




$$
