000
CDUS43 KSGF 082126
CLISGF


CLIMATE REPORT
NATIONAL WEATHER SERVICE SPRINGFIELD MO
426 PM CDT TUE AUG 8 2017


...................................

...THE SPRINGFIELD MO CLIMATE SUMMARY FOR AUGUST 8 2017...
VALID AS OF 0400 PM LOCAL TIME.

CLIMATE NORMAL PERIOD 1981 TO 2010
CLIMATE RECORD PERIOD 1888 TO 2017


WEATHER ITEM   OBSERVED TIME   RECORD YEAR NORMAL DEPARTURE LAST
                VALUE   (LST)  VALUE       VALUE  FROM      YEAR
                                                  NORMAL
..................................................................
TEMPERATURE (F)
 TODAY
  MAXIMUM         82    259 PM 102    1946  90     -8       88
                                      1934
  MINIMUM         63    427 AM  52    1989  68     -5       72
  AVERAGE         73                        79     -6       80

PRECIPITATION (IN)
  TODAY            0.00          2.26 1906   0.10  -0.10     0.75
  MONTH TO DATE    3.49                      0.80   2.69     1.28
  SINCE JUN 1     10.26                      9.33   0.93    13.03
  SINCE JAN 1     38.96                     27.36  11.60    24.28

SNOWFALL (IN)
  TODAY            0.0
  MONTH TO DATE    0.0
  SINCE JUN 1      0.0
  SINCE JUL 1      0.0
  SNOW DEPTH       0

DEGREE DAYS
 HEATING
  TODAY            0                         0      0        0
  MONTH TO DATE    0                         0      0        0
  SINCE JUN 1      0                         9     -9        0
  SINCE JUL 1      0                         0      0        0

 COOLING
  TODAY            8                        14     -6       15
  MONTH TO DATE   67                       112    -45      136
  SINCE JUN 1    802                       785     17     1008
  SINCE JAN 1    950                       900     50     1128
..................................................................


WIND (MPH)
  HIGHEST WIND SPEED    15   HIGHEST WIND DIRECTION    NE (60)
  HIGHEST GUST SPEED    20   HIGHEST GUST DIRECTION    NE (60)


SKY COVER
  AVERAGE SKY COVER 0.4


WEATHER CONDITIONS
 THE FOLLOWING WEATHER WAS RECORDED TODAY.
  FOG


RELATIVE HUMIDITY (PERCENT)
 HIGHEST   100           400 AM
 LOWEST     47           300 PM
 AVERAGE    74

..........................................................


THE SPRINGFIELD MO CLIMATE NORMALS FOR TOMORROW
                         NORMAL    RECORD    YEAR
 MAXIMUM TEMPERATURE (F)   90       104      1936
                                             1934
 MINIMUM TEMPERATURE (F)   68        54      1975


SUNRISE AND SUNSET
AUGUST  8 2017........SUNRISE   624 AM CDT   SUNSET   813 PM CDT
AUGUST  9 2017........SUNRISE   625 AM CDT   SUNSET   812 PM CDT


-  INDICATES NEGATIVE NUMBERS.
R  INDICATES RECORD WAS SET OR TIED.
MM INDICATES DATA IS MISSING.
T  INDICATES TRACE AMOUNT.




$$
