000
CDUS43 KSGF 172357
CLISGF


CLIMATE REPORT
NATIONAL WEATHER SERVICE SPRINGFIELD MO
657 PM CDT MON APR 17 2017


...................................

...THE SPRINGFIELD MO CLIMATE SUMMARY FOR APRIL 17 2017...
VALID TODAY AS OF 0500 PM LOCAL TIME.

CLIMATE NORMAL PERIOD 1981 TO 2010
CLIMATE RECORD PERIOD 1888 TO 2017


WEATHER ITEM   OBSERVED TIME   RECORD YEAR NORMAL DEPARTURE LAST
                VALUE   (LST)  VALUE       VALUE  FROM      YEAR
                                                  NORMAL
..................................................................
TEMPERATURE (F)
 TODAY
  MAXIMUM         71   1232 PM  87    1937  68      3       76
  MINIMUM         62    746 AM  27    1921  45     17       61
  AVERAGE         67                        56     11       69

PRECIPITATION (IN)
  TODAY            0.38          1.23 1901   0.15   0.23     0.00
  MONTH TO DATE    2.07                      2.23  -0.16     0.81
  SINCE MAR 1      6.86                      5.85   1.01     3.75
  SINCE JAN 1     11.32                     10.84   0.48     5.03

SNOWFALL (IN)
  TODAY            0.0
  MONTH TO DATE    0.0
  SINCE MAR 1      0.1
  SINCE JUL 1      1.8
  SNOW DEPTH       0

DEGREE DAYS
 HEATING
  TODAY            0                        10    -10        0
  MONTH TO DATE   90                       202   -112      155
  SINCE MAR 1    506                       783   -277      553
  SINCE JUL 1   3195                      4376  -1181     3466

 COOLING
  TODAY            2                         1      1        4
  MONTH TO DATE   26                        10     16        4
  SINCE MAR 1     32                        13     19        6
  SINCE JAN 1     41                        13     28        6
..................................................................


WIND (MPH)
  HIGHEST WIND SPEED    21   HIGHEST WIND DIRECTION    SE (120)
  HIGHEST GUST SPEED    27   HIGHEST GUST DIRECTION    SE (120)


SKY COVER
  AVERAGE SKY COVER 0.8


WEATHER CONDITIONS
 THE FOLLOWING WEATHER WAS RECORDED TODAY.
  THUNDERSTORM
  RAIN
  LIGHT RAIN
  FOG


RELATIVE HUMIDITY (PERCENT)
 HIGHEST   100           300 AM
 LOWEST     66          1200 PM
 AVERAGE    83

..........................................................


THE SPRINGFIELD MO CLIMATE NORMALS FOR TOMORROW
                         NORMAL    RECORD    YEAR
 MAXIMUM TEMPERATURE (F)   68        92      2006
 MINIMUM TEMPERATURE (F)   45        26      1953


SUNRISE AND SUNSET
APRIL 17 2017.........SUNRISE   636 AM CDT   SUNSET   751 PM CDT
APRIL 18 2017.........SUNRISE   635 AM CDT   SUNSET   752 PM CDT


-  INDICATES NEGATIVE NUMBERS.
R  INDICATES RECORD WAS SET OR TIED.
MM INDICATES DATA IS MISSING.
T  INDICATES TRACE AMOUNT.




$$
