136
CDUS43 KSGF 230632
CLISGF


CLIMATE REPORT
NATIONAL WEATHER SERVICE SPRINGFIELD MO
132 AM CDT MON MAY 23 2016


...................................

...THE SPRINGFIELD MO CLIMATE SUMMARY FOR MAY 22 2016...

CLIMATE NORMAL PERIOD 1981 TO 2010
CLIMATE RECORD PERIOD 1888 TO 2016


WEATHER ITEM   OBSERVED TIME   RECORD YEAR NORMAL DEPARTURE LAST
                VALUE   (LST)  VALUE       VALUE  FROM      YEAR
                                                  NORMAL
..................................................................
TEMPERATURE (F)
 YESTERDAY
  MAXIMUM         80    348 PM  88    1975  77      3       68
                                      1964
                                      1953
  MINIMUM         56    533 AM  38    1892  56      0       42
  AVERAGE         68                        66      2       55

PRECIPITATION (IN)
  YESTERDAY        T             4.21 1989   0.15  -0.15     0.00
  MONTH TO DATE    3.75                      3.75   0.00     3.69
  SINCE MAR 1      9.19                     11.69  -2.50    10.26
  SINCE JAN 1     10.47                     16.68  -6.21    12.86

SNOWFALL (IN)
  YESTERDAY        0.0
  MONTH TO DATE    0.0
  SINCE MAR 1      T
  SINCE JUL 1      3.0
  SNOW DEPTH       0

DEGREE DAYS
 HEATING
  YESTERDAY        0                         2     -2       10
  MONTH TO DATE  129                        81     48       60
  SINCE MAR 1    716                       962   -246      825
  SINCE JUL 1   3629                      4555   -926     4532

 COOLING
  YESTERDAY        3                         4     -1        0
  MONTH TO DATE   28                        49    -21       77
  SINCE MAR 1     55                        74    -19       99
  SINCE JAN 1     55                        74    -19       99
..................................................................


WIND (MPH)
  HIGHEST WIND SPEED    14   HIGHEST WIND DIRECTION     S (170)
  HIGHEST GUST SPEED    22   HIGHEST GUST DIRECTION    SE (150)
  AVERAGE WIND SPEED     8.6


SKY COVER
  AVERAGE SKY COVER 0.1


WEATHER CONDITIONS
 THE FOLLOWING WEATHER WAS RECORDED YESTERDAY.
  LIGHT RAIN


RELATIVE HUMIDITY (PERCENT)
 HIGHEST    80           600 AM
 LOWEST     39           200 PM
 AVERAGE    60

..........................................................


THE SPRINGFIELD MO CLIMATE NORMALS FOR TODAY
                         NORMAL    RECORD    YEAR
 MAXIMUM TEMPERATURE (F)   77        90      1939
 MINIMUM TEMPERATURE (F)   57        40      1917


SUNRISE AND SUNSET
MAY 23 2016...........SUNRISE   559 AM CDT   SUNSET   822 PM CDT
MAY 24 2016...........SUNRISE   558 AM CDT   SUNSET   823 PM CDT


-  INDICATES NEGATIVE NUMBERS.
R  INDICATES RECORD WAS SET OR TIED.
MM INDICATES DATA IS MISSING.
T  INDICATES TRACE AMOUNT.




$$
