000
CDUS43 KSGF 082226
CLISGF


CLIMATE REPORT
NATIONAL WEATHER SERVICE SPRINGFIELD MO
426 PM CST SUN JAN 8 2017


...................................

...THE SPRINGFIELD MO CLIMATE SUMMARY FOR JANUARY 8 2017...
VALID AS OF 0400 PM LOCAL TIME.

CLIMATE NORMAL PERIOD 1981 TO 2010
CLIMATE RECORD PERIOD 1888 TO 2017


WEATHER ITEM   OBSERVED TIME   RECORD YEAR NORMAL DEPARTURE LAST
                VALUE   (LST)  VALUE       VALUE  FROM      YEAR
                                                  NORMAL
..................................................................
TEMPERATURE (F)
 TODAY
  MAXIMUM         35    319 PM  68    2006  42     -7       47
                                      2003
                                      1914
  MINIMUM         10    333 AM -12    1979  22    -12       39
  AVERAGE         23                        32     -9       43

PRECIPITATION (IN)
  TODAY            0.00          1.55 2008   0.08  -0.08      T
  MONTH TO DATE    0.05                      0.70  -0.65     0.27
  SINCE DEC 1      0.67                      3.74  -3.07    11.70
  SINCE JAN 1      0.05                      0.70  -0.65     0.27

SNOWFALL (IN)
  TODAY            0.0
  MONTH TO DATE    1.5
  SINCE DEC 1      1.7
  SINCE JUL 1      1.7
  SNOW DEPTH       T

DEGREE DAYS
 HEATING
  TODAY           42                        33      9       22
  MONTH TO DATE  307                       261     46      230
  SINCE DEC 1   1204                      1192     12      879
  SINCE JUL 1   1720                      2071   -351     1524

 COOLING
  TODAY            0                         0      0        0
  MONTH TO DATE    0                         0      0        0
  SINCE DEC 1      0                         0      0        0
  SINCE JAN 1      0                         0      0        0
..................................................................


WIND (MPH)
  HIGHEST WIND SPEED    23   HIGHEST WIND DIRECTION     S (160)
  HIGHEST GUST SPEED    29   HIGHEST GUST DIRECTION     S (170)


SKY COVER
  AVERAGE SKY COVER 0.1


WEATHER CONDITIONS
 THE FOLLOWING WEATHER WAS RECORDED TODAY.
  NO SIGNIFICANT WEATHER WAS OBSERVED.


RELATIVE HUMIDITY (PERCENT)
 HIGHEST    84           500 AM
 LOWEST     41           400 PM
 AVERAGE    63

..........................................................


THE SPRINGFIELD MO CLIMATE NORMALS FOR TOMORROW
                         NORMAL    RECORD    YEAR
 MAXIMUM TEMPERATURE (F)   42        69      1963
 MINIMUM TEMPERATURE (F)   22        -5      2010
                                             1977


SUNRISE AND SUNSET
JANUARY  8 2017.......SUNRISE   728 AM CST   SUNSET   513 PM CST
JANUARY  9 2017.......SUNRISE   728 AM CST   SUNSET   514 PM CST


-  INDICATES NEGATIVE NUMBERS.
R  INDICATES RECORD WAS SET OR TIED.
MM INDICATES DATA IS MISSING.
T  INDICATES TRACE AMOUNT.




$$
