000
CDUS43 KSGF 140658
CLISGF


CLIMATE REPORT
NATIONAL WEATHER SERVICE SPRINGFIELD MO
156 AM CDT THU JUL 14 2016


...................................

...THE SPRINGFIELD MO CLIMATE SUMMARY FOR JULY 13 2016...

CLIMATE NORMAL PERIOD 1981 TO 2010
CLIMATE RECORD PERIOD 1888 TO 2016


WEATHER ITEM   OBSERVED TIME   RECORD YEAR NORMAL DEPARTURE LAST
                VALUE   (LST)  VALUE       VALUE  FROM      YEAR
                                                  NORMAL
..................................................................
TEMPERATURE (F)
 YESTERDAY
  MAXIMUM         90    422 PM 108    1954  89      1       94
  MINIMUM         75    433 AM  49    1975  68      7       73
  AVERAGE         83                        78      5       84

PRECIPITATION (IN)
  YESTERDAY        0.00          1.48 1927   0.12  -0.12     0.00
  MONTH TO DATE    3.07                      1.73   1.34     7.90
  SINCE JUN 1      7.49                      6.58   0.91    12.68
  SINCE JAN 1     18.74                     24.61  -5.87    28.08

SNOWFALL (IN)
  YESTERDAY        0.0
  MONTH TO DATE    0.0
  SINCE JUN 1      0.0
  SINCE JUL 1      0.0
  SNOW DEPTH       0

DEGREE DAYS
 HEATING
  YESTERDAY        0                         0      0        0
  MONTH TO DATE    0                         0      0        0
  SINCE JUN 1      0                         9     -9        1
  SINCE JUL 1      0                         0      0        0

 COOLING
  YESTERDAY       18                        13      5       19
  MONTH TO DATE  179                       164     15      161
  SINCE JUN 1    575                       427    148      511
  SINCE JAN 1    695                       542    153      653
..................................................................


WIND (MPH)
  HIGHEST WIND SPEED    25   HIGHEST WIND DIRECTION     S (170)
  HIGHEST GUST SPEED    32   HIGHEST GUST DIRECTION     S (200)
  AVERAGE WIND SPEED    12.8


SKY COVER
  AVERAGE SKY COVER 0.4


WEATHER CONDITIONS
 THE FOLLOWING WEATHER WAS RECORDED YESTERDAY.
  NO SIGNIFICANT WEATHER WAS OBSERVED.


RELATIVE HUMIDITY (PERCENT)
 HIGHEST    82           100 AM
 LOWEST     59           100 PM
 AVERAGE    71

..........................................................


THE SPRINGFIELD MO CLIMATE NORMALS FOR TODAY
                         NORMAL    RECORD    YEAR
 MAXIMUM TEMPERATURE (F)   89       113      1954
 MINIMUM TEMPERATURE (F)   68        49      1967


SUNRISE AND SUNSET
JULY 14 2016..........SUNRISE   605 AM CDT   SUNSET   834 PM CDT
JULY 15 2016..........SUNRISE   605 AM CDT   SUNSET   833 PM CDT


-  INDICATES NEGATIVE NUMBERS.
R  INDICATES RECORD WAS SET OR TIED.
MM INDICATES DATA IS MISSING.
T  INDICATES TRACE AMOUNT.




$$
