000
CDUS43 KSGF 112127
CLISGF


CLIMATE REPORT
NATIONAL WEATHER SERVICE SPRINGFIELD MO
427 PM CDT FRI APR 11 2014


...................................

...THE SPRINGFIELD MO CLIMATE SUMMARY FOR APRIL 11 2014...
VALID AS OF 0400 PM LOCAL TIME.

CLIMATE NORMAL PERIOD 1981 TO 2010
CLIMATE RECORD PERIOD 1888 TO 2014


WEATHER ITEM   OBSERVED TIME   RECORD YEAR NORMAL DEPARTURE LAST
                VALUE   (LST)  VALUE       VALUE  FROM      YEAR
                                                  NORMAL
..................................................................
TEMPERATURE (F)
 TODAY
  MAXIMUM         76    259 PM  84    1996  66     10       47
                                      1972
                                      1930
  MINIMUM         50   1236 AM  23    1989  43      7       33
  AVERAGE         63                        54      9       40

PRECIPITATION (IN)
  TODAY            0.00          2.48 1979   0.14  -0.14      T
  MONTH TO DATE    0.45                      1.41  -0.96     1.85
  SINCE MAR 1      2.78                      5.03  -2.25     6.62
  SINCE JAN 1      4.57                     10.02  -5.45    11.96

SNOWFALL (IN)
  TODAY            0.0
  MONTH TO DATE    0.0
  SINCE MAR 1      4.8
  SINCE JUL 1     32.2
  SNOW DEPTH       0

DEGREE DAYS
 HEATING
  TODAY            2                        11     -9       25
  MONTH TO DATE  120                       140    -20      140
  SINCE MAR 1    801                       721     80      857
  SINCE JUL 1   4756                      4314    442     4155

 COOLING
  TODAY            0                         1     -1        0
  MONTH TO DATE    2                         4     -2        6
  SINCE MAR 1      2                         7     -5        6
  SINCE JAN 1      2                         7     -5        6
..................................................................


WIND (MPH)
  HIGHEST WIND SPEED    14   HIGHEST WIND DIRECTION     E (110)
  HIGHEST GUST SPEED    19   HIGHEST GUST DIRECTION     E (90)


SKY COVER
  AVERAGE SKY COVER 0.0


WEATHER CONDITIONS
 THE FOLLOWING WEATHER WAS RECORDED TODAY.
  NO SIGNIFICANT WEATHER WAS OBSERVED.


RELATIVE HUMIDITY (PERCENT)
 HIGHEST    71           100 AM
 LOWEST     41           300 PM
 AVERAGE    56

..........................................................


THE SPRINGFIELD MO CLIMATE NORMALS FOR TOMORROW
                         NORMAL    RECORD    YEAR
 MAXIMUM TEMPERATURE (F)   66        89      1972
 MINIMUM TEMPERATURE (F)   43        22      1940


SUNRISE AND SUNSET
APRIL 11 2014.........SUNRISE   645 AM CDT   SUNSET   745 PM CDT
APRIL 12 2014.........SUNRISE   643 AM CDT   SUNSET   746 PM CDT


-  INDICATES NEGATIVE NUMBERS.
R  INDICATES RECORD WAS SET OR TIED.
MM INDICATES DATA IS MISSING.
T  INDICATES TRACE AMOUNT.




$$
