000
CDUS43 KSGF 162126
CLISGF


CLIMATE REPORT
NATIONAL WEATHER SERVICE SPRINGFIELD MO
426 PM CDT FRI SEP 16 2016


...................................

...THE SPRINGFIELD MO CLIMATE SUMMARY FOR SEPTEMBER 16 2016...
VALID AS OF 0400 PM LOCAL TIME.

CLIMATE NORMAL PERIOD 1981 TO 2010
CLIMATE RECORD PERIOD 1888 TO 2016


WEATHER ITEM   OBSERVED TIME   RECORD YEAR NORMAL DEPARTURE LAST
                VALUE   (LST)  VALUE       VALUE  FROM      YEAR
                                                  NORMAL
..................................................................
TEMPERATURE (F)
 TODAY
  MAXIMUM         77   1211 PM  95    1980  80     -3       85
                                      1956
                                      1954
  MINIMUM         69    202 PM  41    1961  58     11       66
  AVERAGE         73                        69      4       76

PRECIPITATION (IN)
  TODAY            1.76R         1.73 1911   0.16   1.60     0.00
  MONTH TO DATE    3.24                      2.48   0.76     4.04
  SINCE SEP 1      3.24                      2.48   0.76     4.04
  SINCE JAN 1     28.86                     32.59  -3.73    39.56

SNOWFALL (IN)
  TODAY            0.0
  MONTH TO DATE    0.0
  SINCE SEP 1      0.0
  SINCE JUL 1      0.0
  SNOW DEPTH       0

DEGREE DAYS
 HEATING
  TODAY            0                         2     -2        0
  MONTH TO DATE    0                         9     -9        8
  SINCE SEP 1      0                         9     -9        8
  SINCE JUL 1      0                        11    -11       11

 COOLING
  TODAY            8                         5      3       11
  MONTH TO DATE  161                       121     40      166
  SINCE SEP 1    161                       121     40      166
  SINCE JAN 1   1593                      1307    286     1435
..................................................................


WIND (MPH)
  HIGHEST WIND SPEED    15   HIGHEST WIND DIRECTION     N (350)
  HIGHEST GUST SPEED    20   HIGHEST GUST DIRECTION    NW (310)


SKY COVER
  AVERAGE SKY COVER 0.3


WEATHER CONDITIONS
 THE FOLLOWING WEATHER WAS RECORDED TODAY.
  THUNDERSTORM
  HEAVY RAIN
  RAIN
  LIGHT RAIN
  FOG


RELATIVE HUMIDITY (PERCENT)
 HIGHEST    90           200 AM
 LOWEST     84          1200 AM
 AVERAGE    87

..........................................................


THE SPRINGFIELD MO CLIMATE NORMALS FOR TOMORROW
                         NORMAL    RECORD    YEAR
 MAXIMUM TEMPERATURE (F)   80        96      1953
 MINIMUM TEMPERATURE (F)   57        39      1903


SUNRISE AND SUNSET
SEPTEMBER 16 2016.....SUNRISE   657 AM CDT   SUNSET   719 PM CDT
SEPTEMBER 17 2016.....SUNRISE   658 AM CDT   SUNSET   717 PM CDT


-  INDICATES NEGATIVE NUMBERS.
R  INDICATES RECORD WAS SET OR TIED.
MM INDICATES DATA IS MISSING.
T  INDICATES TRACE AMOUNT.




$$
