000
CDUS43 KSGF 120627
CLISGF


CLIMATE REPORT
NATIONAL WEATHER SERVICE SPRINGFIELD MO
127 AM CDT FRI SEP 12 2014


...................................

...THE SPRINGFIELD MO CLIMATE SUMMARY FOR SEPTEMBER 11 2014...

CLIMATE NORMAL PERIOD 1981 TO 2010
CLIMATE RECORD PERIOD 1888 TO 2014


WEATHER ITEM   OBSERVED TIME   RECORD YEAR NORMAL DEPARTURE LAST
                VALUE   (LST)  VALUE       VALUE  FROM      YEAR
                                                  NORMAL
..................................................................
TEMPERATURE (F)
 YESTERDAY
  MAXIMUM         67    212 PM  96    2000  82    -15       94
                                      1936
  MINIMUM         57   1159 PM  37    1940  60     -3       69
  AVERAGE         62                        71     -9       82

PRECIPITATION (IN)
  YESTERDAY        T             2.09 1947   0.16  -0.16     0.00
  MONTH TO DATE    1.72                      1.68   0.04     0.04
  SINCE SEP 1      1.72                      1.68   0.04     0.04
  SINCE JAN 1     23.69                     31.79  -8.10    38.19

SNOWFALL (IN)
  YESTERDAY        0.0
  MONTH TO DATE    0.0
  SINCE SEP 1      0.0
  SINCE JUL 1      0.0
  SNOW DEPTH       0

DEGREE DAYS
 HEATING
  YESTERDAY        3                         1      2        0
  MONTH TO DATE    3                         3      0        0
  SINCE SEP 1      3                         3      0        0
  SINCE JUL 1      3                         5     -2        0

 COOLING
  YESTERDAY        0                         7     -7       17
  MONTH TO DATE  107                        92     15      141
  SINCE SEP 1    107                        92     15      141
  SINCE JAN 1   1353                      1278     75     1284
..................................................................


WIND (MPH)
  HIGHEST WIND SPEED    17   HIGHEST WIND DIRECTION    NE (40)
  HIGHEST GUST SPEED    22   HIGHEST GUST DIRECTION     N (360)
  AVERAGE WIND SPEED    12.6


SKY COVER
  AVERAGE SKY COVER 1.0


WEATHER CONDITIONS
 THE FOLLOWING WEATHER WAS RECORDED YESTERDAY.
  LIGHT RAIN
  FOG


RELATIVE HUMIDITY (PERCENT)
 HIGHEST    93           100 AM
 LOWEST     72           600 PM
 AVERAGE    83

..........................................................


THE SPRINGFIELD MO CLIMATE NORMALS FOR TODAY
                         NORMAL    RECORD    YEAR
 MAXIMUM TEMPERATURE (F)   82        97      1939
 MINIMUM TEMPERATURE (F)   59        36      1940


SUNRISE AND SUNSET
SEPTEMBER 12 2014.....SUNRISE   653 AM CDT   SUNSET   726 PM CDT
SEPTEMBER 13 2014.....SUNRISE   654 AM CDT   SUNSET   724 PM CDT


-  INDICATES NEGATIVE NUMBERS.
R  INDICATES RECORD WAS SET OR TIED.
MM INDICATES DATA IS MISSING.
T  INDICATES TRACE AMOUNT.




$$
