000
CDUS43 KSGF 240641
CLISGF


CLIMATE REPORT
NATIONAL WEATHER SERVICE SPRINGFIELD MO
141 AM CDT FRI OCT 24 2014


...................................

...THE SPRINGFIELD MO CLIMATE SUMMARY FOR OCTOBER 23 2014...

CLIMATE NORMAL PERIOD 1981 TO 2010
CLIMATE RECORD PERIOD 1888 TO 2014


WEATHER ITEM   OBSERVED TIME   RECORD YEAR NORMAL DEPARTURE LAST
                VALUE   (LST)  VALUE       VALUE  FROM      YEAR
                                                  NORMAL
..................................................................
TEMPERATURE (F)
 YESTERDAY
  MAXIMUM         62    444 PM  88    1939  67     -5       55
  MINIMUM         49   1159 PM  24    1937  45      4       32
  AVERAGE         56                        56      0       44

PRECIPITATION (IN)
  YESTERDAY        0.02          1.29 1943   0.11  -0.09     0.00
  MONTH TO DATE    7.24                      2.66   4.58     3.64
  SINCE SEP 1     12.24                      7.27   4.97     5.82
  SINCE JAN 1     34.21                     37.38  -3.17    43.97

SNOWFALL (IN)
  YESTERDAY        0.0
  MONTH TO DATE    0.0
  SINCE SEP 1      0.0
  SINCE JUL 1      0.0
  SNOW DEPTH       0

DEGREE DAYS
 HEATING
  YESTERDAY        9                        10     -1       21
  MONTH TO DATE  138                       163    -25      188
  SINCE SEP 1    169                       216    -47      202
  SINCE JUL 1    169                       218    -49      202

 COOLING
  YESTERDAY        0                         0      0        0
  MONTH TO DATE   29                        27      2       44
  SINCE SEP 1    208                       200      8      274
  SINCE JAN 1   1454                      1386     68     1417
..................................................................


WIND (MPH)
  HIGHEST WIND SPEED    17   HIGHEST WIND DIRECTION    SE (140)
  HIGHEST GUST SPEED    21   HIGHEST GUST DIRECTION    SE (140)
  AVERAGE WIND SPEED     7.6


SKY COVER
  AVERAGE SKY COVER 0.6


WEATHER CONDITIONS
 THE FOLLOWING WEATHER WAS RECORDED YESTERDAY.
  LIGHT RAIN
  FOG
  FOG W/VISIBILITY <= 1/4 MILE


RELATIVE HUMIDITY (PERCENT)
 HIGHEST    96          1100 PM
 LOWEST     66           400 AM
 AVERAGE    81

..........................................................


THE SPRINGFIELD MO CLIMATE NORMALS FOR TODAY
                         NORMAL    RECORD    YEAR
 MAXIMUM TEMPERATURE (F)   67        84      1939
                                             1891
 MINIMUM TEMPERATURE (F)   44        23      1999


SUNRISE AND SUNSET
OCTOBER 24 2014.......SUNRISE   730 AM CDT   SUNSET   625 PM CDT
OCTOBER 25 2014.......SUNRISE   731 AM CDT   SUNSET   624 PM CDT


-  INDICATES NEGATIVE NUMBERS.
R  INDICATES RECORD WAS SET OR TIED.
MM INDICATES DATA IS MISSING.
T  INDICATES TRACE AMOUNT.




$$
