000
CDUS43 KSGF 070626
CLISGF


CLIMATE REPORT
NATIONAL WEATHER SERVICE SPRINGFIELD MO
1226 AM CST SUN JAN 7 2018


...................................

...THE SPRINGFIELD MO CLIMATE SUMMARY FOR JANUARY 6 2018...

CLIMATE NORMAL PERIOD 1981 TO 2010
CLIMATE RECORD PERIOD 1888 TO 2018


WEATHER ITEM   OBSERVED TIME   RECORD YEAR NORMAL DEPARTURE LAST
                VALUE   (LST)  VALUE       VALUE  FROM      YEAR
                                                  NORMAL
..................................................................
TEMPERATURE (F)
 YESTERDAY
  MAXIMUM         37    312 PM  71    2008  42     -5       14
  MINIMUM         17    751 AM -12    1912  23     -6        6
  AVERAGE         27                        32     -5       10

PRECIPITATION (IN)
  YESTERDAY        0.00          0.72 1890   0.09  -0.09     0.00
  MONTH TO DATE    T                         0.53  -0.53     0.05
  SINCE DEC 1      1.52                      3.57  -2.05     0.67
  SINCE JAN 1      T                         0.53  -0.53     0.05

SNOWFALL (IN)
  YESTERDAY        0.0
  MONTH TO DATE    T
  SINCE DEC 1      1.8
  SINCE JUL 1      1.8
  SNOW DEPTH       0

DEGREE DAYS
 HEATING
  YESTERDAY       38                        33      5       55
  MONTH TO DATE  272                       195     77      217
  SINCE DEC 1   1142                      1126     16     1114
  SINCE JUL 1   1826                      2005   -179     1630

 COOLING
  YESTERDAY        0                         0      0        0
  MONTH TO DATE    0                         0      0        0
  SINCE DEC 1      0                         0      0        0
  SINCE JAN 1      0                         0      0        0
..................................................................


WIND (MPH)
  HIGHEST WIND SPEED    26   HIGHEST WIND DIRECTION    SE (150)
  HIGHEST GUST SPEED    35   HIGHEST GUST DIRECTION     S (160)
  AVERAGE WIND SPEED    14.2


SKY COVER
  AVERAGE SKY COVER 0.0


WEATHER CONDITIONS
 THE FOLLOWING WEATHER WAS RECORDED YESTERDAY.
  NO SIGNIFICANT WEATHER WAS OBSERVED.


RELATIVE HUMIDITY (PERCENT)
 HIGHEST    67           200 AM
 LOWEST     38           200 PM
 AVERAGE    53

..........................................................


THE SPRINGFIELD MO CLIMATE NORMALS FOR TODAY
                         NORMAL    RECORD    YEAR
 MAXIMUM TEMPERATURE (F)   42        75      1965
 MINIMUM TEMPERATURE (F)   23       -15      1912


SUNRISE AND SUNSET
JANUARY  7 2018.......SUNRISE   728 AM CST   SUNSET   512 PM CST
JANUARY  8 2018.......SUNRISE   728 AM CST   SUNSET   513 PM CST


-  INDICATES NEGATIVE NUMBERS.
R  INDICATES RECORD WAS SET OR TIED.
MM INDICATES DATA IS MISSING.
T  INDICATES TRACE AMOUNT.




$$
