000
CDUS43 KSGF 130627
CLISGF


CLIMATE REPORT
NATIONAL WEATHER SERVICE SPRINGFIELD MO
127 AM CDT WED AUG 13 2014


...................................

...THE SPRINGFIELD MO CLIMATE SUMMARY FOR AUGUST 12 2014...

CLIMATE NORMAL PERIOD 1981 TO 2010
CLIMATE RECORD PERIOD 1888 TO 2014


WEATHER ITEM   OBSERVED TIME   RECORD YEAR NORMAL DEPARTURE LAST
                VALUE   (LST)  VALUE       VALUE  FROM      YEAR
                                                  NORMAL
..................................................................
TEMPERATURE (F)
 YESTERDAY
  MAXIMUM         82    311 PM 104    1999  90     -8       82
                                      1934
  MINIMUM         59    508 AM  44    1967  67     -8       69
  AVERAGE         71                        79     -8       76

PRECIPITATION (IN)
  YESTERDAY        0.00          1.82 1935   0.12  -0.12     0.77
  MONTH TO DATE    1.12                      1.25  -0.13     5.84
  SINCE JUN 1      9.65                      9.78  -0.13    14.43
  SINCE JAN 1     21.13                     27.81  -6.68    38.15

SNOWFALL (IN)
  YESTERDAY        0.0
  MONTH TO DATE    0.0
  SINCE JUN 1      0.0
  SINCE JUL 1      0.0
  SNOW DEPTH       0

DEGREE DAYS
 HEATING
  YESTERDAY        0                         0      0        0
  MONTH TO DATE    0                         0      0        0
  SINCE JUN 1      0                         9     -9       14
  SINCE JUL 1      0                         0      0        0

 COOLING
  YESTERDAY        6                        14     -8       11
  MONTH TO DATE  149                       168    -19      143
  SINCE JUN 1    735                       841   -106      800
  SINCE JAN 1    928                       956    -28      927
..................................................................


WIND (MPH)
  HIGHEST WIND SPEED    20   HIGHEST WIND DIRECTION    NW (330)
  HIGHEST GUST SPEED    25   HIGHEST GUST DIRECTION    NW (330)
  AVERAGE WIND SPEED     7.7


SKY COVER
  AVERAGE SKY COVER 0.0


WEATHER CONDITIONS
 THE FOLLOWING WEATHER WAS RECORDED YESTERDAY.
  NO SIGNIFICANT WEATHER WAS OBSERVED.


RELATIVE HUMIDITY (PERCENT)
 HIGHEST    87           400 AM
 LOWEST     36           200 PM
 AVERAGE    62

..........................................................


THE SPRINGFIELD MO CLIMATE NORMALS FOR TODAY
                         NORMAL    RECORD    YEAR
 MAXIMUM TEMPERATURE (F)   90       101      2010
 MINIMUM TEMPERATURE (F)   67        47      2004
                                             1967


SUNRISE AND SUNSET
AUGUST 13 2014........SUNRISE   628 AM CDT   SUNSET   808 PM CDT
AUGUST 14 2014........SUNRISE   629 AM CDT   SUNSET   807 PM CDT


-  INDICATES NEGATIVE NUMBERS.
R  INDICATES RECORD WAS SET OR TIED.
MM INDICATES DATA IS MISSING.
T  INDICATES TRACE AMOUNT.




$$
