000
CDUS43 KSGF 202228
CLISGF


CLIMATE REPORT
NATIONAL WEATHER SERVICE SPRINGFIELD MO
527 PM CDT MON MAR 20 2017


...................................

...THE SPRINGFIELD MO CLIMATE SUMMARY FOR MARCH 20 2017...
VALID TODAY AS OF 0500 PM LOCAL TIME.

CLIMATE NORMAL PERIOD 1981 TO 2010
CLIMATE RECORD PERIOD 1888 TO 2017


WEATHER ITEM   OBSERVED TIME   RECORD YEAR NORMAL DEPARTURE LAST
                VALUE   (LST)  VALUE       VALUE  FROM      YEAR
                                                  NORMAL
..................................................................
TEMPERATURE (F)
 TODAY
  MAXIMUM         85    345 PM  92    1907  59     26       48
  MINIMUM         56    627 AM  10    1965  37     19       28
  AVERAGE         71                        48     23       38

PRECIPITATION (IN)
  TODAY            0.00          1.71 1955   0.11  -0.11      T
  MONTH TO DATE    1.29                      2.23  -0.94     1.85
  SINCE MAR 1      1.29                      2.23  -0.94     1.85
  SINCE JAN 1      5.75                      7.22  -1.47     3.13

SNOWFALL (IN)
  TODAY            0.0
  MONTH TO DATE    0.1
  SINCE MAR 1      0.1
  SINCE JUL 1      1.8
  SNOW DEPTH       0

DEGREE DAYS
 HEATING
  TODAY            0                        17    -17       27
  MONTH TO DATE  332                       407    -75      259
  SINCE MAR 1    332                       407    -75      259
  SINCE JUL 1   3021                      4000   -979     3172

 COOLING
  TODAY            6                         0      6        0
  MONTH TO DATE    6                         0      6        0
  SINCE MAR 1      6                         0      6        0
  SINCE JAN 1     15                         0     15        0
..................................................................


WIND (MPH)
  HIGHEST WIND SPEED    23   HIGHEST WIND DIRECTION    SW (230)
  HIGHEST GUST SPEED    27   HIGHEST GUST DIRECTION    SW (230)


SKY COVER
  AVERAGE SKY COVER 0.0


WEATHER CONDITIONS
 THE FOLLOWING WEATHER WAS RECORDED TODAY.
  NO SIGNIFICANT WEATHER WAS OBSERVED.


RELATIVE HUMIDITY (PERCENT)
 HIGHEST    80           700 AM
 LOWEST     37           400 PM
 AVERAGE    59

..........................................................


THE SPRINGFIELD MO CLIMATE NORMALS FOR TOMORROW
                         NORMAL    RECORD    YEAR
 MAXIMUM TEMPERATURE (F)   59        88      1916
                                             1907
 MINIMUM TEMPERATURE (F)   37        14      1951


SUNRISE AND SUNSET
MARCH 20 2017.........SUNRISE   717 AM CDT   SUNSET   726 PM CDT
MARCH 21 2017.........SUNRISE   715 AM CDT   SUNSET   727 PM CDT


-  INDICATES NEGATIVE NUMBERS.
R  INDICATES RECORD WAS SET OR TIED.
MM INDICATES DATA IS MISSING.
T  INDICATES TRACE AMOUNT.




$$
