456
CDUS43 KSGF 300626
CLISGF


CLIMATE REPORT
NATIONAL WEATHER SERVICE SPRINGFIELD MO
1226 AM CST SAT JAN 30 2016


...................................

...THE SPRINGFIELD MO CLIMATE SUMMARY FOR JANUARY 29 2016...

CLIMATE NORMAL PERIOD 1981 TO 2010
CLIMATE RECORD PERIOD 1888 TO 2016


WEATHER ITEM   OBSERVED TIME   RECORD YEAR NORMAL DEPARTURE LAST
                VALUE   (LST)  VALUE       VALUE  FROM      YEAR
                                                  NORMAL
..................................................................
TEMPERATURE (F)
 YESTERDAY
  MAXIMUM         69    301 PM  74    1947  44     25       61
  MINIMUM         24    417 AM -12    1979  23      1       25
  AVERAGE         47                        33     14       43

PRECIPITATION (IN)
  YESTERDAY        0.00          2.10 1969   0.07  -0.07     0.00
  MONTH TO DATE    0.92                      2.31  -1.39     0.78
  SINCE DEC 1     12.35                      5.35   7.00     2.55
  SINCE JAN 1      0.92                      2.31  -1.39     0.78

SNOWFALL (IN)
  YESTERDAY        0.0
  MONTH TO DATE    3.0
  SINCE DEC 1      3.0
  SINCE JUL 1      3.0
  SNOW DEPTH       0

DEGREE DAYS
 HEATING
  YESTERDAY       18                        32    -14       22
  MONTH TO DATE  922                       943    -21      884
  SINCE DEC 1   1571                      1874   -303     1704
  SINCE JUL 1   2216                      2753   -537     2654

 COOLING
  YESTERDAY        0                         0      0        0
  MONTH TO DATE    0                         0      0        0
  SINCE DEC 1      0                         0      0        0
  SINCE JAN 1      0                         0      0        0
..................................................................


WIND (MPH)
  HIGHEST WIND SPEED    23   HIGHEST WIND DIRECTION    SE (150)
  HIGHEST GUST SPEED    27   HIGHEST GUST DIRECTION    SE (140)
  AVERAGE WIND SPEED    10.8


SKY COVER
  AVERAGE SKY COVER 0.0


WEATHER CONDITIONS
 THE FOLLOWING WEATHER WAS RECORDED YESTERDAY.
  NO SIGNIFICANT WEATHER WAS OBSERVED.


RELATIVE HUMIDITY (PERCENT)
 HIGHEST    81           400 AM
 LOWEST     23           300 PM
 AVERAGE    52

..........................................................


THE SPRINGFIELD MO CLIMATE NORMALS FOR TODAY
                         NORMAL    RECORD    YEAR
 MAXIMUM TEMPERATURE (F)   44        74      1890
 MINIMUM TEMPERATURE (F)   23        -5      1966


SUNRISE AND SUNSET
JANUARY 30 2016.......SUNRISE   718 AM CST   SUNSET   536 PM CST
JANUARY 31 2016.......SUNRISE   718 AM CST   SUNSET   537 PM CST


-  INDICATES NEGATIVE NUMBERS.
R  INDICATES RECORD WAS SET OR TIED.
MM INDICATES DATA IS MISSING.
T  INDICATES TRACE AMOUNT.




$$
