000
CDUS43 KSGF 062228
CLISGF


CLIMATE REPORT
NATIONAL WEATHER SERVICE SPRINGFIELD MO
428 PM CST MON FEB 6 2017


...................................

...THE SPRINGFIELD MO CLIMATE SUMMARY FOR FEBRUARY 6 2017...
VALID AS OF 0400 PM LOCAL TIME.

CLIMATE NORMAL PERIOD 1981 TO 2010
CLIMATE RECORD PERIOD 1888 TO 2017


WEATHER ITEM   OBSERVED TIME   RECORD YEAR NORMAL DEPARTURE LAST
                VALUE   (LST)  VALUE       VALUE  FROM      YEAR
                                                  NORMAL
..................................................................
TEMPERATURE (F)
 TODAY
  MAXIMUM         69    349 PM  72    1904  46     23       54
  MINIMUM         44   1240 AM -10    1985  24     20       26
  AVERAGE         57                        35     22       40

PRECIPITATION (IN)
  TODAY            0.00          1.18 1999   0.07  -0.07     0.00
  MONTH TO DATE    0.00                      0.45  -0.45     0.05
  SINCE DEC 1      4.69                      5.96  -1.27    12.40
  SINCE JAN 1      4.07                      2.92   1.15     0.97

SNOWFALL (IN)
  TODAY            0.0
  MONTH TO DATE    0.0
  SINCE DEC 1      1.7
  SINCE JUL 1      1.7
  SNOW DEPTH       0

DEGREE DAYS
 HEATING
  TODAY            8                        30    -22       25
  MONTH TO DATE  155                       184    -29      155
  SINCE DEC 1   1849                      2118   -269     1749
  SINCE JUL 1   2365                      2997   -632     2394

 COOLING
  TODAY            0                         0      0        0
  MONTH TO DATE    0                         0      0        0
  SINCE DEC 1      0                         0      0        0
  SINCE JAN 1      0                         0      0        0
..................................................................


WIND (MPH)
  HIGHEST WIND SPEED    26   HIGHEST WIND DIRECTION     S (200)
  HIGHEST GUST SPEED    33   HIGHEST GUST DIRECTION     S (200)


SKY COVER
  AVERAGE SKY COVER 0.9


WEATHER CONDITIONS
 THE FOLLOWING WEATHER WAS RECORDED TODAY.
  FOG


RELATIVE HUMIDITY (PERCENT)
 HIGHEST   100          1100 AM
 LOWEST     66           300 PM
 AVERAGE    83

..........................................................


THE SPRINGFIELD MO CLIMATE NORMALS FOR TOMORROW
                         NORMAL    RECORD    YEAR
 MAXIMUM TEMPERATURE (F)   46        74      2015
 MINIMUM TEMPERATURE (F)   24       -10      1933
                                             1895


SUNRISE AND SUNSET
FEBRUARY  6 2017......SUNRISE   712 AM CST   SUNSET   544 PM CST
FEBRUARY  7 2017......SUNRISE   711 AM CST   SUNSET   545 PM CST


-  INDICATES NEGATIVE NUMBERS.
R  INDICATES RECORD WAS SET OR TIED.
MM INDICATES DATA IS MISSING.
T  INDICATES TRACE AMOUNT.




$$
