000
CDUS43 KSGF 122245
CLISGF


CLIMATE REPORT
NATIONAL WEATHER SERVICE SPRINGFIELD MO
545 PM CDT MON SEP 12 2016


...................................

...THE SPRINGFIELD MO CLIMATE SUMMARY FOR SEPTEMBER 12 2016...
VALID TODAY AS OF 0500 PM LOCAL TIME.

CLIMATE NORMAL PERIOD 1981 TO 2010
CLIMATE RECORD PERIOD 1888 TO 2016


WEATHER ITEM   OBSERVED TIME   RECORD YEAR NORMAL DEPARTURE LAST
                VALUE   (LST)  VALUE       VALUE  FROM      YEAR
                                                  NORMAL
..................................................................
TEMPERATURE (F)
 TODAY
  MAXIMUM         85    359 PM  97    1939  82      3       71
  MINIMUM         59    457 AM  36    1940  59      0       49
  AVERAGE         72                        71      1       60

PRECIPITATION (IN)
  TODAY            0.00          2.88 1898   0.17  -0.17     0.00
  MONTH TO DATE    1.17                      1.85  -0.68     4.04
  SINCE SEP 1      1.17                      1.85  -0.68     4.04
  SINCE JAN 1     26.79                     31.96  -5.17    39.56

SNOWFALL (IN)
  TODAY            0.0
  MONTH TO DATE    0.0
  SINCE SEP 1      0.0
  SINCE JUL 1      0.0
  SNOW DEPTH       0

DEGREE DAYS
 HEATING
  TODAY            0                         1     -1        5
  MONTH TO DATE    0                         4     -4        5
  SINCE SEP 1      0                         4     -4        5
  SINCE JUL 1      0                         6     -6        8

 COOLING
  TODAY            7                         6      1        0
  MONTH TO DATE  114                        98     16      143
  SINCE SEP 1    114                        98     16      143
  SINCE JAN 1   1546                      1284    262     1412
..................................................................


WIND (MPH)
  HIGHEST WIND SPEED    17   HIGHEST WIND DIRECTION    SE (150)
  HIGHEST GUST SPEED    22   HIGHEST GUST DIRECTION    SE (140)


SKY COVER
  AVERAGE SKY COVER 0.0


WEATHER CONDITIONS
 THE FOLLOWING WEATHER WAS RECORDED TODAY.
  NO SIGNIFICANT WEATHER WAS OBSERVED.


RELATIVE HUMIDITY (PERCENT)
 HIGHEST    80           500 AM
 LOWEST     34           200 PM
 AVERAGE    57

..........................................................


THE SPRINGFIELD MO CLIMATE NORMALS FOR TOMORROW
                         NORMAL    RECORD    YEAR
 MAXIMUM TEMPERATURE (F)   81        99      2011
 MINIMUM TEMPERATURE (F)   59        38      1902


SUNRISE AND SUNSET
SEPTEMBER 12 2016.....SUNRISE   654 AM CDT   SUNSET   725 PM CDT
SEPTEMBER 13 2016.....SUNRISE   654 AM CDT   SUNSET   723 PM CDT


-  INDICATES NEGATIVE NUMBERS.
R  INDICATES RECORD WAS SET OR TIED.
MM INDICATES DATA IS MISSING.
T  INDICATES TRACE AMOUNT.




$$
