000
CDUS43 KSGF 170634
CLISGF


CLIMATE REPORT
NATIONAL WEATHER SERVICE SPRINGFIELD MO
134 AM CDT TUE MAY 17 2016


...................................

...THE SPRINGFIELD MO CLIMATE SUMMARY FOR MAY 16 2016...

CLIMATE NORMAL PERIOD 1981 TO 2010
CLIMATE RECORD PERIOD 1888 TO 2016


WEATHER ITEM   OBSERVED TIME   RECORD YEAR NORMAL DEPARTURE LAST
                VALUE   (LST)  VALUE       VALUE  FROM      YEAR
                                                  NORMAL
..................................................................
TEMPERATURE (F)
 YESTERDAY
  MAXIMUM         56   1159 PM  93    1972  75    -19       82
  MINIMUM         50    724 AM  36    1997  55     -5       69
                                      1890
  AVERAGE         53                        65    -12       76

PRECIPITATION (IN)
  YESTERDAY        1.78          2.55 1896   0.16   1.62     0.11
  MONTH TO DATE    1.90                      2.81  -0.91     2.60
  SINCE MAR 1      7.34                     10.75  -3.41     9.17
  SINCE JAN 1      8.62                     15.74  -7.12    11.77

SNOWFALL (IN)
  YESTERDAY        0.0
  MONTH TO DATE    0.0
  SINCE MAR 1      T
  SINCE JUL 1      3.0
  SNOW DEPTH       0

DEGREE DAYS
 HEATING
  YESTERDAY       12                         3      9        0
  MONTH TO DATE   96                        67     29       29
  SINCE MAR 1    683                       948   -265      794
  SINCE JUL 1   3596                      4541   -945     4501

 COOLING
  YESTERDAY        0                         3     -3       11
  MONTH TO DATE   25                        30     -5       67
  SINCE MAR 1     52                        55     -3       89
  SINCE JAN 1     52                        55     -3       89
..................................................................


WIND (MPH)
  HIGHEST WIND SPEED    22   HIGHEST WIND DIRECTION    SE (150)
  HIGHEST GUST SPEED    28   HIGHEST GUST DIRECTION    SE (150)
  AVERAGE WIND SPEED    12.7


SKY COVER
  AVERAGE SKY COVER 0.9


WEATHER CONDITIONS
 THE FOLLOWING WEATHER WAS RECORDED YESTERDAY.
  THUNDERSTORM
  HEAVY RAIN
  RAIN
  LIGHT RAIN
  FOG


RELATIVE HUMIDITY (PERCENT)
 HIGHEST    93           900 PM
 LOWEST     66           200 AM
 AVERAGE    80

..........................................................


THE SPRINGFIELD MO CLIMATE NORMALS FOR TODAY
                         NORMAL    RECORD    YEAR
 MAXIMUM TEMPERATURE (F)   76        88      2001
                                             1972
 MINIMUM TEMPERATURE (F)   55        37      2011


SUNRISE AND SUNSET
MAY 17 2016...........SUNRISE   603 AM CDT   SUNSET   817 PM CDT
MAY 18 2016...........SUNRISE   602 AM CDT   SUNSET   818 PM CDT


-  INDICATES NEGATIVE NUMBERS.
R  INDICATES RECORD WAS SET OR TIED.
MM INDICATES DATA IS MISSING.
T  INDICATES TRACE AMOUNT.




$$
