000
CDUS43 KSGF 140628
CLISGF


CLIMATE REPORT
NATIONAL WEATHER SERVICE SPRINGFIELD MO
127 AM CDT TUE OCT 14 2014


...................................

...THE SPRINGFIELD MO CLIMATE SUMMARY FOR OCTOBER 13 2014...

CLIMATE NORMAL PERIOD 1981 TO 2010
CLIMATE RECORD PERIOD 1888 TO 2014


WEATHER ITEM   OBSERVED TIME   RECORD YEAR NORMAL DEPARTURE LAST
                VALUE   (LST)  VALUE       VALUE  FROM      YEAR
                                                  NORMAL
..................................................................
TEMPERATURE (F)
 YESTERDAY
  MAXIMUM         67    240 PM  87    1952  70     -3       70
                                      1947
                                      1899
  MINIMUM         53   1159 PM  32    1909  47      6       52
  AVERAGE         60                        59      1       61

PRECIPITATION (IN)
  YESTERDAY        1.83          2.31 2012   0.11   1.72     0.00
  MONTH TO DATE    7.19                      1.51   5.68     2.95
  SINCE SEP 1     12.19                      6.12   6.07     5.13
  SINCE JAN 1     34.16                     36.23  -2.07    43.28

SNOWFALL (IN)
  YESTERDAY        0.0
  MONTH TO DATE    0.0
  SINCE SEP 1      0.0
  SINCE JUL 1      0.0
  SNOW DEPTH       0

DEGREE DAYS
 HEATING
  YESTERDAY        5                         7     -2        4
  MONTH TO DATE   66                        77    -11       48
  SINCE SEP 1     97                       130    -33       62
  SINCE JUL 1     97                       132    -35       62

 COOLING
  YESTERDAY        0                         1     -1        0
  MONTH TO DATE   29                        19     10       44
  SINCE SEP 1    208                       192     16      274
  SINCE JAN 1   1454                      1378     76     1417
..................................................................


WIND (MPH)
  HIGHEST WIND SPEED    29   HIGHEST WIND DIRECTION    SE (130)
  HIGHEST GUST SPEED    39   HIGHEST GUST DIRECTION    SE (150)
  AVERAGE WIND SPEED    14.3


SKY COVER
  AVERAGE SKY COVER 1.0


WEATHER CONDITIONS
 THE FOLLOWING WEATHER WAS RECORDED YESTERDAY.
  THUNDERSTORM
  HEAVY RAIN
  RAIN
  LIGHT RAIN
  FOG


RELATIVE HUMIDITY (PERCENT)
 HIGHEST    93          1200 AM
 LOWEST     73           200 PM
 AVERAGE    83

..........................................................


THE SPRINGFIELD MO CLIMATE NORMALS FOR TODAY
                         NORMAL    RECORD    YEAR
 MAXIMUM TEMPERATURE (F)   70        89      1963
 MINIMUM TEMPERATURE (F)   47        31      2006
                                             1969


SUNRISE AND SUNSET
OCTOBER 14 2014.......SUNRISE   720 AM CDT   SUNSET   638 PM CDT
OCTOBER 15 2014.......SUNRISE   721 AM CDT   SUNSET   637 PM CDT


-  INDICATES NEGATIVE NUMBERS.
R  INDICATES RECORD WAS SET OR TIED.
MM INDICATES DATA IS MISSING.
T  INDICATES TRACE AMOUNT.




$$
