000
CDUS43 KSGF 260644
CLISGF


CLIMATE REPORT
NATIONAL WEATHER SERVICE SPRINGFIELD MO
1244 AM CST THU FEB 26 2015


...................................

...THE SPRINGFIELD MO CLIMATE SUMMARY FOR FEBRUARY 25 2015...

CLIMATE NORMAL PERIOD 1981 TO 2010
CLIMATE RECORD PERIOD 1888 TO 2015


WEATHER ITEM   OBSERVED TIME   RECORD YEAR NORMAL DEPARTURE LAST
                VALUE   (LST)  VALUE       VALUE  FROM      YEAR
                                                  NORMAL
..................................................................
TEMPERATURE (F)
 YESTERDAY
  MAXIMUM         45    423 PM  74    1981  51     -6       42
  MINIMUM         19    517 AM   0    1965  29    -10       21
  AVERAGE         32                        40     -8       32

PRECIPITATION (IN)
  YESTERDAY        0.00          0.74 1899   0.10  -0.10     0.00
  MONTH TO DATE    1.44                      2.22  -0.78     0.50
  SINCE DEC 1      4.02                      7.73  -3.71     4.35
  SINCE JAN 1      2.25                      4.69  -2.44     1.79

SNOWFALL (IN)
  YESTERDAY        0.0
  MONTH TO DATE    7.9
  SINCE DEC 1      8.7
  SINCE JUL 1     10.4
  SNOW DEPTH       1

DEGREE DAYS
 HEATING
  YESTERDAY       33                        25      8       33
  MONTH TO DATE  868                       707    161      821
  SINCE DEC 1   2626                      2641    -15     2913
  SINCE JUL 1   3576                      3520     56     3850

 COOLING
  YESTERDAY        0                         0      0        0
  MONTH TO DATE    0                         0      0        0
  SINCE DEC 1      0                         0      0        0
  SINCE JAN 1      0                         0      0        0
..................................................................


WIND (MPH)
  HIGHEST WIND SPEED    13   HIGHEST WIND DIRECTION     W (290)
  HIGHEST GUST SPEED    18   HIGHEST GUST DIRECTION    NW (310)
  AVERAGE WIND SPEED     5.2


SKY COVER
  AVERAGE SKY COVER 0.1


WEATHER CONDITIONS
 THE FOLLOWING WEATHER WAS RECORDED YESTERDAY.
  FOG
  HAZE


RELATIVE HUMIDITY (PERCENT)
 HIGHEST    84           200 AM
 LOWEST     40           500 PM
 AVERAGE    62

..........................................................


THE SPRINGFIELD MO CLIMATE NORMALS FOR TODAY
                         NORMAL    RECORD    YEAR
 MAXIMUM TEMPERATURE (F)   52        77      1996
 MINIMUM TEMPERATURE (F)   30         4      1934


SUNRISE AND SUNSET
FEBRUARY 26 2015......SUNRISE   649 AM CST   SUNSET   604 PM CST
FEBRUARY 27 2015......SUNRISE   648 AM CST   SUNSET   605 PM CST


-  INDICATES NEGATIVE NUMBERS.
R  INDICATES RECORD WAS SET OR TIED.
MM INDICATES DATA IS MISSING.
T  INDICATES TRACE AMOUNT.




$$
