000
CDUS43 KSGF 040628
CLISGF


CLIMATE REPORT
NATIONAL WEATHER SERVICE SPRINGFIELD MO
127 AM CDT FRI APR 4 2014


...................................

...THE SPRINGFIELD MO CLIMATE SUMMARY FOR APRIL 3 2014...

CLIMATE NORMAL PERIOD 1981 TO 2010
CLIMATE RECORD PERIOD 1888 TO 2014


WEATHER ITEM   OBSERVED TIME   RECORD YEAR NORMAL DEPARTURE LAST
                VALUE   (LST)  VALUE       VALUE  FROM      YEAR
                                                  NORMAL
..................................................................
TEMPERATURE (F)
 YESTERDAY
  MAXIMUM         81    346 PM  86    2011  63     18       54
  MINIMUM         48   1159 PM  17    1936  40      8       31
  AVERAGE         65                        52     13       43

PRECIPITATION (IN)
  YESTERDAY        0.15          2.00 1965   0.12   0.03     0.00
  MONTH TO DATE    0.17                      0.38  -0.21     0.09
  SINCE MAR 1      2.50                      4.00  -1.50     4.86
  SINCE JAN 1      4.29                      8.99  -4.70    10.20

SNOWFALL (IN)
  YESTERDAY        0.0
  MONTH TO DATE    0.0
  SINCE MAR 1      4.8
  SINCE JUL 1     32.2
  SNOW DEPTH       0

DEGREE DAYS
 HEATING
  YESTERDAY        0                        14    -14       22
  MONTH TO DATE   19                        42    -23       69
  SINCE MAR 1    700                       623     77      786
  SINCE JUL 1   4655                      4216    439     4084

 COOLING
  YESTERDAY        0                         0      0        0
  MONTH TO DATE    0                         0      0        0
  SINCE MAR 1      0                         3     -3        0
  SINCE JAN 1      0                         3     -3        0
..................................................................


WIND (MPH)
  HIGHEST WIND SPEED    36   HIGHEST WIND DIRECTION     S (190)
  HIGHEST GUST SPEED    48   HIGHEST GUST DIRECTION     S (200)
  AVERAGE WIND SPEED    18.3


SKY COVER
  AVERAGE SKY COVER 0.6


WEATHER CONDITIONS
 THE FOLLOWING WEATHER WAS RECORDED YESTERDAY.
  THUNDERSTORM
  RAIN
  LIGHT RAIN


RELATIVE HUMIDITY (PERCENT)
 HIGHEST    87          1200 AM
 LOWEST     45           400 PM
 AVERAGE    66

..........................................................


THE SPRINGFIELD MO CLIMATE NORMALS FOR TODAY
                         NORMAL    RECORD    YEAR
 MAXIMUM TEMPERATURE (F)   64        85      1942
 MINIMUM TEMPERATURE (F)   41        21      1987


SUNRISE AND SUNSET
APRIL  4 2014.........SUNRISE   655 AM CDT   SUNSET   739 PM CDT
APRIL  5 2014.........SUNRISE   653 AM CDT   SUNSET   740 PM CDT


-  INDICATES NEGATIVE NUMBERS.
R  INDICATES RECORD WAS SET OR TIED.
MM INDICATES DATA IS MISSING.
T  INDICATES TRACE AMOUNT.




$$
