000
CDUS43 KSGF 130645
CLISGF


CLIMATE REPORT
NATIONAL WEATHER SERVICE SPRINGFIELD MO
145 AM CDT FRI MAY 13 2016


...................................

...THE SPRINGFIELD MO CLIMATE SUMMARY FOR MAY 12 2016...

CLIMATE NORMAL PERIOD 1981 TO 2010
CLIMATE RECORD PERIOD 1888 TO 2016


WEATHER ITEM   OBSERVED TIME   RECORD YEAR NORMAL DEPARTURE LAST
                VALUE   (LST)  VALUE       VALUE  FROM      YEAR
                                                  NORMAL
..................................................................
TEMPERATURE (F)
 YESTERDAY
  MAXIMUM         73    325 PM  90    1963  74     -1       69
  MINIMUM         50   1132 PM  36    2013  53     -3       44
  AVERAGE         62                        64     -2       57

PRECIPITATION (IN)
  YESTERDAY        0.04          2.40 1999   0.18  -0.14     0.00
  MONTH TO DATE    0.11                      2.14  -2.03     2.21
  SINCE MAR 1      5.55                     10.08  -4.53     8.78
  SINCE JAN 1      6.83                     15.07  -8.24    11.38

SNOWFALL (IN)
  YESTERDAY        0.0
  MONTH TO DATE    0.0
  SINCE MAR 1      T
  SINCE JUL 1      3.0
  SNOW DEPTH       0

DEGREE DAYS
 HEATING
  YESTERDAY        3                         4     -1        8
  MONTH TO DATE   55                        55      0       24
  SINCE MAR 1    642                       936   -294      789
  SINCE JUL 1   3555                      4529   -974     4496

 COOLING
  YESTERDAY        0                         2     -2        0
  MONTH TO DATE   25                        19      6       44
  SINCE MAR 1     52                        44      8       66
  SINCE JAN 1     52                        44      8       66
..................................................................


WIND (MPH)
  HIGHEST WIND SPEED    22   HIGHEST WIND DIRECTION    NW (330)
  HIGHEST GUST SPEED    28   HIGHEST GUST DIRECTION     N (340)
  AVERAGE WIND SPEED    10.2


SKY COVER
  AVERAGE SKY COVER 0.3


WEATHER CONDITIONS
 THE FOLLOWING WEATHER WAS RECORDED YESTERDAY.
  THUNDERSTORM
  LIGHT RAIN


RELATIVE HUMIDITY (PERCENT)
 HIGHEST    84           300 AM
 LOWEST     31           300 PM
 AVERAGE    58

..........................................................


THE SPRINGFIELD MO CLIMATE NORMALS FOR TODAY
                         NORMAL    RECORD    YEAR
 MAXIMUM TEMPERATURE (F)   74        88      1974
                                             1956
 MINIMUM TEMPERATURE (F)   54        36      1971


SUNRISE AND SUNSET
MAY 13 2016...........SUNRISE   606 AM CDT   SUNSET   814 PM CDT
MAY 14 2016...........SUNRISE   605 AM CDT   SUNSET   815 PM CDT


-  INDICATES NEGATIVE NUMBERS.
R  INDICATES RECORD WAS SET OR TIED.
MM INDICATES DATA IS MISSING.
T  INDICATES TRACE AMOUNT.




$$
