000
CDUS43 KSGF 182132
CLISGF


CLIMATE REPORT
NATIONAL WEATHER SERVICE SPRINGFIELD MO
432 PM CDT MON APR 18 2016


...................................

...THE SPRINGFIELD MO CLIMATE SUMMARY FOR APRIL 18 2016...
VALID AS OF 0400 PM LOCAL TIME.

CLIMATE NORMAL PERIOD 1981 TO 2010
CLIMATE RECORD PERIOD 1888 TO 2016


WEATHER ITEM   OBSERVED TIME   RECORD YEAR NORMAL DEPARTURE LAST
                VALUE   (LST)  VALUE       VALUE  FROM      YEAR
                                                  NORMAL
..................................................................
TEMPERATURE (F)
 TODAY
  MAXIMUM         71    259 PM  92    2006  68      3       68
  MINIMUM         63    720 AM  26    1953  45     18       54
  AVERAGE         67                        56     11       61

PRECIPITATION (IN)
  TODAY            0.00          2.13 1941   0.14  -0.14     0.17
  MONTH TO DATE    0.81                      2.37  -1.56     2.47
  SINCE MAR 1      3.75                      5.99  -2.24     5.85
  SINCE JAN 1      5.03                     10.98  -5.95     8.45

SNOWFALL (IN)
  TODAY            0.0
  MONTH TO DATE    0.0
  SINCE MAR 1      T
  SINCE JUL 1      3.0
  SNOW DEPTH       0

DEGREE DAYS
 HEATING
  TODAY            0                         9     -9        4
  MONTH TO DATE  155                       211    -56      111
  SINCE MAR 1    553                       792   -239      658
  SINCE JUL 1   3466                      4385   -919     4365

 COOLING
  TODAY            2                         1      1        0
  MONTH TO DATE    6                        11     -5       22
  SINCE MAR 1      8                        14     -6       22
  SINCE JAN 1      8                        14     -6       22
..................................................................


WIND (MPH)
  HIGHEST WIND SPEED    18   HIGHEST WIND DIRECTION     S (160)
  HIGHEST GUST SPEED    26   HIGHEST GUST DIRECTION    SE (130)


SKY COVER
  AVERAGE SKY COVER 0.8


WEATHER CONDITIONS
 THE FOLLOWING WEATHER WAS RECORDED TODAY.
  NO SIGNIFICANT WEATHER WAS OBSERVED.


RELATIVE HUMIDITY (PERCENT)
 HIGHEST    68          1000 AM
 LOWEST     56           200 AM
 AVERAGE    62

..........................................................


THE SPRINGFIELD MO CLIMATE NORMALS FOR TOMORROW
                         NORMAL    RECORD    YEAR
 MAXIMUM TEMPERATURE (F)   68        89      1987
 MINIMUM TEMPERATURE (F)   45        28      1953


SUNRISE AND SUNSET
APRIL 18 2016.........SUNRISE   634 AM CDT   SUNSET   752 PM CDT
APRIL 19 2016.........SUNRISE   633 AM CDT   SUNSET   753 PM CDT


-  INDICATES NEGATIVE NUMBERS.
R  INDICATES RECORD WAS SET OR TIED.
MM INDICATES DATA IS MISSING.
T  INDICATES TRACE AMOUNT.




$$
