000
CDUS43 KSGF 182335
CLISGF


CLIMATE REPORT
NATIONAL WEATHER SERVICE SPRINGFIELD MO
535 PM CST FRI NOV 18 2016


...................................

...THE SPRINGFIELD MO CLIMATE SUMMARY FOR NOVEMBER 18 2016...
VALID TODAY AS OF 0500 PM LOCAL TIME.

CLIMATE NORMAL PERIOD 1981 TO 2010
CLIMATE RECORD PERIOD 1888 TO 2016


WEATHER ITEM   OBSERVED TIME   RECORD YEAR NORMAL DEPARTURE LAST
                VALUE   (LST)  VALUE       VALUE  FROM      YEAR
                                                  NORMAL
..................................................................
TEMPERATURE (F)
 TODAY
  MAXIMUM         69    614 AM  78    1930  56     13       52
  MINIMUM         43    459 PM   9    2014  34      9       44
  AVERAGE         56                        45     11       48

PRECIPITATION (IN)
  TODAY            0.00          4.23 1985   0.14  -0.14     0.00
  MONTH TO DATE    2.21                      2.56  -0.35     4.63
  SINCE SEP 1      9.90                     10.76  -0.86    10.19
  SINCE JAN 1     35.52                     40.87  -5.35    45.71

SNOWFALL (IN)
  TODAY            0.0
  MONTH TO DATE    0.0
  SINCE SEP 1      0.0
  SINCE JUL 1      0.0
  SNOW DEPTH       0

DEGREE DAYS
 HEATING
  TODAY            9                        20    -11       17
  MONTH TO DATE  157                       293   -136      210
  SINCE SEP 1    259                       599   -340      408
  SINCE JUL 1    259                       601   -342      411

 COOLING
  TODAY            0                         0      0        0
  MONTH TO DATE   17                         0     17        0
  SINCE SEP 1    376                       201    175      286
  SINCE JAN 1   1808                      1387    421     1555
..................................................................


WIND (MPH)
  HIGHEST WIND SPEED    33   HIGHEST WIND DIRECTION     W (270)
  HIGHEST GUST SPEED    42   HIGHEST GUST DIRECTION     W (270)


SKY COVER
  AVERAGE SKY COVER 0.6


WEATHER CONDITIONS
 THE FOLLOWING WEATHER WAS RECORDED TODAY.
  NO SIGNIFICANT WEATHER WAS OBSERVED.


RELATIVE HUMIDITY (PERCENT)
 HIGHEST    73           100 AM
 LOWEST     50           200 PM
 AVERAGE    62

..........................................................


THE SPRINGFIELD MO CLIMATE NORMALS FOR TOMORROW
                         NORMAL    RECORD    YEAR
 MAXIMUM TEMPERATURE (F)   55        76      1979
 MINIMUM TEMPERATURE (F)   34        13      1914


SUNRISE AND SUNSET
NOVEMBER 18 2016......SUNRISE   656 AM CST   SUNSET   501 PM CST
NOVEMBER 19 2016......SUNRISE   657 AM CST   SUNSET   500 PM CST


-  INDICATES NEGATIVE NUMBERS.
R  INDICATES RECORD WAS SET OR TIED.
MM INDICATES DATA IS MISSING.
T  INDICATES TRACE AMOUNT.




$$
