000
CDUS43 KSGF 152126
CLISGF


CLIMATE REPORT
NATIONAL WEATHER SERVICE SPRINGFIELD MO
426 PM CDT SAT APR 15 2017


...................................

...THE SPRINGFIELD MO CLIMATE SUMMARY FOR APRIL 15 2017...
VALID AS OF 0400 PM LOCAL TIME.

CLIMATE NORMAL PERIOD 1981 TO 2010
CLIMATE RECORD PERIOD 1888 TO 2017


WEATHER ITEM   OBSERVED TIME   RECORD YEAR NORMAL DEPARTURE LAST
                VALUE   (LST)  VALUE       VALUE  FROM      YEAR
                                                  NORMAL
..................................................................
TEMPERATURE (F)
 TODAY
  MAXIMUM         81    225 PM  87    1924  67     14       70
  MINIMUM         61    545 AM  25    2014  44     17       51
                                      1928
  AVERAGE         71                        56     15       61

PRECIPITATION (IN)
  TODAY            0.00          3.02 1933   0.14  -0.14     0.00
  MONTH TO DATE    1.03                      1.94  -0.91     0.81
  SINCE MAR 1      5.82                      5.56   0.26     3.75
  SINCE JAN 1     10.28                     10.55  -0.27     5.03

SNOWFALL (IN)
  TODAY            0.0
  MONTH TO DATE    0.0
  SINCE MAR 1      0.1
  SINCE JUL 1      1.8
  SNOW DEPTH       0

DEGREE DAYS
 HEATING
  TODAY            0                        10    -10        4
  MONTH TO DATE   90                       182    -92      154
  SINCE MAR 1    506                       763   -257      552
  SINCE JUL 1   3195                      4356  -1161     3465

 COOLING
  TODAY            6                         1      5        0
  MONTH TO DATE   22                         8     14        0
  SINCE MAR 1     28                        11     17        2
  SINCE JAN 1     37                        11     26        2
..................................................................


WIND (MPH)
  HIGHEST WIND SPEED    25   HIGHEST WIND DIRECTION     S (200)
  HIGHEST GUST SPEED    33   HIGHEST GUST DIRECTION     S (200)


SKY COVER
  AVERAGE SKY COVER 0.2


WEATHER CONDITIONS
 THE FOLLOWING WEATHER WAS RECORDED TODAY.
  NO SIGNIFICANT WEATHER WAS OBSERVED.


RELATIVE HUMIDITY (PERCENT)
 HIGHEST    72           200 AM
 LOWEST     45           200 PM
 AVERAGE    59

..........................................................


THE SPRINGFIELD MO CLIMATE NORMALS FOR TOMORROW
                         NORMAL    RECORD    YEAR
 MAXIMUM TEMPERATURE (F)   68        86      2006
                                             1982
 MINIMUM TEMPERATURE (F)   44        27      1953
                                             1921


SUNRISE AND SUNSET
APRIL 15 2017.........SUNRISE   639 AM CDT   SUNSET   749 PM CDT
APRIL 16 2017.........SUNRISE   637 AM CDT   SUNSET   750 PM CDT


-  INDICATES NEGATIVE NUMBERS.
R  INDICATES RECORD WAS SET OR TIED.
MM INDICATES DATA IS MISSING.
T  INDICATES TRACE AMOUNT.




$$
