000
CDUS43 KSGF 120628
CLISGF


CLIMATE REPORT
NATIONAL WEATHER SERVICE SPRINGFIELD MO
1228 AM CST THU JAN 12 2017


...................................

...THE SPRINGFIELD MO CLIMATE SUMMARY FOR JANUARY 11 2017...

CLIMATE NORMAL PERIOD 1981 TO 2010
CLIMATE RECORD PERIOD 1888 TO 2017


WEATHER ITEM   OBSERVED TIME   RECORD YEAR NORMAL DEPARTURE LAST
                VALUE   (LST)  VALUE       VALUE  FROM      YEAR
                                                  NORMAL
..................................................................
TEMPERATURE (F)
 YESTERDAY
  MAXIMUM         74R   246 PM  73    1911  42     32       40
  MINIMUM         39   1256 AM -18    1918  22     17       15
  AVERAGE         57                        32     25       28

PRECIPITATION (IN)
  YESTERDAY        0.00          1.89 1916   0.07  -0.07     0.00
  MONTH TO DATE    0.05                      0.94  -0.89     0.69
  SINCE DEC 1      0.67                      3.98  -3.31    12.12
  SINCE JAN 1      0.05                      0.94  -0.89     0.69

SNOWFALL (IN)
  YESTERDAY        0.0
  MONTH TO DATE    1.5
  SINCE DEC 1      1.7
  SINCE JUL 1      1.7
  SNOW DEPTH       0

DEGREE DAYS
 HEATING
  YESTERDAY        8                        33    -25       37
  MONTH TO DATE  358                       360     -2      353
  SINCE DEC 1   1255                      1291    -36     1002
  SINCE JUL 1   1771                      2170   -399     1647

 COOLING
  YESTERDAY        0                         0      0        0
  MONTH TO DATE    0                         0      0        0
  SINCE DEC 1      0                         0      0        0
  SINCE JAN 1      0                         0      0        0
..................................................................


WIND (MPH)
  HIGHEST WIND SPEED    37   HIGHEST WIND DIRECTION    SW (210)
  HIGHEST GUST SPEED    46   HIGHEST GUST DIRECTION    SW (210)
  AVERAGE WIND SPEED    17.9


SKY COVER
  AVERAGE SKY COVER 0.1


WEATHER CONDITIONS
 THE FOLLOWING WEATHER WAS RECORDED YESTERDAY.
  NO SIGNIFICANT WEATHER WAS OBSERVED.


RELATIVE HUMIDITY (PERCENT)
 HIGHEST    72          1000 AM
 LOWEST     44           300 PM
 AVERAGE    58

..........................................................


THE SPRINGFIELD MO CLIMATE NORMALS FOR TODAY
                         NORMAL    RECORD    YEAR
 MAXIMUM TEMPERATURE (F)   42        69      2000
                                             1960
 MINIMUM TEMPERATURE (F)   22       -19      1918


SUNRISE AND SUNSET
JANUARY 12 2017.......SUNRISE   727 AM CST   SUNSET   517 PM CST
JANUARY 13 2017.......SUNRISE   727 AM CST   SUNSET   518 PM CST


-  INDICATES NEGATIVE NUMBERS.
R  INDICATES RECORD WAS SET OR TIED.
MM INDICATES DATA IS MISSING.
T  INDICATES TRACE AMOUNT.




$$
