000
CDUS43 KSGF 220632
CLISGF


CLIMATE REPORT
NATIONAL WEATHER SERVICE SPRINGFIELD MO
1232 AM CST TUE NOV 22 2016


...................................

...THE SPRINGFIELD MO CLIMATE SUMMARY FOR NOVEMBER 21 2016...

CLIMATE NORMAL PERIOD 1981 TO 2010
CLIMATE RECORD PERIOD 1888 TO 2016


WEATHER ITEM   OBSERVED TIME   RECORD YEAR NORMAL DEPARTURE LAST
                VALUE   (LST)  VALUE       VALUE  FROM      YEAR
                                                  NORMAL
..................................................................
TEMPERATURE (F)
 YESTERDAY
  MAXIMUM         61    238 PM  75    1913  54      7       50
  MINIMUM         37    621 AM   9    1937  33      4       23
  AVERAGE         49                        43      6       37

PRECIPITATION (IN)
  YESTERDAY        0.00          1.72 1898   0.13  -0.13     0.17
  MONTH TO DATE    2.21                      2.98  -0.77     4.80
  SINCE SEP 1      9.90                     11.18  -1.28    10.36
  SINCE JAN 1     35.52                     41.29  -5.77    45.88

SNOWFALL (IN)
  YESTERDAY        0.0
  MONTH TO DATE    0.0
  SINCE SEP 1      0.0
  SINCE JUL 1      0.0
  SNOW DEPTH       0

DEGREE DAYS
 HEATING
  YESTERDAY       16                        22     -6       28
  MONTH TO DATE  229                       357   -128      278
  SINCE SEP 1    331                       663   -332      476
  SINCE JUL 1    331                       665   -334      479

 COOLING
  YESTERDAY        0                         0      0        0
  MONTH TO DATE   17                         0     17        0
  SINCE SEP 1    376                       201    175      286
  SINCE JAN 1   1808                      1387    421     1555
..................................................................


WIND (MPH)
  HIGHEST WIND SPEED    23   HIGHEST WIND DIRECTION    SE (150)
  HIGHEST GUST SPEED    32   HIGHEST GUST DIRECTION    SE (140)
  AVERAGE WIND SPEED    13.8


SKY COVER
  AVERAGE SKY COVER 0.0


WEATHER CONDITIONS
 THE FOLLOWING WEATHER WAS RECORDED YESTERDAY.
  NO SIGNIFICANT WEATHER WAS OBSERVED.


RELATIVE HUMIDITY (PERCENT)
 HIGHEST    64           400 AM
 LOWEST     32           300 PM
 AVERAGE    48

..........................................................


THE SPRINGFIELD MO CLIMATE NORMALS FOR TODAY
                         NORMAL    RECORD    YEAR
 MAXIMUM TEMPERATURE (F)   54        76      1900
 MINIMUM TEMPERATURE (F)   33         6      1898


SUNRISE AND SUNSET
NOVEMBER 22 2016......SUNRISE   700 AM CST   SUNSET   459 PM CST
NOVEMBER 23 2016......SUNRISE   701 AM CST   SUNSET   459 PM CST


-  INDICATES NEGATIVE NUMBERS.
R  INDICATES RECORD WAS SET OR TIED.
MM INDICATES DATA IS MISSING.
T  INDICATES TRACE AMOUNT.




$$
