000
CDUS43 KSGF 170638
CLISGF


CLIMATE REPORT
NATIONAL WEATHER SERVICE SPRINGFIELD MO
138 AM CDT SUN MAY 17 2015


...................................

...THE SPRINGFIELD MO CLIMATE SUMMARY FOR MAY 16 2015...

CLIMATE NORMAL PERIOD 1981 TO 2010
CLIMATE RECORD PERIOD 1888 TO 2015


WEATHER ITEM   OBSERVED TIME   RECORD YEAR NORMAL DEPARTURE LAST
                VALUE   (LST)  VALUE       VALUE  FROM      YEAR
                                                  NORMAL
..................................................................
TEMPERATURE (F)
 YESTERDAY
  MAXIMUM         82    322 PM  93    1972  75      7       62
  MINIMUM         69    724 AM  36    1997  55     14       37
                                      1890
  AVERAGE         76                        65     11       50

PRECIPITATION (IN)
  YESTERDAY        0.11          2.55 1896   0.16  -0.05     0.06
  MONTH TO DATE    2.60                      2.81  -0.21     2.40
  SINCE MAR 1      9.17                     10.75  -1.58     6.81
  SINCE JAN 1     11.77                     15.74  -3.97     8.60

SNOWFALL (IN)
  YESTERDAY        0.0
  MONTH TO DATE    0.0
  SINCE MAR 1      1.2
  SINCE JUL 1     15.8
  SNOW DEPTH       0

DEGREE DAYS
 HEATING
  YESTERDAY        0                         3     -3       15
  MONTH TO DATE   29                        67    -38       95
  SINCE MAR 1    794                       948   -154     1048
  SINCE JUL 1   4501                      4541    -40     5003

 COOLING
  YESTERDAY       11                         3      8        0
  MONTH TO DATE   67                        30     37       74
  SINCE MAR 1     89                        55     34       88
  SINCE JAN 1     89                        55     34       88
..................................................................


WIND (MPH)
  HIGHEST WIND SPEED    25   HIGHEST WIND DIRECTION    SE (150)
  HIGHEST GUST SPEED    32   HIGHEST GUST DIRECTION    SE (150)
  AVERAGE WIND SPEED    15.7


SKY COVER
  AVERAGE SKY COVER 0.5


WEATHER CONDITIONS
 THE FOLLOWING WEATHER WAS RECORDED YESTERDAY.
  HEAVY RAIN
  LIGHT RAIN
  HAZE


RELATIVE HUMIDITY (PERCENT)
 HIGHEST    90          1200 AM
 LOWEST     62           300 PM
 AVERAGE    76

..........................................................


THE SPRINGFIELD MO CLIMATE NORMALS FOR TODAY
                         NORMAL    RECORD    YEAR
 MAXIMUM TEMPERATURE (F)   76        88      2001
                                             1972
 MINIMUM TEMPERATURE (F)   55        37      2011


SUNRISE AND SUNSET
MAY 17 2015...........SUNRISE   604 AM CDT   SUNSET   817 PM CDT
MAY 18 2015...........SUNRISE   603 AM CDT   SUNSET   818 PM CDT


-  INDICATES NEGATIVE NUMBERS.
R  INDICATES RECORD WAS SET OR TIED.
MM INDICATES DATA IS MISSING.
T  INDICATES TRACE AMOUNT.




$$
