000
CDUS43 KSGF 220633
CLISGF


CLIMATE REPORT
NATIONAL WEATHER SERVICE SPRINGFIELD MO
133 AM CDT WED JUL 22 2015


...................................

...THE SPRINGFIELD MO CLIMATE SUMMARY FOR JULY 21 2015...

CLIMATE NORMAL PERIOD 1981 TO 2010
CLIMATE RECORD PERIOD 1888 TO 2015


WEATHER ITEM   OBSERVED TIME   RECORD YEAR NORMAL DEPARTURE LAST
                VALUE   (LST)  VALUE       VALUE  FROM      YEAR
                                                  NORMAL
..................................................................
TEMPERATURE (F)
 YESTERDAY
  MAXIMUM         84    315 PM 102    1974  89     -5       88
  MINIMUM         70   1043 PM  44    1970  68      2       65
  AVERAGE         77                        79     -2       77

PRECIPITATION (IN)
  YESTERDAY        0.00          2.95 1994   0.10  -0.10     0.00
  MONTH TO DATE    8.21                      2.65   5.56     2.25
  SINCE JUN 1     12.99                      7.50   5.49     8.48
  SINCE JAN 1     28.39                     25.53   2.86    19.96

SNOWFALL (IN)
  YESTERDAY        0.0
  MONTH TO DATE    0.0
  SINCE JUN 1      0.0
  SINCE JUL 1      0.0
  SNOW DEPTH       0

DEGREE DAYS
 HEATING
  YESTERDAY        0                         0      0        0
  MONTH TO DATE    0                         0      0        0
  SINCE JUN 1      1                         9     -8        0
  SINCE JUL 1      0                         0      0        0

 COOLING
  YESTERDAY       12                        14     -2       12
  MONTH TO DATE  294                       271     23      170
  SINCE JUN 1    644                       534    110      464
  SINCE JAN 1    786                       649    137      657
..................................................................


WIND (MPH)
  HIGHEST WIND SPEED    14   HIGHEST WIND DIRECTION    NE (60)
  HIGHEST GUST SPEED    17   HIGHEST GUST DIRECTION    NE (50)
  AVERAGE WIND SPEED     5.8


SKY COVER
  AVERAGE SKY COVER 0.4


WEATHER CONDITIONS
 THE FOLLOWING WEATHER WAS RECORDED YESTERDAY.
  NO SIGNIFICANT WEATHER WAS OBSERVED.


RELATIVE HUMIDITY (PERCENT)
 HIGHEST    93           100 AM
 LOWEST     58           400 PM
 AVERAGE    76

..........................................................


THE SPRINGFIELD MO CLIMATE NORMALS FOR TODAY
                         NORMAL    RECORD    YEAR
 MAXIMUM TEMPERATURE (F)   89       104      1901
 MINIMUM TEMPERATURE (F)   68        47      1970


SUNRISE AND SUNSET
JULY 22 2015..........SUNRISE   610 AM CDT   SUNSET   829 PM CDT
JULY 23 2015..........SUNRISE   611 AM CDT   SUNSET   829 PM CDT


-  INDICATES NEGATIVE NUMBERS.
R  INDICATES RECORD WAS SET OR TIED.
MM INDICATES DATA IS MISSING.
T  INDICATES TRACE AMOUNT.




$$
