000
CDUS43 KSGF 162126
CLISGF


CLIMATE REPORT
NATIONAL WEATHER SERVICE SPRINGFIELD MO
426 PM CDT SAT APR 16 2016


...................................

...THE SPRINGFIELD MO CLIMATE SUMMARY FOR APRIL 16 2016...
VALID AS OF 0400 PM LOCAL TIME.

CLIMATE NORMAL PERIOD 1981 TO 2010
CLIMATE RECORD PERIOD 1888 TO 2016


WEATHER ITEM   OBSERVED TIME   RECORD YEAR NORMAL DEPARTURE LAST
                VALUE   (LST)  VALUE       VALUE  FROM      YEAR
                                                  NORMAL
..................................................................
TEMPERATURE (F)
 TODAY
  MAXIMUM         68    235 PM  86    2006  68      0       73
                                      1982
  MINIMUM         59   1214 AM  27    1953  44     15       52
                                      1921
  AVERAGE         64                        56      8       63

PRECIPITATION (IN)
  TODAY            0.00          1.54 1922   0.14  -0.14     0.00
  MONTH TO DATE    0.81                      2.08  -1.27     2.30
  SINCE MAR 1      3.75                      5.70  -1.95     5.68
  SINCE JAN 1      5.03                     10.69  -5.66     8.28

SNOWFALL (IN)
  TODAY            0.0
  MONTH TO DATE    0.0
  SINCE MAR 1      T
  SINCE JUL 1      3.0
  SNOW DEPTH       0

DEGREE DAYS
 HEATING
  TODAY            1                        10     -9        2
  MONTH TO DATE  155                       192    -37      107
  SINCE MAR 1    553                       773   -220      654
  SINCE JUL 1   3466                      4366   -900     4361

 COOLING
  TODAY            0                         1     -1        0
  MONTH TO DATE    0                         9     -9       20
  SINCE MAR 1      2                        12    -10       20
  SINCE JAN 1      2                        12    -10       20
..................................................................


WIND (MPH)
  HIGHEST WIND SPEED    23   HIGHEST WIND DIRECTION    SE (150)
  HIGHEST GUST SPEED    30   HIGHEST GUST DIRECTION    SE (130)


SKY COVER
  AVERAGE SKY COVER 0.9


WEATHER CONDITIONS
 THE FOLLOWING WEATHER WAS RECORDED TODAY.
  NO SIGNIFICANT WEATHER WAS OBSERVED.


RELATIVE HUMIDITY (PERCENT)
 HIGHEST    78          1200 AM
 LOWEST     63          1000 AM
 AVERAGE    71

..........................................................


THE SPRINGFIELD MO CLIMATE NORMALS FOR TOMORROW
                         NORMAL    RECORD    YEAR
 MAXIMUM TEMPERATURE (F)   68        87      1937
 MINIMUM TEMPERATURE (F)   45        27      1921


SUNRISE AND SUNSET
APRIL 16 2016.........SUNRISE   637 AM CDT   SUNSET   750 PM CDT
APRIL 17 2016.........SUNRISE   636 AM CDT   SUNSET   751 PM CDT


-  INDICATES NEGATIVE NUMBERS.
R  INDICATES RECORD WAS SET OR TIED.
MM INDICATES DATA IS MISSING.
T  INDICATES TRACE AMOUNT.




$$
