000
CDUS43 KSGF 080635
CLISGF


CLIMATE REPORT
NATIONAL WEATHER SERVICE SPRINGFIELD MO
133 AM CDT FRI SEP 8 2017


...................................

...THE SPRINGFIELD MO CLIMATE SUMMARY FOR SEPTEMBER 7 2017...

CLIMATE NORMAL PERIOD 1981 TO 2010
CLIMATE RECORD PERIOD 1888 TO 2017


WEATHER ITEM   OBSERVED TIME   RECORD YEAR NORMAL DEPARTURE LAST
                VALUE   (LST)  VALUE       VALUE  FROM      YEAR
                                                  NORMAL
..................................................................
TEMPERATURE (F)
 YESTERDAY
  MAXIMUM         79    340 PM 104    1947  84     -5       94
  MINIMUM         49    630 AM  44    2011  61    -12       72
  AVERAGE         64                        73     -9       83

PRECIPITATION (IN)
  YESTERDAY        0.00          2.51 1948   0.15  -0.15     0.00
  MONTH TO DATE    T                         1.06  -1.06     0.00
  SINCE SEP 1      T                         1.06  -1.06     0.00
  SINCE JAN 1     42.58                     31.17  11.41    25.62

SNOWFALL (IN)
  YESTERDAY        0.0
  MONTH TO DATE    0.0
  SINCE SEP 1      0.0
  SINCE JUL 1      0.0
  SNOW DEPTH       0

DEGREE DAYS
 HEATING
  YESTERDAY        1                         0      1        0
  MONTH TO DATE    6                         0      6        0
  SINCE SEP 1      6                         0      6        0
  SINCE JUL 1      6                         2      4        0

 COOLING
  YESTERDAY        0                         8     -8       18
  MONTH TO DATE   34                        63    -29       78
  SINCE SEP 1     34                        63    -29       78
  SINCE JAN 1   1192                      1249    -57     1510
..................................................................


WIND (MPH)
  HIGHEST WIND SPEED    13   HIGHEST WIND DIRECTION     W (270)
  HIGHEST GUST SPEED    19   HIGHEST GUST DIRECTION    SW (240)
  AVERAGE WIND SPEED     4.1


SKY COVER
  AVERAGE SKY COVER 0.0


WEATHER CONDITIONS
 THE FOLLOWING WEATHER WAS RECORDED YESTERDAY.
  NO SIGNIFICANT WEATHER WAS OBSERVED.


RELATIVE HUMIDITY (PERCENT)
 HIGHEST    93           500 AM
 LOWEST     35           300 PM
 AVERAGE    64

..........................................................


THE SPRINGFIELD MO CLIMATE NORMALS FOR TODAY
                         NORMAL    RECORD    YEAR
 MAXIMUM TEMPERATURE (F)   84        98      1960
                                             1947
                                             1939
 MINIMUM TEMPERATURE (F)   61        45      1956


SUNRISE AND SUNSET
SEPTEMBER  8 2017.....SUNRISE   650 AM CDT   SUNSET   731 PM CDT
SEPTEMBER  9 2017.....SUNRISE   651 AM CDT   SUNSET   730 PM CDT


-  INDICATES NEGATIVE NUMBERS.
R  INDICATES RECORD WAS SET OR TIED.
MM INDICATES DATA IS MISSING.
T  INDICATES TRACE AMOUNT.




$$
