000
CDUS43 KSGF 180626
CLISGF


CLIMATE REPORT
NATIONAL WEATHER SERVICE SPRINGFIELD MO
126 AM CDT FRI JUL 18 2014


...................................

...THE SPRINGFIELD MO CLIMATE SUMMARY FOR JULY 17 2014...

CLIMATE NORMAL PERIOD 1981 TO 2010
CLIMATE RECORD PERIOD 1888 TO 2014


WEATHER ITEM   OBSERVED TIME   RECORD YEAR NORMAL DEPARTURE LAST
                VALUE   (LST)  VALUE       VALUE  FROM      YEAR
                                                  NORMAL
..................................................................
TEMPERATURE (F)
 YESTERDAY
  MAXIMUM         75    112 PM 107    1954  89    -14       92
  MINIMUM         58    454 AM  52    1976  68    -10       70
                                      1967
  AVERAGE         67                        78    -11       81

PRECIPITATION (IN)
  YESTERDAY        T             1.79 1960   0.12  -0.12      T
  MONTH TO DATE    2.25                      2.21   0.04     1.57
  SINCE JUN 1      8.48                      7.06   1.42     3.83
  SINCE JAN 1     19.96                     25.09  -5.13    27.55

SNOWFALL (IN)
  YESTERDAY        0.0
  MONTH TO DATE    0.0
  SINCE JUN 1      0.0
  SINCE JUL 1      0.0
  SNOW DEPTH       0

DEGREE DAYS
 HEATING
  YESTERDAY        0                         0      0        0
  MONTH TO DATE    0                         0      0        0
  SINCE JUN 1      0                         9     -9       14
  SINCE JUL 1      0                         0      0        0

 COOLING
  YESTERDAY        2                        13    -11       16
  MONTH TO DATE  143                       216    -73      210
  SINCE JUN 1    437                       479    -42      494
  SINCE JAN 1    630                       594     36      621
..................................................................


WIND (MPH)
  HIGHEST WIND SPEED    15   HIGHEST WIND DIRECTION     S (170)
  HIGHEST GUST SPEED    19   HIGHEST GUST DIRECTION     S (180)
  AVERAGE WIND SPEED     5.9


SKY COVER
  AVERAGE SKY COVER 0.2


WEATHER CONDITIONS
 THE FOLLOWING WEATHER WAS RECORDED YESTERDAY.
  LIGHT RAIN


RELATIVE HUMIDITY (PERCENT)
 HIGHEST    80           200 AM
 LOWEST     49          1200 PM
 AVERAGE    65

..........................................................


THE SPRINGFIELD MO CLIMATE NORMALS FOR TODAY
                         NORMAL    RECORD    YEAR
 MAXIMUM TEMPERATURE (F)   89       108      1954
 MINIMUM TEMPERATURE (F)   68        53      1984


SUNRISE AND SUNSET
JULY 18 2014..........SUNRISE   607 AM CDT   SUNSET   832 PM CDT
JULY 19 2014..........SUNRISE   608 AM CDT   SUNSET   831 PM CDT


-  INDICATES NEGATIVE NUMBERS.
R  INDICATES RECORD WAS SET OR TIED.
MM INDICATES DATA IS MISSING.
T  INDICATES TRACE AMOUNT.




$$
