000
CDUS43 KSGF 210626
CLISGF


CLIMATE REPORT
NATIONAL WEATHER SERVICE SPRINGFIELD MO
126 AM CDT SUN JUN 21 2015


...................................

...THE SPRINGFIELD MO CLIMATE SUMMARY FOR JUNE 20 2015...

CLIMATE NORMAL PERIOD 1981 TO 2010
CLIMATE RECORD PERIOD 1888 TO 2015


WEATHER ITEM   OBSERVED TIME   RECORD YEAR NORMAL DEPARTURE LAST
                VALUE   (LST)  VALUE       VALUE  FROM      YEAR
                                                  NORMAL
..................................................................
TEMPERATURE (F)
 YESTERDAY
  MAXIMUM         91    254 PM 101    1936  85      6       89
  MINIMUM         64    423 AM  46    1976  64      0       70
  AVERAGE         78                        75      3       80

PRECIPITATION (IN)
  YESTERDAY        0.00          3.00 1924   0.18  -0.18     0.00
  MONTH TO DATE    4.15                      3.26   0.89     4.22
  SINCE JUN 1      4.15                      3.26   0.89     4.22
  SINCE JAN 1     19.55                     21.29  -1.74    15.70

SNOWFALL (IN)
  YESTERDAY        0.0
  MONTH TO DATE    0.0
  SINCE JUN 1      0.0
  SINCE JUL 1     15.8
  SNOW DEPTH       0

DEGREE DAYS
 HEATING
  YESTERDAY        0                         0      0        0
  MONTH TO DATE    1                         7     -6        0
  SINCE JUN 1      1                         7     -6        0
  SINCE JUL 1   4536                      4576    -40     5020

 COOLING
  YESTERDAY       13                        10      3       15
  MONTH TO DATE  214                       154     60      171
  SINCE JUN 1    214                       154     60      171
  SINCE JAN 1    356                       269     87      364
..................................................................


WIND (MPH)
  HIGHEST WIND SPEED    23   HIGHEST WIND DIRECTION    SW (210)
  HIGHEST GUST SPEED    28   HIGHEST GUST DIRECTION    SW (210)
  AVERAGE WIND SPEED    11.1


SKY COVER
  AVERAGE SKY COVER 0.1


WEATHER CONDITIONS
 THE FOLLOWING WEATHER WAS RECORDED YESTERDAY.
  FOG


RELATIVE HUMIDITY (PERCENT)
 HIGHEST   100           200 AM
 LOWEST     43           600 PM
 AVERAGE    72

..........................................................


THE SPRINGFIELD MO CLIMATE NORMALS FOR TODAY
                         NORMAL    RECORD    YEAR
 MAXIMUM TEMPERATURE (F)   85        99      1936
 MINIMUM TEMPERATURE (F)   65        49      1976


SUNRISE AND SUNSET
JUNE 21 2015..........SUNRISE   553 AM CDT   SUNSET   837 PM CDT
JUNE 22 2015..........SUNRISE   554 AM CDT   SUNSET   837 PM CDT


-  INDICATES NEGATIVE NUMBERS.
R  INDICATES RECORD WAS SET OR TIED.
MM INDICATES DATA IS MISSING.
T  INDICATES TRACE AMOUNT.




$$
