000
CDUS43 KSGF 280629
CLISGF


CLIMATE REPORT
NATIONAL WEATHER SERVICE SPRINGFIELD MO
129 AM CDT THU APR 28 2016


...................................

...THE SPRINGFIELD MO CLIMATE SUMMARY FOR APRIL 27 2016...

CLIMATE NORMAL PERIOD 1981 TO 2010
CLIMATE RECORD PERIOD 1888 TO 2016


WEATHER ITEM   OBSERVED TIME   RECORD YEAR NORMAL DEPARTURE LAST
                VALUE   (LST)  VALUE       VALUE  FROM      YEAR
                                                  NORMAL
..................................................................
TEMPERATURE (F)
 YESTERDAY
  MAXIMUM         77    328 PM  91    1989  71      6       65
  MINIMUM         51   1159 PM  33    1967  48      3       46
  AVERAGE         64                        59      5       56

PRECIPITATION (IN)
  YESTERDAY        0.54          1.10 1998   0.17   0.37     0.00
  MONTH TO DATE    1.41                      3.81  -2.40     3.19
  SINCE MAR 1      4.35                      7.43  -3.08     6.57
  SINCE JAN 1      5.63                     12.42  -6.79     9.17

SNOWFALL (IN)
  YESTERDAY        0.0
  MONTH TO DATE    0.0
  SINCE MAR 1      T
  SINCE JUL 1      3.0
  SNOW DEPTH       0

DEGREE DAYS
 HEATING
  YESTERDAY        1                         7     -6        9
  MONTH TO DATE  177                       282   -105      194
  SINCE MAR 1    575                       863   -288      741
  SINCE JUL 1   3488                      4456   -968     4448

 COOLING
  YESTERDAY        0                         1     -1        0
  MONTH TO DATE   25                        20      5       22
  SINCE MAR 1     27                        23      4       22
  SINCE JAN 1     27                        23      4       22
..................................................................


WIND (MPH)
  HIGHEST WIND SPEED    35   HIGHEST WIND DIRECTION    SW (240)
  HIGHEST GUST SPEED    46   HIGHEST GUST DIRECTION    SW (240)
  AVERAGE WIND SPEED    13.5


SKY COVER
  AVERAGE SKY COVER 0.2


WEATHER CONDITIONS
 THE FOLLOWING WEATHER WAS RECORDED YESTERDAY.
  THUNDERSTORM
  HEAVY RAIN
  RAIN
  LIGHT RAIN
  FOG


RELATIVE HUMIDITY (PERCENT)
 HIGHEST    93           400 AM
 LOWEST     38           400 PM
 AVERAGE    66

..........................................................


THE SPRINGFIELD MO CLIMATE NORMALS FOR TODAY
                         NORMAL    RECORD    YEAR
 MAXIMUM TEMPERATURE (F)   71        87      1899
                                             1894
 MINIMUM TEMPERATURE (F)   49        31      1973


SUNRISE AND SUNSET
APRIL 28 2016.........SUNRISE   622 AM CDT   SUNSET   801 PM CDT
APRIL 29 2016.........SUNRISE   620 AM CDT   SUNSET   802 PM CDT


-  INDICATES NEGATIVE NUMBERS.
R  INDICATES RECORD WAS SET OR TIED.
MM INDICATES DATA IS MISSING.
T  INDICATES TRACE AMOUNT.




$$
