000
CDUS43 KSGF 132128
CLISGF


CLIMATE REPORT
NATIONAL WEATHER SERVICE SPRINGFIELD MO
427 PM CDT TUE SEP 13 2016


...................................

...THE SPRINGFIELD MO CLIMATE SUMMARY FOR SEPTEMBER 13 2016...
VALID AS OF 0400 PM LOCAL TIME.

CLIMATE NORMAL PERIOD 1981 TO 2010
CLIMATE RECORD PERIOD 1888 TO 2016


WEATHER ITEM   OBSERVED TIME   RECORD YEAR NORMAL DEPARTURE LAST
                VALUE   (LST)  VALUE       VALUE  FROM      YEAR
                                                  NORMAL
..................................................................
TEMPERATURE (F)
 TODAY
  MAXIMUM         88    249 PM  99    2011  81      7       75
  MINIMUM         67    457 AM  38    1902  59      8       49
  AVERAGE         78                        70      8       62

PRECIPITATION (IN)
  TODAY            0.00          2.42 1961   0.16  -0.16     0.00
  MONTH TO DATE    1.17                      2.01  -0.84     4.04
  SINCE SEP 1      1.17                      2.01  -0.84     4.04
  SINCE JAN 1     26.79                     32.12  -5.33    39.56

SNOWFALL (IN)
  TODAY            0.0
  MONTH TO DATE    0.0
  SINCE SEP 1      0.0
  SINCE JUL 1      0.0
  SNOW DEPTH       0

DEGREE DAYS
 HEATING
  TODAY            0                         1     -1        3
  MONTH TO DATE    0                         5     -5        8
  SINCE SEP 1      0                         5     -5        8
  SINCE JUL 1      0                         7     -7       11

 COOLING
  TODAY           13                         6      7        0
  MONTH TO DATE  127                       104     23      143
  SINCE SEP 1    127                       104     23      143
  SINCE JAN 1   1559                      1290    269     1412
..................................................................


WIND (MPH)
  HIGHEST WIND SPEED    12   HIGHEST WIND DIRECTION    SW (240)
  HIGHEST GUST SPEED    14   HIGHEST GUST DIRECTION    NE (40)


SKY COVER
  AVERAGE SKY COVER 0.2


WEATHER CONDITIONS
 THE FOLLOWING WEATHER WAS RECORDED TODAY.
  NO SIGNIFICANT WEATHER WAS OBSERVED.


RELATIVE HUMIDITY (PERCENT)
 HIGHEST    87           400 AM
 LOWEST     46           100 PM
 AVERAGE    67

..........................................................


THE SPRINGFIELD MO CLIMATE NORMALS FOR TOMORROW
                         NORMAL    RECORD    YEAR
 MAXIMUM TEMPERATURE (F)   81       102      1893
 MINIMUM TEMPERATURE (F)   58        43      1974


SUNRISE AND SUNSET
SEPTEMBER 13 2016.....SUNRISE   654 AM CDT   SUNSET   723 PM CDT
SEPTEMBER 14 2016.....SUNRISE   655 AM CDT   SUNSET   722 PM CDT


-  INDICATES NEGATIVE NUMBERS.
R  INDICATES RECORD WAS SET OR TIED.
MM INDICATES DATA IS MISSING.
T  INDICATES TRACE AMOUNT.




$$
