000
CDUS43 KSGF 142129
CLISGF


CLIMATE REPORT
NATIONAL WEATHER SERVICE SPRINGFIELD MO
429 PM CDT MON JUL 14 2014


...................................

...THE SPRINGFIELD MO CLIMATE SUMMARY FOR JULY 14 2014...
VALID AS OF 0400 PM LOCAL TIME.

CLIMATE NORMAL PERIOD 1981 TO 2010
CLIMATE RECORD PERIOD 1888 TO 2014


WEATHER ITEM   OBSERVED TIME   RECORD YEAR NORMAL DEPARTURE LAST
                VALUE   (LST)  VALUE       VALUE  FROM      YEAR
                                                  NORMAL
..................................................................
TEMPERATURE (F)
 TODAY
  MAXIMUM         86    221 PM 113    1954  89     -3       87
  MINIMUM         70    510 AM  49    1967  68      2       64
  AVERAGE         78                        78      0       76

PRECIPITATION (IN)
  TODAY            0.52          2.02 1978   0.12   0.40     0.00
  MONTH TO DATE    2.25                      1.85   0.40     1.22
  SINCE JUN 1      8.48                      6.70   1.78     3.48
  SINCE JAN 1     19.96                     24.73  -4.77    27.20

SNOWFALL (IN)
  TODAY            0.0
  MONTH TO DATE    0.0
  SINCE JUN 1      0.0
  SINCE JUL 1      0.0
  SNOW DEPTH       0

DEGREE DAYS
 HEATING
  TODAY            0                         0      0        0
  MONTH TO DATE    0                         0      0        0
  SINCE JUN 1      0                         9     -9       14
  SINCE JUL 1      0                         0      0        0

 COOLING
  TODAY           13                        13      0       11
  MONTH TO DATE  143                       177    -34      163
  SINCE JUN 1    437                       440     -3      447
  SINCE JAN 1    630                       555     75      574
..................................................................


WIND (MPH)
  HIGHEST WIND SPEED    23   HIGHEST WIND DIRECTION     N (360)
  HIGHEST GUST SPEED    27   HIGHEST GUST DIRECTION     N (10)


SKY COVER
  AVERAGE SKY COVER 0.4


WEATHER CONDITIONS
 THE FOLLOWING WEATHER WAS RECORDED TODAY.
  THUNDERSTORM
  HEAVY RAIN
  LIGHT RAIN
  FOG
  FOG W/VISIBILITY <= 1/4 MILE


RELATIVE HUMIDITY (PERCENT)
 HIGHEST   100           400 AM
 LOWEST     57           200 PM
 AVERAGE    79

..........................................................


THE SPRINGFIELD MO CLIMATE NORMALS FOR TOMORROW
                         NORMAL    RECORD    YEAR
 MAXIMUM TEMPERATURE (F)   89       106      1936
 MINIMUM TEMPERATURE (F)   68        50      1967


SUNRISE AND SUNSET
JULY 14 2014..........SUNRISE   604 AM CDT   SUNSET   834 PM CDT
JULY 15 2014..........SUNRISE   605 AM CDT   SUNSET   834 PM CDT


-  INDICATES NEGATIVE NUMBERS.
R  INDICATES RECORD WAS SET OR TIED.
MM INDICATES DATA IS MISSING.
T  INDICATES TRACE AMOUNT.




$$
