000
CDUS43 KSGF 012129
CLISGF


CLIMATE REPORT
NATIONAL WEATHER SERVICE SPRINGFIELD MO
428 PM CDT TUE APR 1 2014


...................................

...THE SPRINGFIELD MO CLIMATE SUMMARY FOR APRIL 1 2014...
VALID AS OF 0400 PM LOCAL TIME.

CLIMATE NORMAL PERIOD 1981 TO 2010
CLIMATE RECORD PERIOD 1888 TO 2014


WEATHER ITEM   OBSERVED TIME   RECORD YEAR NORMAL DEPARTURE LAST
                VALUE   (LST)  VALUE       VALUE  FROM      YEAR
                                                  NORMAL
..................................................................
TEMPERATURE (F)
 TODAY
  MAXIMUM         59    245 PM  92    1946  63     -4       53
  MINIMUM         37    518 AM  22    1899  40     -3       37
  AVERAGE         48                        51     -3       45

PRECIPITATION (IN)
  TODAY            T             1.87 1983   0.13  -0.13      T
  MONTH TO DATE    T                         0.13  -0.13      T
  SINCE MAR 1      2.33                      3.75  -1.42     4.77
  SINCE JAN 1      4.12                      8.74  -4.62    10.11

SNOWFALL (IN)
  TODAY            0.0
  MONTH TO DATE    0.0
  SINCE MAR 1      4.8
  SINCE JUL 1     32.2
  SNOW DEPTH       0

DEGREE DAYS
 HEATING
  TODAY           17                        14      3       20
  MONTH TO DATE   17                        14      3       20
  SINCE MAR 1    698                       595    103      737
  SINCE JUL 1   4653                      4188    465     4035

 COOLING
  TODAY            0                         0      0        0
  MONTH TO DATE    0                         0      0        0
  SINCE MAR 1      0                         3     -3        0
  SINCE JAN 1      0                         3     -3        0
..................................................................


WIND (MPH)
  HIGHEST WIND SPEED    13   HIGHEST WIND DIRECTION     N (350)
  HIGHEST GUST SPEED    17   HIGHEST GUST DIRECTION     W (280)


SKY COVER
  AVERAGE SKY COVER 0.5


WEATHER CONDITIONS
 THE FOLLOWING WEATHER WAS RECORDED TODAY.
  THUNDERSTORM
  LIGHT RAIN


RELATIVE HUMIDITY (PERCENT)
 HIGHEST    89          1200 AM
 LOWEST     38          1200 PM
 AVERAGE    64

..........................................................


THE SPRINGFIELD MO CLIMATE NORMALS FOR TOMORROW
                         NORMAL    RECORD    YEAR
 MAXIMUM TEMPERATURE (F)   63        89      1946
 MINIMUM TEMPERATURE (F)   40        20      1936


SUNRISE AND SUNSET
APRIL  1 2014.........SUNRISE   659 AM CDT   SUNSET   736 PM CDT
APRIL  2 2014.........SUNRISE   658 AM CDT   SUNSET   737 PM CDT


-  INDICATES NEGATIVE NUMBERS.
R  INDICATES RECORD WAS SET OR TIED.
MM INDICATES DATA IS MISSING.
T  INDICATES TRACE AMOUNT.




$$
