000
CDUS43 KSGF 042127
CLISGF


CLIMATE REPORT
NATIONAL WEATHER SERVICE SPRINGFIELD MO
426 PM CDT MON SEP 4 2017


...................................

...THE SPRINGFIELD MO CLIMATE SUMMARY FOR SEPTEMBER 4 2017...
VALID AS OF 0400 PM LOCAL TIME.

CLIMATE NORMAL PERIOD 1981 TO 2010
CLIMATE RECORD PERIOD 1888 TO 2017


WEATHER ITEM   OBSERVED TIME   RECORD YEAR NORMAL DEPARTURE LAST
                VALUE   (LST)  VALUE       VALUE  FROM      YEAR
                                                  NORMAL
..................................................................
TEMPERATURE (F)
 TODAY
  MAXIMUM         90    259 PM 104    1947  85      5       86
  MINIMUM         68    535 AM  39    1974  63      5       57
  AVERAGE         79                        74      5       72

PRECIPITATION (IN)
  TODAY            0.00          1.54 1937   0.15  -0.15     0.00
  MONTH TO DATE    0.00                      0.61  -0.61     0.00
  SINCE SEP 1      0.00                      0.61  -0.61     0.00
  SINCE JAN 1     42.58                     30.72  11.86    25.62

SNOWFALL (IN)
  TODAY            0.0
  MONTH TO DATE    0.0
  SINCE SEP 1      0.0
  SINCE JUL 1      0.0
  SNOW DEPTH       0

DEGREE DAYS
 HEATING
  TODAY            0                         0      0        0
  MONTH TO DATE    0                         0      0        0
  SINCE SEP 1      0                         0      0        0
  SINCE JUL 1      0                         2     -2        0

 COOLING
  TODAY           14                         9      5        7
  MONTH TO DATE   34                        38     -4       24
  SINCE SEP 1     34                        38     -4       24
  SINCE JAN 1   1192                      1224    -32     1456
..................................................................


WIND (MPH)
  HIGHEST WIND SPEED    20   HIGHEST WIND DIRECTION    SW (220)
  HIGHEST GUST SPEED    26   HIGHEST GUST DIRECTION    SW (240)


SKY COVER
  AVERAGE SKY COVER 0.0


WEATHER CONDITIONS
 THE FOLLOWING WEATHER WAS RECORDED TODAY.
  FOG


RELATIVE HUMIDITY (PERCENT)
 HIGHEST    97           100 AM
 LOWEST     50           200 PM
 AVERAGE    74

..........................................................


THE SPRINGFIELD MO CLIMATE NORMALS FOR TOMORROW
                         NORMAL    RECORD    YEAR
 MAXIMUM TEMPERATURE (F)   85        99      1998
                                             1990
 MINIMUM TEMPERATURE (F)   62        47      1974


SUNRISE AND SUNSET
SEPTEMBER  4 2017.....SUNRISE   647 AM CDT   SUNSET   737 PM CDT
SEPTEMBER  5 2017.....SUNRISE   648 AM CDT   SUNSET   736 PM CDT


-  INDICATES NEGATIVE NUMBERS.
R  INDICATES RECORD WAS SET OR TIED.
MM INDICATES DATA IS MISSING.
T  INDICATES TRACE AMOUNT.




$$
