000
CDUS43 KSGF 082133
CLISGF


CLIMATE REPORT
NATIONAL WEATHER SERVICE SPRINGFIELD MO
433 PM CDT SAT JUL 8 2017


...................................

...THE SPRINGFIELD MO CLIMATE SUMMARY FOR JULY 8 2017...
VALID AS OF 0400 PM LOCAL TIME.

CLIMATE NORMAL PERIOD 1981 TO 2010
CLIMATE RECORD PERIOD 1888 TO 2017


WEATHER ITEM   OBSERVED TIME   RECORD YEAR NORMAL DEPARTURE LAST
                VALUE   (LST)  VALUE       VALUE  FROM      YEAR
                                                  NORMAL
..................................................................
TEMPERATURE (F)
 TODAY
  MAXIMUM         89    259 PM  99    2012  88      1       84
  MINIMUM         67    508 AM  53    1891  67      0       69
  AVERAGE         78                        78      0       77

PRECIPITATION (IN)
  TODAY            0.00          2.60 1933   0.13  -0.13     0.18
  MONTH TO DATE    0.63                      1.09  -0.46     2.64
  SINCE JUN 1      5.62                      5.94  -0.32     7.06
  SINCE JAN 1     34.32                     23.97  10.35    18.31

SNOWFALL (IN)
  TODAY            0.0
  MONTH TO DATE    0.0
  SINCE JUN 1      0.0
  SINCE JUL 1      0.0
  SNOW DEPTH       0

DEGREE DAYS
 HEATING
  TODAY            0                         0      0        0
  MONTH TO DATE    0                         0      0        0
  SINCE JUN 1      0                         9     -9        0
  SINCE JUL 1      0                         0      0        0

 COOLING
  TODAY           13                        13      0       12
  MONTH TO DATE   94                        99     -5      104
  SINCE JUN 1    364                       362      2      500
  SINCE JAN 1    512                       477     35      620
..................................................................


WIND (MPH)
  HIGHEST WIND SPEED    13   HIGHEST WIND DIRECTION     E (110)
  HIGHEST GUST SPEED    15   HIGHEST GUST DIRECTION    SE (130)


SKY COVER
  AVERAGE SKY COVER 0.0


WEATHER CONDITIONS
 THE FOLLOWING WEATHER WAS RECORDED TODAY.
  NO SIGNIFICANT WEATHER WAS OBSERVED.


RELATIVE HUMIDITY (PERCENT)
 HIGHEST    97           300 AM
 LOWEST     43           300 PM
 AVERAGE    70

..........................................................


THE SPRINGFIELD MO CLIMATE NORMALS FOR TOMORROW
                         NORMAL    RECORD    YEAR
 MAXIMUM TEMPERATURE (F)   88       103      1978
 MINIMUM TEMPERATURE (F)   67        53      1961
                                             1891


SUNRISE AND SUNSET
JULY  8 2017..........SUNRISE   601 AM CDT   SUNSET   836 PM CDT
JULY  9 2017..........SUNRISE   601 AM CDT   SUNSET   836 PM CDT


-  INDICATES NEGATIVE NUMBERS.
R  INDICATES RECORD WAS SET OR TIED.
MM INDICATES DATA IS MISSING.
T  INDICATES TRACE AMOUNT.




$$
