000
CDUS43 KSGF 140642
CLISGF


CLIMATE REPORT
NATIONAL WEATHER SERVICE SPRINGFIELD MO
142 AM CDT MON JUL 14 2014


...................................

...THE SPRINGFIELD MO CLIMATE SUMMARY FOR JULY 13 2014...

CLIMATE NORMAL PERIOD 1981 TO 2010
CLIMATE RECORD PERIOD 1888 TO 2014


WEATHER ITEM   OBSERVED TIME   RECORD YEAR NORMAL DEPARTURE LAST
                VALUE   (LST)  VALUE       VALUE  FROM      YEAR
                                                  NORMAL
..................................................................
TEMPERATURE (F)
 YESTERDAY
  MAXIMUM         92    339 PM 108    1954  89      3       85
  MINIMUM         70    432 AM  49    1975  68      2       64
  AVERAGE         81                        78      3       75

PRECIPITATION (IN)
  YESTERDAY        0.01          1.48 1927   0.12  -0.11     0.00
  MONTH TO DATE    1.73                      1.73   0.00     1.22
  SINCE JUN 1      7.96                      6.58   1.38     3.48
  SINCE JAN 1     19.44                     24.61  -5.17    27.20

SNOWFALL (IN)
  YESTERDAY        0.0
  MONTH TO DATE    0.0
  SINCE JUN 1      0.0
  SINCE JUL 1      0.0
  SNOW DEPTH       0

DEGREE DAYS
 HEATING
  YESTERDAY        0                         0      0        0
  MONTH TO DATE    0                         0      0        0
  SINCE JUN 1      0                         9     -9       14
  SINCE JUL 1      0                         0      0        0

 COOLING
  YESTERDAY       16                        13      3       10
  MONTH TO DATE  130                       164    -34      152
  SINCE JUN 1    424                       427     -3      436
  SINCE JAN 1    617                       542     75      563
..................................................................


WIND (MPH)
  HIGHEST WIND SPEED    17   HIGHEST WIND DIRECTION     S (190)
  HIGHEST GUST SPEED    22   HIGHEST GUST DIRECTION    SW (210)
  AVERAGE WIND SPEED     7.6


SKY COVER
  AVERAGE SKY COVER 0.2


WEATHER CONDITIONS
 THE FOLLOWING WEATHER WAS RECORDED YESTERDAY.
  THUNDERSTORM
  LIGHT RAIN


RELATIVE HUMIDITY (PERCENT)
 HIGHEST    87          1200 AM
 LOWEST     49           100 PM
 AVERAGE    68

..........................................................


THE SPRINGFIELD MO CLIMATE NORMALS FOR TODAY
                         NORMAL    RECORD    YEAR
 MAXIMUM TEMPERATURE (F)   89       113      1954
 MINIMUM TEMPERATURE (F)   68        49      1967


SUNRISE AND SUNSET
JULY 14 2014..........SUNRISE   604 AM CDT   SUNSET   834 PM CDT
JULY 15 2014..........SUNRISE   605 AM CDT   SUNSET   834 PM CDT


-  INDICATES NEGATIVE NUMBERS.
R  INDICATES RECORD WAS SET OR TIED.
MM INDICATES DATA IS MISSING.
T  INDICATES TRACE AMOUNT.




$$
