000
CDUS43 KSGF 120627
CLISGF


CLIMATE REPORT
NATIONAL WEATHER SERVICE SPRINGFIELD MO
126 AM CDT FRI MAY 12 2017


...................................

...THE SPRINGFIELD MO CLIMATE SUMMARY FOR MAY 11 2017...

CLIMATE NORMAL PERIOD 1981 TO 2010
CLIMATE RECORD PERIOD 1888 TO 2017


WEATHER ITEM   OBSERVED TIME   RECORD YEAR NORMAL DEPARTURE LAST
                VALUE   (LST)  VALUE       VALUE  FROM      YEAR
                                                  NORMAL
..................................................................
TEMPERATURE (F)
 YESTERDAY
  MAXIMUM         75    159 PM  90    1963  74      1       86
  MINIMUM         60    416 AM  34    1969  53      7       67
  AVERAGE         68                        63      5       77

PRECIPITATION (IN)
  YESTERDAY        0.95          1.88 1918   0.18   0.77      T
  MONTH TO DATE    2.90                      1.96   0.94     0.07
  SINCE MAR 1     19.72                      9.90   9.82     5.51
  SINCE JAN 1     24.18                     14.89   9.29     6.79

SNOWFALL (IN)
  YESTERDAY        0.0
  MONTH TO DATE    0.0
  SINCE MAR 1      0.1
  SINCE JUL 1      1.8
  SNOW DEPTH       0

DEGREE DAYS
 HEATING
  YESTERDAY        0                         4     -4        0
  MONTH TO DATE   48                        51     -3       52
  SINCE MAR 1    639                       932   -293      639
  SINCE JUL 1   3328                      4525  -1197     3552

 COOLING
  YESTERDAY        3                         2      1       12
  MONTH TO DATE   20                        17      3       25
  SINCE MAR 1     61                        42     19       52
  SINCE JAN 1     70                        42     28       52
..................................................................


WIND (MPH)
  HIGHEST WIND SPEED    21   HIGHEST WIND DIRECTION     E (80)
  HIGHEST GUST SPEED    25   HIGHEST GUST DIRECTION     E (80)
  AVERAGE WIND SPEED     6.5


SKY COVER
  AVERAGE SKY COVER 0.8


WEATHER CONDITIONS
 THE FOLLOWING WEATHER WAS RECORDED YESTERDAY.
  THUNDERSTORM
  HEAVY RAIN
  RAIN
  LIGHT RAIN
  FOG


RELATIVE HUMIDITY (PERCENT)
 HIGHEST   100           400 AM
 LOWEST     76          1000 AM
 AVERAGE    88

..........................................................


THE SPRINGFIELD MO CLIMATE NORMALS FOR TODAY
                         NORMAL    RECORD    YEAR
 MAXIMUM TEMPERATURE (F)   74        90      1963
 MINIMUM TEMPERATURE (F)   53        36      2013


SUNRISE AND SUNSET
MAY 12 2017...........SUNRISE   607 AM CDT   SUNSET   813 PM CDT
MAY 13 2017...........SUNRISE   606 AM CDT   SUNSET   814 PM CDT


-  INDICATES NEGATIVE NUMBERS.
R  INDICATES RECORD WAS SET OR TIED.
MM INDICATES DATA IS MISSING.
T  INDICATES TRACE AMOUNT.




$$
