000
CDUS43 KSGF 200630
CLISGF


CLIMATE REPORT
NATIONAL WEATHER SERVICE SPRINGFIELD MO
127 AM CDT FRI MAR 20 2015


...................................

...THE SPRINGFIELD MO CLIMATE SUMMARY FOR MARCH 19 2015...

CLIMATE NORMAL PERIOD 1981 TO 2010
CLIMATE RECORD PERIOD 1888 TO 2015


WEATHER ITEM   OBSERVED TIME   RECORD YEAR NORMAL DEPARTURE LAST
                VALUE   (LST)  VALUE       VALUE  FROM      YEAR
                                                  NORMAL
..................................................................
TEMPERATURE (F)
 YESTERDAY
  MAXIMUM         47    633 PM  86    1907  59    -12       53
  MINIMUM         38    756 AM   2    1923  36      2       35
  AVERAGE         43                        47     -4       44

PRECIPITATION (IN)
  YESTERDAY        0.05          1.93 1998   0.12  -0.07     0.00
  MONTH TO DATE    2.07                      2.12  -0.05     2.11
  SINCE MAR 1      2.07                      2.12  -0.05     2.11
  SINCE JAN 1      4.67                      7.11  -2.44     3.90

SNOWFALL (IN)
  YESTERDAY        0.0
  MONTH TO DATE    1.2
  SINCE MAR 1      1.2
  SINCE JUL 1     15.8
  SNOW DEPTH       0

DEGREE DAYS
 HEATING
  YESTERDAY       22                        18      4       21
  MONTH TO DATE  386                       390     -4      458
  SINCE MAR 1    386                       390     -4      458
  SINCE JUL 1   4093                      3983    110     4413

 COOLING
  YESTERDAY        0                         0      0        0
  MONTH TO DATE    0                         0      0        0
  SINCE MAR 1      0                         0      0        0
  SINCE JAN 1      0                         0      0        0
..................................................................


WIND (MPH)
  HIGHEST WIND SPEED    14   HIGHEST WIND DIRECTION    SE (140)
  HIGHEST GUST SPEED    17   HIGHEST GUST DIRECTION    SE (140)
  AVERAGE WIND SPEED     5.8


SKY COVER
  AVERAGE SKY COVER 1.0


WEATHER CONDITIONS
 THE FOLLOWING WEATHER WAS RECORDED YESTERDAY.
  LIGHT RAIN
  FOG


RELATIVE HUMIDITY (PERCENT)
 HIGHEST    92          1200 AM
 LOWEST     82          1000 AM
 AVERAGE    87

..........................................................


THE SPRINGFIELD MO CLIMATE NORMALS FOR TODAY
                         NORMAL    RECORD    YEAR
 MAXIMUM TEMPERATURE (F)   59        92      1907
 MINIMUM TEMPERATURE (F)   37        10      1965


SUNRISE AND SUNSET
MARCH 20 2015.........SUNRISE   717 AM CDT   SUNSET   725 PM CDT
MARCH 21 2015.........SUNRISE   716 AM CDT   SUNSET   726 PM CDT


-  INDICATES NEGATIVE NUMBERS.
R  INDICATES RECORD WAS SET OR TIED.
MM INDICATES DATA IS MISSING.
T  INDICATES TRACE AMOUNT.




$$
