000
CDUS43 KSGF 030625
CLISGF


CLIMATE REPORT
NATIONAL WEATHER SERVICE SPRINGFIELD MO
125 AM CDT THU APR 3 2014


...................................

...THE SPRINGFIELD MO CLIMATE SUMMARY FOR APRIL 2 2014...

CLIMATE NORMAL PERIOD 1981 TO 2010
CLIMATE RECORD PERIOD 1888 TO 2014


WEATHER ITEM   OBSERVED TIME   RECORD YEAR NORMAL DEPARTURE LAST
                VALUE   (LST)  VALUE       VALUE  FROM      YEAR
                                                  NORMAL
..................................................................
TEMPERATURE (F)
 YESTERDAY
  MAXIMUM         74    531 PM  89    1946  63     11       41
  MINIMUM         52   1212 AM  20    1936  40     12       34
  AVERAGE         63                        52     11       38

PRECIPITATION (IN)
  YESTERDAY        0.02          1.56 1965   0.13  -0.11     0.09
  MONTH TO DATE    0.02                      0.26  -0.24     0.09
  SINCE MAR 1      2.35                      3.88  -1.53     4.86
  SINCE JAN 1      4.14                      8.87  -4.73    10.20

SNOWFALL (IN)
  YESTERDAY        0.0
  MONTH TO DATE    0.0
  SINCE MAR 1      4.8
  SINCE JUL 1     32.2
  SNOW DEPTH       0

DEGREE DAYS
 HEATING
  YESTERDAY        2                        14    -12       27
  MONTH TO DATE   19                        28     -9       47
  SINCE MAR 1    700                       609     91      764
  SINCE JUL 1   4655                      4202    453     4062

 COOLING
  YESTERDAY        0                         0      0        0
  MONTH TO DATE    0                         0      0        0
  SINCE MAR 1      0                         3     -3        0
  SINCE JAN 1      0                         3     -3        0
..................................................................


WIND (MPH)
  HIGHEST WIND SPEED    23   HIGHEST WIND DIRECTION    SE (150)
  HIGHEST GUST SPEED    29   HIGHEST GUST DIRECTION     S (160)
  AVERAGE WIND SPEED    13.3


SKY COVER
  AVERAGE SKY COVER 0.9


WEATHER CONDITIONS
 THE FOLLOWING WEATHER WAS RECORDED YESTERDAY.
  LIGHT RAIN
  FOG


RELATIVE HUMIDITY (PERCENT)
 HIGHEST    93           100 PM
 LOWEST     63          1200 AM
 AVERAGE    78

..........................................................


THE SPRINGFIELD MO CLIMATE NORMALS FOR TODAY
                         NORMAL    RECORD    YEAR
 MAXIMUM TEMPERATURE (F)   63        86      2011
 MINIMUM TEMPERATURE (F)   40        17      1936


SUNRISE AND SUNSET
APRIL  3 2014.........SUNRISE   656 AM CDT   SUNSET   738 PM CDT
APRIL  4 2014.........SUNRISE   655 AM CDT   SUNSET   739 PM CDT


-  INDICATES NEGATIVE NUMBERS.
R  INDICATES RECORD WAS SET OR TIED.
MM INDICATES DATA IS MISSING.
T  INDICATES TRACE AMOUNT.




$$
