310
CDUS43 KSGF 190631
CLISGF


CLIMATE REPORT
NATIONAL WEATHER SERVICE SPRINGFIELD MO
130 AM CDT WED APR 19 2017


...................................

...THE SPRINGFIELD MO CLIMATE SUMMARY FOR APRIL 18 2017...

CLIMATE NORMAL PERIOD 1981 TO 2010
CLIMATE RECORD PERIOD 1888 TO 2017


WEATHER ITEM   OBSERVED TIME   RECORD YEAR NORMAL DEPARTURE LAST
                VALUE   (LST)  VALUE       VALUE  FROM      YEAR
                                                  NORMAL
..................................................................
TEMPERATURE (F)
 YESTERDAY
  MAXIMUM         78    458 PM  92    2006  68     10       72
  MINIMUM         54    305 AM  26    1953  45      9       61
  AVERAGE         66                        56     10       67

PRECIPITATION (IN)
  YESTERDAY        0.00          2.13 1941   0.14  -0.14     0.01
  MONTH TO DATE    2.07                      2.37  -0.30     0.82
  SINCE MAR 1      6.86                      5.99   0.87     3.76
  SINCE JAN 1     11.32                     10.98   0.34     5.04

SNOWFALL (IN)
  YESTERDAY        0.0
  MONTH TO DATE    0.0
  SINCE MAR 1      0.1
  SINCE JUL 1      1.8
  SNOW DEPTH       0

DEGREE DAYS
 HEATING
  YESTERDAY        0                         9     -9        0
  MONTH TO DATE   90                       211   -121      155
  SINCE MAR 1    506                       792   -286      553
  SINCE JUL 1   3195                      4385  -1190     3466

 COOLING
  YESTERDAY        1                         1      0        2
  MONTH TO DATE   25                        11     14        6
  SINCE MAR 1     31                        14     17        8
  SINCE JAN 1     40                        14     26        8
..................................................................


WIND (MPH)
  HIGHEST WIND SPEED    15   HIGHEST WIND DIRECTION     S (160)
  HIGHEST GUST SPEED    20   HIGHEST GUST DIRECTION    SE (140)
  AVERAGE WIND SPEED     8.1


SKY COVER
  AVERAGE SKY COVER 0.5


WEATHER CONDITIONS
 THE FOLLOWING WEATHER WAS RECORDED YESTERDAY.
  FOG


RELATIVE HUMIDITY (PERCENT)
 HIGHEST   100           500 AM
 LOWEST     52           500 PM
 AVERAGE    76

..........................................................


THE SPRINGFIELD MO CLIMATE NORMALS FOR TODAY
                         NORMAL    RECORD    YEAR
 MAXIMUM TEMPERATURE (F)   68        89      1987
 MINIMUM TEMPERATURE (F)   45        28      1953


SUNRISE AND SUNSET
APRIL 19 2017.........SUNRISE   633 AM CDT   SUNSET   752 PM CDT
APRIL 20 2017.........SUNRISE   632 AM CDT   SUNSET   753 PM CDT


-  INDICATES NEGATIVE NUMBERS.
R  INDICATES RECORD WAS SET OR TIED.
MM INDICATES DATA IS MISSING.
T  INDICATES TRACE AMOUNT.




$$
