000
CDUS43 KSGF 010628
CLISGF


CLIMATE REPORT
NATIONAL WEATHER SERVICE SPRINGFIELD MO
1228 AM CST FRI DEC 1 2017


...................................

...THE SPRINGFIELD MO CLIMATE SUMMARY FOR NOVEMBER 30 2017...

CLIMATE NORMAL PERIOD 1981 TO 2010
CLIMATE RECORD PERIOD 1888 TO 2017


WEATHER ITEM   OBSERVED TIME   RECORD YEAR NORMAL DEPARTURE LAST
                VALUE   (LST)  VALUE       VALUE  FROM      YEAR
                                                  NORMAL
..................................................................
TEMPERATURE (F)
 YESTERDAY
  MAXIMUM         58    315 PM  72    2014  50      8       44
  MINIMUM         33   1149 PM   6    1976  29      4       30
  AVERAGE         46                        39      7       37

PRECIPITATION (IN)
  YESTERDAY        0.00          2.83 2006   0.13  -0.13     0.00
  MONTH TO DATE    0.37                      4.22  -3.85     2.32
  SINCE SEP 1      3.45                     12.42  -8.97    10.01
  SINCE JAN 1     46.03                     42.53   3.50    35.63

SNOWFALL (IN)
  YESTERDAY        0.0
  MONTH TO DATE    0.0
  SINCE SEP 1      0.0
  SINCE JUL 1      0.0
  SNOW DEPTH       0

DEGREE DAYS
 HEATING
  YESTERDAY       19                        26     -7       28
  MONTH TO DATE  445                       572   -127      414
  SINCE SEP 1    684                       877   -193      516
  SINCE JUL 1    684                       879   -195      516

 COOLING
  YESTERDAY        0                         0      0        0
  MONTH TO DATE    4                         2      2       17
  SINCE SEP 1    309                       203    106      376
  SINCE JAN 1   1467                      1389     78     1808
..................................................................


WIND (MPH)
  HIGHEST WIND SPEED    16   HIGHEST WIND DIRECTION     N (10)
  HIGHEST GUST SPEED    22   HIGHEST GUST DIRECTION     N (340)
  AVERAGE WIND SPEED     7.4


SKY COVER
  AVERAGE SKY COVER 0.3


WEATHER CONDITIONS
 THE FOLLOWING WEATHER WAS RECORDED YESTERDAY.
  NO SIGNIFICANT WEATHER WAS OBSERVED.


RELATIVE HUMIDITY (PERCENT)
 HIGHEST    89          1200 AM
 LOWEST     28           200 PM
 AVERAGE    59

..........................................................


THE SPRINGFIELD MO CLIMATE NORMALS FOR TODAY
                         NORMAL    RECORD    YEAR
 MAXIMUM TEMPERATURE (F)   49        74      1982
 MINIMUM TEMPERATURE (F)   29        10      1893


SUNRISE AND SUNSET
DECEMBER  1 2017......SUNRISE   709 AM CST   SUNSET   456 PM CST
DECEMBER  2 2017......SUNRISE   710 AM CST   SUNSET   456 PM CST


-  INDICATES NEGATIVE NUMBERS.
R  INDICATES RECORD WAS SET OR TIED.
MM INDICATES DATA IS MISSING.
T  INDICATES TRACE AMOUNT.




$$
