000
CDUS43 KSGF 140638
CLISGF


CLIMATE REPORT
NATIONAL WEATHER SERVICE SPRINGFIELD MO
138 AM CDT SAT OCT 14 2017


...................................

...THE SPRINGFIELD MO CLIMATE SUMMARY FOR OCTOBER 13 2017...

CLIMATE NORMAL PERIOD 1981 TO 2010
CLIMATE RECORD PERIOD 1888 TO 2017


WEATHER ITEM   OBSERVED TIME   RECORD YEAR NORMAL DEPARTURE LAST
                VALUE   (LST)  VALUE       VALUE  FROM      YEAR
                                                  NORMAL
..................................................................
TEMPERATURE (F)
 YESTERDAY
  MAXIMUM         88R   257 PM  87    1952  70     18       55
                                      1947
                                      1899
  MINIMUM         59    636 AM  32    1909  47     12       46
  AVERAGE         74                        59     15       51

PRECIPITATION (IN)
  YESTERDAY        0.00          2.31 2012   0.11  -0.11      T
  MONTH TO DATE    0.32                      1.51  -1.19     1.79
  SINCE SEP 1      0.91                      6.12  -5.21     5.68
  SINCE JAN 1     43.49                     36.23   7.26    31.30

SNOWFALL (IN)
  YESTERDAY        0.0
  MONTH TO DATE    0.0
  SINCE SEP 1      0.0
  SINCE JUL 1      0.0
  SNOW DEPTH       0

DEGREE DAYS
 HEATING
  YESTERDAY        0                         7     -7       14
  MONTH TO DATE   28                        77    -49       50
  SINCE SEP 1     36                       130    -94       64
  SINCE JUL 1     36                       132    -96       64

 COOLING
  YESTERDAY        9                         1      8        0
  MONTH TO DATE   69                        19     50       30
  SINCE SEP 1    287                       192     95      296
  SINCE JAN 1   1445                      1378     67     1728
..................................................................


WIND (MPH)
  HIGHEST WIND SPEED    18   HIGHEST WIND DIRECTION    SW (210)
  HIGHEST GUST SPEED    26   HIGHEST GUST DIRECTION     S (190)
  AVERAGE WIND SPEED    12.5


SKY COVER
  AVERAGE SKY COVER 0.1


WEATHER CONDITIONS
 THE FOLLOWING WEATHER WAS RECORDED YESTERDAY.
  NO SIGNIFICANT WEATHER WAS OBSERVED.


RELATIVE HUMIDITY (PERCENT)
 HIGHEST    84           700 AM
 LOWEST     48           100 PM
 AVERAGE    66

..........................................................


THE SPRINGFIELD MO CLIMATE NORMALS FOR TODAY
                         NORMAL    RECORD    YEAR
 MAXIMUM TEMPERATURE (F)   70        89      1963
 MINIMUM TEMPERATURE (F)   47        31      2006
                                             1969


SUNRISE AND SUNSET
OCTOBER 14 2017.......SUNRISE   721 AM CDT   SUNSET   638 PM CDT
OCTOBER 15 2017.......SUNRISE   722 AM CDT   SUNSET   636 PM CDT


-  INDICATES NEGATIVE NUMBERS.
R  INDICATES RECORD WAS SET OR TIED.
MM INDICATES DATA IS MISSING.
T  INDICATES TRACE AMOUNT.




$$
