000
CDUS43 KSGF 152129
CLISGF


CLIMATE REPORT
NATIONAL WEATHER SERVICE SPRINGFIELD MO
429 PM CDT TUE JUL 15 2014


...................................

...THE SPRINGFIELD MO CLIMATE SUMMARY FOR JULY 15 2014...
VALID AS OF 0400 PM LOCAL TIME.

CLIMATE NORMAL PERIOD 1981 TO 2010
CLIMATE RECORD PERIOD 1888 TO 2014


WEATHER ITEM   OBSERVED TIME   RECORD YEAR NORMAL DEPARTURE LAST
                VALUE   (LST)  VALUE       VALUE  FROM      YEAR
                                                  NORMAL
..................................................................
TEMPERATURE (F)
 TODAY
  MAXIMUM         75    237 PM 106    1936  89    -14       89
  MINIMUM         54    525 AM  50    1967  68    -14       70
  AVERAGE         65                        78    -13       80

PRECIPITATION (IN)
  TODAY            0.00          2.41 1947   0.12  -0.12     0.16
  MONTH TO DATE    2.25                      1.97   0.28     1.38
  SINCE JUN 1      8.48                      6.82   1.66     3.64
  SINCE JAN 1     19.96                     24.85  -4.89    27.36

SNOWFALL (IN)
  TODAY            0.0
  MONTH TO DATE    0.0
  SINCE JUN 1      0.0
  SINCE JUL 1      0.0
  SNOW DEPTH       0

DEGREE DAYS
 HEATING
  TODAY            0                         0      0        0
  MONTH TO DATE    0                         0      0        0
  SINCE JUN 1      0                         9     -9       14
  SINCE JUL 1      0                         0      0        0

 COOLING
  TODAY            0                        13    -13       15
  MONTH TO DATE  140                       190    -50      178
  SINCE JUN 1    434                       453    -19      462
  SINCE JAN 1    627                       568     59      589
..................................................................


WIND (MPH)
  HIGHEST WIND SPEED    18   HIGHEST WIND DIRECTION     N (340)
  HIGHEST GUST SPEED    22   HIGHEST GUST DIRECTION    NW (320)


SKY COVER
  AVERAGE SKY COVER 0.1


WEATHER CONDITIONS
 THE FOLLOWING WEATHER WAS RECORDED TODAY.
  NO SIGNIFICANT WEATHER WAS OBSERVED.


RELATIVE HUMIDITY (PERCENT)
 HIGHEST    93           600 AM
 LOWEST     49          1100 AM
 AVERAGE    71

..........................................................


THE SPRINGFIELD MO CLIMATE NORMALS FOR TOMORROW
                         NORMAL    RECORD    YEAR
 MAXIMUM TEMPERATURE (F)   89       104      1980
 MINIMUM TEMPERATURE (F)   68        54      1970


SUNRISE AND SUNSET
JULY 15 2014..........SUNRISE   605 AM CDT   SUNSET   834 PM CDT
JULY 16 2014..........SUNRISE   606 AM CDT   SUNSET   833 PM CDT


-  INDICATES NEGATIVE NUMBERS.
R  INDICATES RECORD WAS SET OR TIED.
MM INDICATES DATA IS MISSING.
T  INDICATES TRACE AMOUNT.




$$
