000
CDUS43 KSGF 240626
CLISGF


CLIMATE REPORT
NATIONAL WEATHER SERVICE SPRINGFIELD MO
1226 AM CST SAT JAN 24 2015


...................................

...THE SPRINGFIELD MO CLIMATE SUMMARY FOR JANUARY 23 2015...

CLIMATE NORMAL PERIOD 1981 TO 2010
CLIMATE RECORD PERIOD 1888 TO 2015


WEATHER ITEM   OBSERVED TIME   RECORD YEAR NORMAL DEPARTURE LAST
                VALUE   (LST)  VALUE       VALUE  FROM      YEAR
                                                  NORMAL
..................................................................
TEMPERATURE (F)
 YESTERDAY
  MAXIMUM         43    403 PM  75    1909  43      0       24
  MINIMUM         20    749 AM -10    1963  22     -2        3
  AVERAGE         32                        33     -1       14

PRECIPITATION (IN)
  YESTERDAY        0.00          1.12 2010   0.07  -0.07     0.00
  MONTH TO DATE    0.76                      1.88  -1.12     1.26
  SINCE DEC 1      2.53                      4.92  -2.39     3.82
  SINCE JAN 1      0.76                      1.88  -1.12     1.26

SNOWFALL (IN)
  YESTERDAY        0.0
  MONTH TO DATE    0.3
  SINCE DEC 1      0.8
  SINCE JUL 1      2.5
  SNOW DEPTH       0

DEGREE DAYS
 HEATING
  YESTERDAY       33                        32      1       51
  MONTH TO DATE  761                       751     10      825
  SINCE DEC 1   1581                      1682   -101     1811
  SINCE JUL 1   2531                      2561    -30     2748

 COOLING
  YESTERDAY        0                         0      0        0
  MONTH TO DATE    0                         0      0        0
  SINCE DEC 1      0                         0      0        0
  SINCE JAN 1      0                         0      0        0
..................................................................


WIND (MPH)
  HIGHEST WIND SPEED    14   HIGHEST WIND DIRECTION    NW (320)
  HIGHEST GUST SPEED    18   HIGHEST GUST DIRECTION    NW (320)
  AVERAGE WIND SPEED     4.4


SKY COVER
  AVERAGE SKY COVER 0.0


WEATHER CONDITIONS
 THE FOLLOWING WEATHER WAS RECORDED YESTERDAY.
  FOG
  HAZE


RELATIVE HUMIDITY (PERCENT)
 HIGHEST    88           600 AM
 LOWEST     43           400 PM
 AVERAGE    66

..........................................................


THE SPRINGFIELD MO CLIMATE NORMALS FOR TODAY
                         NORMAL    RECORD    YEAR
 MAXIMUM TEMPERATURE (F)   43        76      1950
 MINIMUM TEMPERATURE (F)   22       -17      1894


SUNRISE AND SUNSET
JANUARY 24 2015.......SUNRISE   722 AM CST   SUNSET   529 PM CST
JANUARY 25 2015.......SUNRISE   722 AM CST   SUNSET   530 PM CST


-  INDICATES NEGATIVE NUMBERS.
R  INDICATES RECORD WAS SET OR TIED.
MM INDICATES DATA IS MISSING.
T  INDICATES TRACE AMOUNT.




$$
