000
CDUS43 KSGF 202234
CLISGF


CLIMATE REPORT
NATIONAL WEATHER SERVICE SPRINGFIELD MO
534 PM CDT THU JUL 20 2017


...................................

...THE SPRINGFIELD MO CLIMATE SUMMARY FOR JULY 20 2017...
VALID TODAY AS OF 0500 PM LOCAL TIME.

CLIMATE NORMAL PERIOD 1981 TO 2010
CLIMATE RECORD PERIOD 1888 TO 2017


WEATHER ITEM   OBSERVED TIME   RECORD YEAR NORMAL DEPARTURE LAST
                VALUE   (LST)  VALUE       VALUE  FROM      YEAR
                                                  NORMAL
..................................................................
TEMPERATURE (F)
 TODAY
  MAXIMUM         96    350 PM 103    2006  89      7       94
  MINIMUM         72    331 AM  49    1970  68      4       76
  AVERAGE         84                        79      5       85

PRECIPITATION (IN)
  TODAY            0.00          2.18 1905   0.12  -0.12      T
  MONTH TO DATE    0.63                      2.55  -1.92     3.17
  SINCE JUN 1      5.62                      7.40  -1.78     7.59
  SINCE JAN 1     34.32                     25.43   8.89    18.84

SNOWFALL (IN)
  TODAY            0.0
  MONTH TO DATE    0.0
  SINCE JUN 1      0.0
  SINCE JUL 1      0.0
  SNOW DEPTH       0

DEGREE DAYS
 HEATING
  TODAY            0                         0      0        0
  MONTH TO DATE    0                         0      0        0
  SINCE JUN 1      0                         9     -9        0
  SINCE JUL 1      0                         0      0        0

 COOLING
  TODAY           19                        14      5       20
  MONTH TO DATE  291                       257     34      288
  SINCE JUN 1    561                       520     41      684
  SINCE JAN 1    709                       635     74      804
..................................................................


WIND (MPH)
  HIGHEST WIND SPEED    18   HIGHEST WIND DIRECTION    SW (230)
  HIGHEST GUST SPEED    22   HIGHEST GUST DIRECTION    SW (230)


SKY COVER
  AVERAGE SKY COVER 0.0


WEATHER CONDITIONS
 THE FOLLOWING WEATHER WAS RECORDED TODAY.
  NO SIGNIFICANT WEATHER WAS OBSERVED.


RELATIVE HUMIDITY (PERCENT)
 HIGHEST    93           600 AM
 LOWEST     42           300 PM
 AVERAGE    68

..........................................................


THE SPRINGFIELD MO CLIMATE NORMALS FOR TOMORROW
                         NORMAL    RECORD    YEAR
 MAXIMUM TEMPERATURE (F)   89       102      1974
 MINIMUM TEMPERATURE (F)   68        44      1970


SUNRISE AND SUNSET
JULY 20 2017..........SUNRISE   609 AM CDT   SUNSET   830 PM CDT
JULY 21 2017..........SUNRISE   610 AM CDT   SUNSET   830 PM CDT


-  INDICATES NEGATIVE NUMBERS.
R  INDICATES RECORD WAS SET OR TIED.
MM INDICATES DATA IS MISSING.
T  INDICATES TRACE AMOUNT.




$$
