000
CDUS43 KSGF 252140
CLISGF


CLIMATE REPORT
NATIONAL WEATHER SERVICE SPRINGFIELD MO
438 PM CDT MON SEP 25 2017


...................................

...THE SPRINGFIELD MO CLIMATE SUMMARY FOR SEPTEMBER 25 2017...
VALID AS OF 0400 PM LOCAL TIME.

CLIMATE NORMAL PERIOD 1981 TO 2010
CLIMATE RECORD PERIOD 1888 TO 2017


WEATHER ITEM   OBSERVED TIME   RECORD YEAR NORMAL DEPARTURE LAST
                VALUE   (LST)  VALUE       VALUE  FROM      YEAR
                                                  NORMAL
..................................................................
TEMPERATURE (F)
 TODAY
  MAXIMUM         88    259 PM  95    1939  76     12       86
  MINIMUM         66    613 AM  36    1989  54     12       60
  AVERAGE         77                        65     12       73

PRECIPITATION (IN)
  TODAY            0.00          3.27 1993   0.16  -0.16     0.12
  MONTH TO DATE    0.47                      3.87  -3.40     3.82
  SINCE SEP 1      0.47                      3.87  -3.40     3.82
  SINCE JAN 1     43.05                     33.98   9.07    29.44

SNOWFALL (IN)
  TODAY            0.0
  MONTH TO DATE    0.0
  SINCE SEP 1      0.0
  SINCE JUL 1      0.0
  SNOW DEPTH       0

DEGREE DAYS
 HEATING
  TODAY            0                         3     -3        0
  MONTH TO DATE    6                        32    -26        0
  SINCE SEP 1      6                        32    -26        0
  SINCE JUL 1      6                        34    -28        0

 COOLING
  TODAY           12                         3      9        8
  MONTH TO DATE  201                       158     43      266
  SINCE SEP 1    201                       158     43      266
  SINCE JAN 1   1359                      1344     15     1698
..................................................................


WIND (MPH)
  HIGHEST WIND SPEED    17   HIGHEST WIND DIRECTION    SE (140)
  HIGHEST GUST SPEED    31   HIGHEST GUST DIRECTION     S (190)


SKY COVER
  AVERAGE SKY COVER 0.0


WEATHER CONDITIONS
 THE FOLLOWING WEATHER WAS RECORDED TODAY.
  NO SIGNIFICANT WEATHER WAS OBSERVED.


RELATIVE HUMIDITY (PERCENT)
 HIGHEST    93           400 AM
 LOWEST     40           300 PM
 AVERAGE    67

..........................................................


THE SPRINGFIELD MO CLIMATE NORMALS FOR TOMORROW
                         NORMAL    RECORD    YEAR
 MAXIMUM TEMPERATURE (F)   76        92      1953
                                             1938
 MINIMUM TEMPERATURE (F)   53        34      1975


SUNRISE AND SUNSET
SEPTEMBER 25 2017.....SUNRISE   704 AM CDT   SUNSET   705 PM CDT
SEPTEMBER 26 2017.....SUNRISE   705 AM CDT   SUNSET   704 PM CDT


-  INDICATES NEGATIVE NUMBERS.
R  INDICATES RECORD WAS SET OR TIED.
MM INDICATES DATA IS MISSING.
T  INDICATES TRACE AMOUNT.




$$
