000
CDUS43 KSGF 180626
CLISGF


CLIMATE REPORT
NATIONAL WEATHER SERVICE SPRINGFIELD MO
1226 AM CST TUE NOV 18 2014


...................................

...THE SPRINGFIELD MO CLIMATE SUMMARY FOR NOVEMBER 17 2014...

CLIMATE NORMAL PERIOD 1981 TO 2010
CLIMATE RECORD PERIOD 1888 TO 2014


WEATHER ITEM   OBSERVED TIME   RECORD YEAR NORMAL DEPARTURE LAST
                VALUE   (LST)  VALUE       VALUE  FROM      YEAR
                                                  NORMAL
..................................................................
TEMPERATURE (F)
 YESTERDAY
  MAXIMUM         25   1249 PM  78    1963  56    -31       73
  MINIMUM         13   1014 PM   4    1959  35    -22       47
  AVERAGE         19                        45    -26       60

PRECIPITATION (IN)
  YESTERDAY        0.00          1.47 1991   0.14  -0.14     0.00
  MONTH TO DATE    1.61                      2.42  -0.81     1.19
  SINCE SEP 1     14.16                     10.62   3.54    10.30
  SINCE JAN 1     36.13                     40.73  -4.60    48.45

SNOWFALL (IN)
  YESTERDAY        0.0
  MONTH TO DATE    1.5
  SINCE SEP 1      1.5
  SINCE JUL 1      1.5
  SNOW DEPTH       0

DEGREE DAYS
 HEATING
  YESTERDAY       46                        20     26        5
  MONTH TO DATE  423                       273    150      275
  SINCE SEP 1    655                       579     76      579
  SINCE JUL 1    655                       581     74      579

 COOLING
  YESTERDAY        0                         0      0        0
  MONTH TO DATE    0                         0      0        0
  SINCE SEP 1    224                       201     23      274
  SINCE JAN 1   1470                      1387     83     1417
..................................................................


WIND (MPH)
  HIGHEST WIND SPEED    24   HIGHEST WIND DIRECTION     W (280)
  HIGHEST GUST SPEED    31   HIGHEST GUST DIRECTION     W (280)
  AVERAGE WIND SPEED    10.1


SKY COVER
  AVERAGE SKY COVER 0.1


WEATHER CONDITIONS
 THE FOLLOWING WEATHER WAS RECORDED YESTERDAY.
  NO SIGNIFICANT WEATHER WAS OBSERVED.


RELATIVE HUMIDITY (PERCENT)
 HIGHEST    80           600 AM
 LOWEST     42           400 PM
 AVERAGE    61

..........................................................


THE SPRINGFIELD MO CLIMATE NORMALS FOR TODAY
                         NORMAL    RECORD    YEAR
 MAXIMUM TEMPERATURE (F)   56        78      1930
 MINIMUM TEMPERATURE (F)   34        13      1903


SUNRISE AND SUNSET
NOVEMBER 18 2014......SUNRISE   656 AM CST   SUNSET   501 PM CST
NOVEMBER 19 2014......SUNRISE   657 AM CST   SUNSET   501 PM CST


-  INDICATES NEGATIVE NUMBERS.
R  INDICATES RECORD WAS SET OR TIED.
MM INDICATES DATA IS MISSING.
T  INDICATES TRACE AMOUNT.




$$
