000
CDUS43 KSGF 250629
CLISGF


CLIMATE REPORT
NATIONAL WEATHER SERVICE SPRINGFIELD MO
1229 AM CST WED FEB 25 2015


...................................

...THE SPRINGFIELD MO CLIMATE SUMMARY FOR FEBRUARY 24 2015...

CLIMATE NORMAL PERIOD 1981 TO 2010
CLIMATE RECORD PERIOD 1888 TO 2015


WEATHER ITEM   OBSERVED TIME   RECORD YEAR NORMAL DEPARTURE LAST
                VALUE   (LST)  VALUE       VALUE  FROM      YEAR
                                                  NORMAL
..................................................................
TEMPERATURE (F)
 YESTERDAY
  MAXIMUM         38    353 PM  79    1956  51    -13       48
  MINIMUM         20    513 AM   4    1910  29     -9       22
  AVERAGE         29                        40    -11       35

PRECIPITATION (IN)
  YESTERDAY        0.00          2.20 2001   0.10  -0.10     0.00
  MONTH TO DATE    1.44                      2.12  -0.68     0.50
  SINCE DEC 1      4.02                      7.63  -3.61     4.35
  SINCE JAN 1      2.25                      4.59  -2.34     1.79

SNOWFALL (IN)
  YESTERDAY        0.0
  MONTH TO DATE    7.9
  SINCE DEC 1      8.7
  SINCE JUL 1     10.4
  SNOW DEPTH       1

DEGREE DAYS
 HEATING
  YESTERDAY       36                        25     11       30
  MONTH TO DATE  835                       682    153      788
  SINCE DEC 1   2593                      2616    -23     2880
  SINCE JUL 1   3543                      3495     48     3817

 COOLING
  YESTERDAY        0                         0      0        0
  MONTH TO DATE    0                         0      0        0
  SINCE DEC 1      0                         0      0        0
  SINCE JAN 1      0                         0      0        0
..................................................................


WIND (MPH)
  HIGHEST WIND SPEED    18   HIGHEST WIND DIRECTION     W (260)
  HIGHEST GUST SPEED    25   HIGHEST GUST DIRECTION     W (270)
  AVERAGE WIND SPEED     9.8


SKY COVER
  AVERAGE SKY COVER 0.4


WEATHER CONDITIONS
 THE FOLLOWING WEATHER WAS RECORDED YESTERDAY.
  NO SIGNIFICANT WEATHER WAS OBSERVED.


RELATIVE HUMIDITY (PERCENT)
 HIGHEST    75           800 PM
 LOWEST     47           100 PM
 AVERAGE    61

..........................................................


THE SPRINGFIELD MO CLIMATE NORMALS FOR TODAY
                         NORMAL    RECORD    YEAR
 MAXIMUM TEMPERATURE (F)   51        74      1981
 MINIMUM TEMPERATURE (F)   29         0      1965


SUNRISE AND SUNSET
FEBRUARY 25 2015......SUNRISE   650 AM CST   SUNSET   603 PM CST
FEBRUARY 26 2015......SUNRISE   649 AM CST   SUNSET   604 PM CST


-  INDICATES NEGATIVE NUMBERS.
R  INDICATES RECORD WAS SET OR TIED.
MM INDICATES DATA IS MISSING.
T  INDICATES TRACE AMOUNT.




$$
