000
CDUS43 KSGF 012239
CLISGF


CLIMATE REPORT
NATIONAL WEATHER SERVICE SPRINGFIELD MO
438 PM CST FRI DEC 1 2017


...................................

...THE SPRINGFIELD MO CLIMATE SUMMARY FOR DECEMBER 1 2017...
VALID AS OF 0400 PM LOCAL TIME.

CLIMATE NORMAL PERIOD 1981 TO 2010
CLIMATE RECORD PERIOD 1888 TO 2017


WEATHER ITEM   OBSERVED TIME   RECORD YEAR NORMAL DEPARTURE LAST
                VALUE   (LST)  VALUE       VALUE  FROM      YEAR
                                                  NORMAL
..................................................................
TEMPERATURE (F)
 TODAY
  MAXIMUM         59    218 PM  74    1982  49     10       51
  MINIMUM         31    624 AM  10    1893  29      2       25
  AVERAGE         45                        39      6       38

PRECIPITATION (IN)
  TODAY            0.00          1.15 1894   0.12  -0.12     0.00
  MONTH TO DATE    0.00                      0.12  -0.12     0.00
  SINCE DEC 1      0.00                      0.12  -0.12     0.00
  SINCE JAN 1     46.03                     42.65   3.38    35.63

SNOWFALL (IN)
  TODAY            0.0
  MONTH TO DATE    0.0
  SINCE DEC 1      0.0
  SINCE JUL 1      0.0
  SNOW DEPTH       0

DEGREE DAYS
 HEATING
  TODAY           20                        26     -6       27
  MONTH TO DATE   20                        26     -6       27
  SINCE DEC 1     20                        26     -6       27
  SINCE JUL 1    704                       905   -201      543

 COOLING
  TODAY            0                         0      0        0
  MONTH TO DATE    0                         0      0        0
  SINCE DEC 1      0                         0      0        0
  SINCE JAN 1   1467                      1389     78     1808
..................................................................


WIND (MPH)
  HIGHEST WIND SPEED    17   HIGHEST WIND DIRECTION     S (160)
  HIGHEST GUST SPEED    25   HIGHEST GUST DIRECTION     S (180)


SKY COVER
  AVERAGE SKY COVER 0.0


WEATHER CONDITIONS
 THE FOLLOWING WEATHER WAS RECORDED TODAY.
  NO SIGNIFICANT WEATHER WAS OBSERVED.


RELATIVE HUMIDITY (PERCENT)
 HIGHEST    75          1200 AM
 LOWEST     33           200 PM
 AVERAGE    54

..........................................................


THE SPRINGFIELD MO CLIMATE NORMALS FOR TOMORROW
                         NORMAL    RECORD    YEAR
 MAXIMUM TEMPERATURE (F)   49        73      2012
 MINIMUM TEMPERATURE (F)   28         6      1985
                                             1929


SUNRISE AND SUNSET
DECEMBER  1 2017......SUNRISE   709 AM CST   SUNSET   456 PM CST
DECEMBER  2 2017......SUNRISE   710 AM CST   SUNSET   456 PM CST


-  INDICATES NEGATIVE NUMBERS.
R  INDICATES RECORD WAS SET OR TIED.
MM INDICATES DATA IS MISSING.
T  INDICATES TRACE AMOUNT.




$$
