000
CDUS43 KSGF 112331
CLISGF


CLIMATE REPORT
NATIONAL WEATHER SERVICE SPRINGFIELD MO
531 PM CST SAT MAR 11 2017


...................................

...THE SPRINGFIELD MO CLIMATE SUMMARY FOR MARCH 11 2017...
VALID TODAY AS OF 0500 PM LOCAL TIME.

CLIMATE NORMAL PERIOD 1981 TO 2010
CLIMATE RECORD PERIOD 1888 TO 2017


WEATHER ITEM   OBSERVED TIME   RECORD YEAR NORMAL DEPARTURE LAST
                VALUE   (LST)  VALUE       VALUE  FROM      YEAR
                                                  NORMAL
..................................................................
TEMPERATURE (F)
 TODAY
  MAXIMUM         41   1236 AM  85    1911  56    -15       62
  MINIMUM         34   1115 AM  -3    1948  34      0       41
  AVERAGE         38                        45     -7       52

PRECIPITATION (IN)
  TODAY            0.16          3.09 1902   0.10   0.06     0.02
  MONTH TO DATE    1.12                      1.18  -0.06     1.28
  SINCE MAR 1      1.12                      1.18  -0.06     1.28
  SINCE JAN 1      5.58                      6.17  -0.59     2.56

SNOWFALL (IN)
  TODAY            T
  MONTH TO DATE    T
  SINCE MAR 1      T
  SINCE JUL 1      1.7
  SNOW DEPTH       0

DEGREE DAYS
 HEATING
  TODAY           27                        20      7       13
  MONTH TO DATE  167                       239    -72      142
  SINCE MAR 1    167                       239    -72      142
  SINCE JUL 1   2856                      3832   -976     3055

 COOLING
  TODAY            0                         0      0        0
  MONTH TO DATE    0                         0      0        0
  SINCE MAR 1      0                         0      0        0
  SINCE JAN 1      9                         0      9        0
..................................................................


WIND (MPH)
  HIGHEST WIND SPEED    17   HIGHEST WIND DIRECTION     E (90)
  HIGHEST GUST SPEED    22   HIGHEST GUST DIRECTION     E (100)


SKY COVER
  AVERAGE SKY COVER 1.0


WEATHER CONDITIONS
 THE FOLLOWING WEATHER WAS RECORDED TODAY.
  LIGHT RAIN
  LIGHT SNOW
  FOG


RELATIVE HUMIDITY (PERCENT)
 HIGHEST    89           300 AM
 LOWEST     41          1200 AM
 AVERAGE    65

..........................................................


THE SPRINGFIELD MO CLIMATE NORMALS FOR TOMORROW
                         NORMAL    RECORD    YEAR
 MAXIMUM TEMPERATURE (F)   56        81      2006
 MINIMUM TEMPERATURE (F)   34        -3      1948


SUNRISE AND SUNSET
MARCH 11 2017.........SUNRISE   630 AM CST   SUNSET   617 PM CST
MARCH 12 2017.........SUNRISE   729 AM CDT   SUNSET   718 PM CDT


-  INDICATES NEGATIVE NUMBERS.
R  INDICATES RECORD WAS SET OR TIED.
MM INDICATES DATA IS MISSING.
T  INDICATES TRACE AMOUNT.




$$
