000
CDUS43 KSGF 180626
CLISGF


CLIMATE REPORT
NATIONAL WEATHER SERVICE SPRINGFIELD MO
1225 AM CST SUN JAN 18 2015


...................................

...THE SPRINGFIELD MO CLIMATE SUMMARY FOR JANUARY 17 2015...

CLIMATE NORMAL PERIOD 1981 TO 2010
CLIMATE RECORD PERIOD 1888 TO 2015


WEATHER ITEM   OBSERVED TIME   RECORD YEAR NORMAL DEPARTURE LAST
                VALUE   (LST)  VALUE       VALUE  FROM      YEAR
                                                  NORMAL
..................................................................
TEMPERATURE (F)
 YESTERDAY
  MAXIMUM         60    127 PM  70    1894  43     17       32
  MINIMUM         38    721 AM -15    1930  22     16       17
  AVERAGE         49                        32     17       25

PRECIPITATION (IN)
  YESTERDAY        0.00          1.61 2004   0.08  -0.08     0.00
  MONTH TO DATE    0.72                      1.42  -0.70     1.26
  SINCE DEC 1      2.49                      4.46  -1.97     3.82
  SINCE JAN 1      0.72                      1.42  -0.70     1.26

SNOWFALL (IN)
  YESTERDAY        0.0
  MONTH TO DATE    0.0
  SINCE DEC 1      0.5
  SINCE JUL 1      2.2
  SNOW DEPTH       0

DEGREE DAYS
 HEATING
  YESTERDAY       16                        33    -17       40
  MONTH TO DATE  615                       558     57      613
  SINCE DEC 1   1435                      1489    -54     1599
  SINCE JUL 1   2385                      2368     17     2536

 COOLING
  YESTERDAY        0                         0      0        0
  MONTH TO DATE    0                         0      0        0
  SINCE DEC 1      0                         0      0        0
  SINCE JAN 1      0                         0      0        0
..................................................................


WIND (MPH)
  HIGHEST WIND SPEED    26   HIGHEST WIND DIRECTION     W (250)
  HIGHEST GUST SPEED    33   HIGHEST GUST DIRECTION     W (250)
  AVERAGE WIND SPEED    13.0


SKY COVER
  AVERAGE SKY COVER 0.0


WEATHER CONDITIONS
 THE FOLLOWING WEATHER WAS RECORDED YESTERDAY.
  NO SIGNIFICANT WEATHER WAS OBSERVED.


RELATIVE HUMIDITY (PERCENT)
 HIGHEST    70           700 AM
 LOWEST     36           200 PM
 AVERAGE    53

..........................................................


THE SPRINGFIELD MO CLIMATE NORMALS FOR TODAY
                         NORMAL    RECORD    YEAR
 MAXIMUM TEMPERATURE (F)   43        68      1974
 MINIMUM TEMPERATURE (F)   22       -17      1930


SUNRISE AND SUNSET
JANUARY 18 2015.......SUNRISE   725 AM CST   SUNSET   523 PM CST
JANUARY 19 2015.......SUNRISE   725 AM CST   SUNSET   524 PM CST


-  INDICATES NEGATIVE NUMBERS.
R  INDICATES RECORD WAS SET OR TIED.
MM INDICATES DATA IS MISSING.
T  INDICATES TRACE AMOUNT.




$$
