000
CDUS43 KSGF 192226
CLISGF


CLIMATE REPORT
NATIONAL WEATHER SERVICE SPRINGFIELD MO
526 PM CDT SUN JUL 19 2015


...................................

...THE SPRINGFIELD MO CLIMATE SUMMARY FOR JULY 19 2015...
VALID TODAY AS OF 0500 PM LOCAL TIME.

CLIMATE NORMAL PERIOD 1981 TO 2010
CLIMATE RECORD PERIOD 1888 TO 2015


WEATHER ITEM   OBSERVED TIME   RECORD YEAR NORMAL DEPARTURE LAST
                VALUE   (LST)  VALUE       VALUE  FROM      YEAR
                                                  NORMAL
..................................................................
TEMPERATURE (F)
 TODAY
  MAXIMUM         92    317 PM 103    1980  89      3       82
                                      1954
                                      1934
  MINIMUM         74    542 AM  57    2014  68      6       57
                                      2009
                                      1984
  AVERAGE         83                        78      5       70

PRECIPITATION (IN)
  TODAY            0.00          2.42 1906   0.11  -0.11     0.00
  MONTH TO DATE    7.92                      2.43   5.49     2.25
  SINCE JUN 1     12.70                      7.28   5.42     8.48
  SINCE JAN 1     28.10                     25.31   2.79    19.96

SNOWFALL (IN)
  TODAY            0.0
  MONTH TO DATE    0.0
  SINCE JUN 1      0.0
  SINCE JUL 1      0.0
  SNOW DEPTH       0

DEGREE DAYS
 HEATING
  TODAY            0                         0      0        0
  MONTH TO DATE    0                         0      0        0
  SINCE JUN 1      1                         9     -8        0
  SINCE JUL 1      0                         0      0        0

 COOLING
  TODAY           18                        14      4        5
  MONTH TO DATE  265                       243     22      152
  SINCE JUN 1    615                       506    109      446
  SINCE JAN 1    757                       621    136      639
..................................................................


WIND (MPH)
  HIGHEST WIND SPEED    16   HIGHEST WIND DIRECTION    SW (240)
  HIGHEST GUST SPEED    20   HIGHEST GUST DIRECTION    SW (230)


SKY COVER
  AVERAGE SKY COVER 0.0


WEATHER CONDITIONS
 THE FOLLOWING WEATHER WAS RECORDED TODAY.
  NO SIGNIFICANT WEATHER WAS OBSERVED.


RELATIVE HUMIDITY (PERCENT)
 HIGHEST    87           100 AM
 LOWEST     56           100 PM
 AVERAGE    72

..........................................................


THE SPRINGFIELD MO CLIMATE NORMALS FOR TOMORROW
                         NORMAL    RECORD    YEAR
 MAXIMUM TEMPERATURE (F)   89       103      2006
 MINIMUM TEMPERATURE (F)   68        49      1970


SUNRISE AND SUNSET
JULY 19 2015..........SUNRISE   608 AM CDT   SUNSET   831 PM CDT
JULY 20 2015..........SUNRISE   609 AM CDT   SUNSET   831 PM CDT


-  INDICATES NEGATIVE NUMBERS.
R  INDICATES RECORD WAS SET OR TIED.
MM INDICATES DATA IS MISSING.
T  INDICATES TRACE AMOUNT.




$$
