000
CDUS43 KSGF 112226
CLISGF


CLIMATE REPORT
NATIONAL WEATHER SERVICE SPRINGFIELD MO
526 PM CDT THU AUG 11 2016


...................................

...THE SPRINGFIELD MO CLIMATE SUMMARY FOR AUGUST 11 2016...
VALID TODAY AS OF 0500 PM LOCAL TIME.

CLIMATE NORMAL PERIOD 1981 TO 2010
CLIMATE RECORD PERIOD 1888 TO 2016


WEATHER ITEM   OBSERVED TIME   RECORD YEAR NORMAL DEPARTURE LAST
                VALUE   (LST)  VALUE       VALUE  FROM      YEAR
                                                  NORMAL
..................................................................
TEMPERATURE (F)
 TODAY
  MAXIMUM         94    357 PM 102    1935  90      4       83
                                      1934
  MINIMUM         77    609 AM  48    1967  68      9       67
  AVERAGE         86                        79      7       75

PRECIPITATION (IN)
  TODAY            0.00          2.67 1921   0.11  -0.11     0.00
  MONTH TO DATE    1.28                      1.13   0.15     4.70
  SINCE JUN 1     13.03                      9.66   3.37    18.69
  SINCE JAN 1     24.28                     27.69  -3.41    34.09

SNOWFALL (IN)
  TODAY            0.0
  MONTH TO DATE    0.0
  SINCE JUN 1      0.0
  SINCE JUL 1      0.0
  SNOW DEPTH       0

DEGREE DAYS
 HEATING
  TODAY            0                         0      0        0
  MONTH TO DATE    0                         0      0        0
  SINCE JUN 1      0                         9     -9        1
  SINCE JUL 1      0                         0      0        0

 COOLING
  TODAY           21                        14      7       10
  MONTH TO DATE  195                       154     41      160
  SINCE JUN 1   1067                       827    240      973
  SINCE JAN 1   1187                       942    245     1115
..................................................................


WIND (MPH)
  HIGHEST WIND SPEED    14   HIGHEST WIND DIRECTION    SW (220)
  HIGHEST GUST SPEED    17   HIGHEST GUST DIRECTION     S (180)


SKY COVER
  AVERAGE SKY COVER 0.0


WEATHER CONDITIONS
 THE FOLLOWING WEATHER WAS RECORDED TODAY.
  THUNDERSTORM
  FOG
  HAZE


RELATIVE HUMIDITY (PERCENT)
 HIGHEST    88           500 AM
 LOWEST     52           400 PM
 AVERAGE    70

..........................................................


THE SPRINGFIELD MO CLIMATE NORMALS FOR TOMORROW
                         NORMAL    RECORD    YEAR
 MAXIMUM TEMPERATURE (F)   90       104      1999
                                             1934
 MINIMUM TEMPERATURE (F)   67        44      1967


SUNRISE AND SUNSET
AUGUST 11 2016........SUNRISE   627 AM CDT   SUNSET   810 PM CDT
AUGUST 12 2016........SUNRISE   628 AM CDT   SUNSET   808 PM CDT


-  INDICATES NEGATIVE NUMBERS.
R  INDICATES RECORD WAS SET OR TIED.
MM INDICATES DATA IS MISSING.
T  INDICATES TRACE AMOUNT.




$$
