374
CDUS43 KSGF 150635
CLISGF


CLIMATE REPORT
NATIONAL WEATHER SERVICE SPRINGFIELD MO
1235 AM CST FRI DEC 15 2017


...................................

...THE SPRINGFIELD MO CLIMATE SUMMARY FOR DECEMBER 14 2017...

CLIMATE NORMAL PERIOD 1981 TO 2010
CLIMATE RECORD PERIOD 1888 TO 2017


WEATHER ITEM   OBSERVED TIME   RECORD YEAR NORMAL DEPARTURE LAST
                VALUE   (LST)  VALUE       VALUE  FROM      YEAR
                                                  NORMAL
..................................................................
TEMPERATURE (F)
 YESTERDAY
  MAXIMUM         41   1218 AM  69    1975  45     -4       36
  MINIMUM         27    416 AM  -6    1901  25      2       22
  AVERAGE         34                        35     -1       29

PRECIPITATION (IN)
  YESTERDAY        0.00          1.85 1971   0.10  -0.10      T
  MONTH TO DATE    0.05                      1.53  -1.48     0.26
  SINCE DEC 1      0.05                      1.53  -1.48     0.26
  SINCE JAN 1     46.08                     44.06   2.02    35.89

SNOWFALL (IN)
  YESTERDAY        0.0
  MONTH TO DATE    0.0
  SINCE DEC 1      0.0
  SINCE JUL 1      0.0
  SNOW DEPTH       0

DEGREE DAYS
 HEATING
  YESTERDAY       31                        30      1       36
  MONTH TO DATE  334                       396    -62      425
  SINCE DEC 1    334                       396    -62      425
  SINCE JUL 1   1018                      1275   -257      941

 COOLING
  YESTERDAY        0                         0      0        0
  MONTH TO DATE    0                         0      0        0
  SINCE DEC 1      0                         0      0        0
  SINCE JAN 1   1467                      1389     78     1808
..................................................................


WIND (MPH)
  HIGHEST WIND SPEED    18   HIGHEST WIND DIRECTION     N (10)
  HIGHEST GUST SPEED    24   HIGHEST GUST DIRECTION     N (350)
  AVERAGE WIND SPEED     6.9


SKY COVER
  AVERAGE SKY COVER 0.8


WEATHER CONDITIONS
 THE FOLLOWING WEATHER WAS RECORDED YESTERDAY.
  NO SIGNIFICANT WEATHER WAS OBSERVED.


RELATIVE HUMIDITY (PERCENT)
 HIGHEST    85           200 AM
 LOWEST     48          1200 PM
 AVERAGE    67

..........................................................


THE SPRINGFIELD MO CLIMATE NORMALS FOR TODAY
                         NORMAL    RECORD    YEAR
 MAXIMUM TEMPERATURE (F)   45        73      1948
 MINIMUM TEMPERATURE (F)   25        -7      1989


SUNRISE AND SUNSET
DECEMBER 15 2017......SUNRISE   720 AM CST   SUNSET   457 PM CST
DECEMBER 16 2017......SUNRISE   721 AM CST   SUNSET   458 PM CST


-  INDICATES NEGATIVE NUMBERS.
R  INDICATES RECORD WAS SET OR TIED.
MM INDICATES DATA IS MISSING.
T  INDICATES TRACE AMOUNT.




$$
