000
CDUS43 KSGF 282228
CLISGF


CLIMATE REPORT
NATIONAL WEATHER SERVICE SPRINGFIELD MO
427 PM CST FRI NOV 28 2014


...................................

...THE SPRINGFIELD MO CLIMATE SUMMARY FOR NOVEMBER 28 2014...
VALID AS OF 0400 PM LOCAL TIME.

CLIMATE NORMAL PERIOD 1981 TO 2010
CLIMATE RECORD PERIOD 1888 TO 2014


WEATHER ITEM   OBSERVED TIME   RECORD YEAR NORMAL DEPARTURE LAST
                VALUE   (LST)  VALUE       VALUE  FROM      YEAR
                                                  NORMAL
..................................................................
TEMPERATURE (F)
 TODAY
  MAXIMUM         63    328 PM  73    1998  51     12       49
                                      1905
  MINIMUM         32    337 AM  10    1976  30      2       22
                                      1955
                                      1896
  AVERAGE         48                        40      8       36

PRECIPITATION (IN)
  TODAY            0.00          0.64 1908   0.14  -0.14     0.00
  MONTH TO DATE    2.30                      3.95  -1.65     2.02
  SINCE SEP 1     14.85                     12.15   2.70    11.13
  SINCE JAN 1     36.82                     42.26  -5.44    49.28

SNOWFALL (IN)
  TODAY            0.0
  MONTH TO DATE    1.7
  SINCE SEP 1      1.7
  SINCE JUL 1      1.7
  SNOW DEPTH       0

DEGREE DAYS
 HEATING
  TODAY           17                        25     -8       29
  MONTH TO DATE  698                       521    177      589
  SINCE SEP 1    930                       827    103      893
  SINCE JUL 1    930                       829    101      893

 COOLING
  TODAY            0                         0      0        0
  MONTH TO DATE    0                         0      0        0
  SINCE SEP 1    224                       201     23      274
  SINCE JAN 1   1470                      1387     83     1417
..................................................................


WIND (MPH)
  HIGHEST WIND SPEED    28   HIGHEST WIND DIRECTION     S (180)
  HIGHEST GUST SPEED    35   HIGHEST GUST DIRECTION     S (180)


SKY COVER
  AVERAGE SKY COVER 0.0


WEATHER CONDITIONS
 THE FOLLOWING WEATHER WAS RECORDED TODAY.
  NO SIGNIFICANT WEATHER WAS OBSERVED.


RELATIVE HUMIDITY (PERCENT)
 HIGHEST    69           300 AM
 LOWEST     34           200 PM
 AVERAGE    52

..........................................................


THE SPRINGFIELD MO CLIMATE NORMALS FOR TOMORROW
                         NORMAL    RECORD    YEAR
 MAXIMUM TEMPERATURE (F)   50        76      1927
 MINIMUM TEMPERATURE (F)   30         6      1976


SUNRISE AND SUNSET
NOVEMBER 28 2014......SUNRISE   706 AM CST   SUNSET   457 PM CST
NOVEMBER 29 2014......SUNRISE   707 AM CST   SUNSET   457 PM CST


-  INDICATES NEGATIVE NUMBERS.
R  INDICATES RECORD WAS SET OR TIED.
MM INDICATES DATA IS MISSING.
T  INDICATES TRACE AMOUNT.




$$
