000
CDUS43 KSGF 290626
CLISGF


CLIMATE REPORT
NATIONAL WEATHER SERVICE SPRINGFIELD MO
125 AM CDT FRI AUG 29 2014


...................................

...THE SPRINGFIELD MO CLIMATE SUMMARY FOR AUGUST 28 2014...

CLIMATE NORMAL PERIOD 1981 TO 2010
CLIMATE RECORD PERIOD 1888 TO 2014


WEATHER ITEM   OBSERVED TIME   RECORD YEAR NORMAL DEPARTURE LAST
                VALUE   (LST)  VALUE       VALUE  FROM      YEAR
                                                  NORMAL
..................................................................
TEMPERATURE (F)
 YESTERDAY
  MAXIMUM         94    406 PM 102    1984  87      7       91
  MINIMUM         73   1159 PM  47    1967  65      8       68
  AVERAGE         84                        76      8       80

PRECIPITATION (IN)
  YESTERDAY        0.00          1.36 1977   0.13  -0.13     0.00
  MONTH TO DATE    1.18                      3.15  -1.97     5.84
  SINCE JUN 1      9.71                     11.68  -1.97    14.43
  SINCE JAN 1     21.19                     29.71  -8.52    38.15

SNOWFALL (IN)
  YESTERDAY        0.0
  MONTH TO DATE    0.0
  SINCE JUN 1      0.0
  SINCE JUL 1      0.0
  SNOW DEPTH       0

DEGREE DAYS
 HEATING
  YESTERDAY        0                         0      0        0
  MONTH TO DATE    0                         0      0        0
  SINCE JUN 1      0                         9     -9       14
  SINCE JUL 1      0                         0      0        0

 COOLING
  YESTERDAY       19                        11      8       15
  MONTH TO DATE  421                       368     53      304
  SINCE JUN 1   1007                      1041    -34      961
  SINCE JAN 1   1200                      1156     44     1088
..................................................................


WIND (MPH)
  HIGHEST WIND SPEED    20   HIGHEST WIND DIRECTION     S (200)
  HIGHEST GUST SPEED    23   HIGHEST GUST DIRECTION    SW (210)
  AVERAGE WIND SPEED     9.3


SKY COVER
  AVERAGE SKY COVER 0.1


WEATHER CONDITIONS
 THE FOLLOWING WEATHER WAS RECORDED YESTERDAY.
  NO SIGNIFICANT WEATHER WAS OBSERVED.


RELATIVE HUMIDITY (PERCENT)
 HIGHEST    87           500 AM
 LOWEST     30           300 PM
 AVERAGE    59

..........................................................


THE SPRINGFIELD MO CLIMATE NORMALS FOR TODAY
                         NORMAL    RECORD    YEAR
 MAXIMUM TEMPERATURE (F)   87       106      1984
 MINIMUM TEMPERATURE (F)   65        46      1988


SUNRISE AND SUNSET
AUGUST 29 2014........SUNRISE   642 AM CDT   SUNSET   747 PM CDT
AUGUST 30 2014........SUNRISE   642 AM CDT   SUNSET   745 PM CDT


-  INDICATES NEGATIVE NUMBERS.
R  INDICATES RECORD WAS SET OR TIED.
MM INDICATES DATA IS MISSING.
T  INDICATES TRACE AMOUNT.




$$
