000
CDUS43 KSGF 040629
CLISGF


CLIMATE REPORT
NATIONAL WEATHER SERVICE SPRINGFIELD MO
129 AM CDT FRI SEP 4 2015


...................................

...THE SPRINGFIELD MO CLIMATE SUMMARY FOR SEPTEMBER 3 2015...

CLIMATE NORMAL PERIOD 1981 TO 2010
CLIMATE RECORD PERIOD 1888 TO 2015


WEATHER ITEM   OBSERVED TIME   RECORD YEAR NORMAL DEPARTURE LAST
                VALUE   (LST)  VALUE       VALUE  FROM      YEAR
                                                  NORMAL
..................................................................
TEMPERATURE (F)
 YESTERDAY
  MAXIMUM         90    238 PM 102    2000  86      4       91
                                      1939
  MINIMUM         69    551 AM  41    1974  63      6       69
  AVERAGE         80                        74      6       80

PRECIPITATION (IN)
  YESTERDAY        0.00          2.75 2008   0.15  -0.15     0.11
  MONTH TO DATE    0.00                      0.46  -0.46     1.59
  SINCE SEP 1      0.00                      0.46  -0.46     1.59
  SINCE JAN 1     35.52                     30.57   4.95    23.56

SNOWFALL (IN)
  YESTERDAY        0.0
  MONTH TO DATE    0.0
  SINCE SEP 1      0.0
  SINCE JUL 1      0.0
  SNOW DEPTH       0

DEGREE DAYS
 HEATING
  YESTERDAY        0                         0      0        0
  MONTH TO DATE    0                         0      0        0
  SINCE SEP 1      0                         0      0        0
  SINCE JUL 1      3                         2      1        0

 COOLING
  YESTERDAY       15                         9      6       15
  MONTH TO DATE   43                        29     14       35
  SINCE SEP 1     43                        29     14       35
  SINCE JAN 1   1312                      1215     97     1281
..................................................................


WIND (MPH)
  HIGHEST WIND SPEED    14   HIGHEST WIND DIRECTION     S (180)
  HIGHEST GUST SPEED    18   HIGHEST GUST DIRECTION     S (200)
  AVERAGE WIND SPEED     7.2


SKY COVER
  AVERAGE SKY COVER 0.0


WEATHER CONDITIONS
 THE FOLLOWING WEATHER WAS RECORDED YESTERDAY.
  NO SIGNIFICANT WEATHER WAS OBSERVED.


RELATIVE HUMIDITY (PERCENT)
 HIGHEST    90           500 AM
 LOWEST     46           300 PM
 AVERAGE    68

..........................................................


THE SPRINGFIELD MO CLIMATE NORMALS FOR TODAY
                         NORMAL    RECORD    YEAR
 MAXIMUM TEMPERATURE (F)   85       104      1947
 MINIMUM TEMPERATURE (F)   63        39      1974


SUNRISE AND SUNSET
SEPTEMBER  4 2015.....SUNRISE   646 AM CDT   SUNSET   738 PM CDT
SEPTEMBER  5 2015.....SUNRISE   647 AM CDT   SUNSET   737 PM CDT


-  INDICATES NEGATIVE NUMBERS.
R  INDICATES RECORD WAS SET OR TIED.
MM INDICATES DATA IS MISSING.
T  INDICATES TRACE AMOUNT.




$$
