000
CDUS43 KSGF 292129
CLISGF


CLIMATE REPORT
NATIONAL WEATHER SERVICE SPRINGFIELD MO
428 PM CDT MON SEP 29 2014


...................................

...THE SPRINGFIELD MO CLIMATE SUMMARY FOR SEPTEMBER 29 2014...
VALID AS OF 0400 PM LOCAL TIME.

CLIMATE NORMAL PERIOD 1981 TO 2010
CLIMATE RECORD PERIOD 1888 TO 2014


WEATHER ITEM   OBSERVED TIME   RECORD YEAR NORMAL DEPARTURE LAST
                VALUE   (LST)  VALUE       VALUE  FROM      YEAR
                                                  NORMAL
..................................................................
TEMPERATURE (F)
 TODAY
  MAXIMUM         86    222 PM  98    1953  75     11       74
  MINIMUM         59    617 AM  33    1967  52      7       54
  AVERAGE         73                        63     10       64

PRECIPITATION (IN)
  TODAY            0.00          2.80 1986   0.14  -0.14     0.00
  MONTH TO DATE    5.00                      4.47   0.53     2.18
  SINCE SEP 1      5.00                      4.47   0.53     2.18
  SINCE JAN 1     26.97                     34.58  -7.61    40.33

SNOWFALL (IN)
  TODAY            0.0
  MONTH TO DATE    0.0
  SINCE SEP 1      0.0
  SINCE JUL 1      0.0
  SNOW DEPTH       0

DEGREE DAYS
 HEATING
  TODAY            0                         4     -4        1
  MONTH TO DATE   31                        48    -17       14
  SINCE SEP 1     31                        48    -17       14
  SINCE JUL 1     31                        50    -19       14

 COOLING
  TODAY            8                         3      5        0
  MONTH TO DATE  172                       170      2      229
  SINCE SEP 1    172                       170      2      229
  SINCE JAN 1   1418                      1356     62     1372
..................................................................


WIND (MPH)
  HIGHEST WIND SPEED     9   HIGHEST WIND DIRECTION    NE (40)
  HIGHEST GUST SPEED    13   HIGHEST GUST DIRECTION    NE (50)


SKY COVER
  AVERAGE SKY COVER 0.1


WEATHER CONDITIONS
 THE FOLLOWING WEATHER WAS RECORDED TODAY.
  NO SIGNIFICANT WEATHER WAS OBSERVED.


RELATIVE HUMIDITY (PERCENT)
 HIGHEST    90           200 AM
 LOWEST     34           200 PM
 AVERAGE    62

..........................................................


THE SPRINGFIELD MO CLIMATE NORMALS FOR TOMORROW
                         NORMAL    RECORD    YEAR
 MAXIMUM TEMPERATURE (F)   74        91      1979
                                             1938
 MINIMUM TEMPERATURE (F)   52        31      1984


SUNRISE AND SUNSET
SEPTEMBER 29 2014.....SUNRISE   707 AM CDT   SUNSET   700 PM CDT
SEPTEMBER 30 2014.....SUNRISE   708 AM CDT   SUNSET   658 PM CDT


-  INDICATES NEGATIVE NUMBERS.
R  INDICATES RECORD WAS SET OR TIED.
MM INDICATES DATA IS MISSING.
T  INDICATES TRACE AMOUNT.




$$
