000
CXUS53 KSGF 010650
CLMSGF


CLIMATE REPORT
NATIONAL WEATHER SERVICE SPRINGFIELD MO
1250 AM CST WED FEB 1 2017

...................................

...THE SPRINGFIELD MO CLIMATE SUMMARY FOR THE MONTH OF JANUARY 2017...

CLIMATE NORMAL PERIOD 1981 TO 2010
CLIMATE RECORD PERIOD 1888 TO 2017

WEATHER         OBSERVED          NORMAL  DEPART
                 VALUE   DATE(S)  VALUE   FROM
                                          NORMAL
................................................
TEMPERATURE (F)
RECORD
 HIGH              76   01/24/1950
 LOW              -19   01/12/1918
HIGHEST            74   01/11        42      32
LOWEST              1   01/07        20     -19
AVG. MAXIMUM     49.3              42.9     6.4
AVG. MINIMUM     28.8              22.4     6.4
MEAN             39.0              32.6     6.4
DAYS MAX >= 90      0               0.0     0.0
DAYS MAX <= 32      4               6.2    -2.2
DAYS MIN <= 32     16              25.0    -9.0
DAYS MIN <= 0       0               1.3    -1.3

PRECIPITATION (INCHES)
RECORD
 MAXIMUM         9.31   1916
 MINIMUM         0.07   1943
TOTALS           4.07              2.47    1.60
DAILY AVG.       0.13              0.08    0.05
DAYS >= .01         8               8.2    -0.2
DAYS >= .10         5               4.2     0.8
DAYS >= .50         4               1.5     2.5
DAYS >= 1.00        1               0.6     0.4
GREATEST
 24 HR. TOTAL    1.86   01/13 TO 01/14

SNOWFALL (INCHES)
TOTALS            1.5
SINCE 7/1         1.7
DAYS >= TRACE       1

DEGREE_DAYS
HEATING TOTAL     797              1003    -206
 SINCE 7/1       2210              2813    -603
COOLING TOTAL       0                 0       0
 SINCE 1/1          0                 0       0
.................................................

WIND (MPH)
AVERAGE WIND SPEED              10.8
HIGHEST WIND SPEED/DIRECTION    39/230    DATE  01/10
HIGHEST GUST SPEED/DIRECTION    51/230    DATE  01/10

SKY COVER
POSSIBLE SUNSHINE (PERCENT)   MM
AVERAGE SKY COVER           0.50
NUMBER OF DAYS FAIR           12
NUMBER OF DAYS PC              6
NUMBER OF DAYS CLOUDY         13

AVERAGE RH (PERCENT)     70

WEATHER CONDITIONS. NUMBER OF DAYS WITH
THUNDERSTORM              0     MIXED PRECIP               0
HEAVY RAIN                2     RAIN                       5
LIGHT RAIN               12     FREEZING RAIN              1
LT FREEZING RAIN          1     HAIL                       0
HEAVY SNOW                0     SNOW                       0
LIGHT SNOW                1     SLEET                      0
FOG                      15     FOG W/VIS <= 1/4 MILE      5
HAZE                      2

-  INDICATES NEGATIVE NUMBERS.
R  INDICATES RECORD WAS SET OR TIED.
MM INDICATES DATA IS MISSING.
T  INDICATES TRACE AMOUNT.

$$
