572
CXUS53 KSGF 010631
CLMSGF


CLIMATE REPORT
NATIONAL WEATHER SERVICE SPRINGFIELD MO
1231 AM CST MON JAN 1 2018

...................................

...THE SPRINGFIELD MO CLIMATE SUMMARY FOR THE MONTH OF DECEMBER 2017...

CLIMATE NORMAL PERIOD 1981 TO 2010
CLIMATE RECORD PERIOD 1888 TO 2017

WEATHER         OBSERVED          NORMAL  DEPART
                 VALUE   DATE(S)  VALUE   FROM
                                          NORMAL
................................................
TEMPERATURE (F)
RECORD
 HIGH              77   12/08/1991
                        12/13/1948
 LOW              -16   12/23/1989
HIGHEST            72   12/03        45      27
LOWEST              4   12/31        25     -21
AVG. MAXIMUM     46.2              44.9     1.3
AVG. MINIMUM     27.1              25.0     2.1
MEAN             36.7              35.0     1.7
DAYS MAX >= 90      0               0.0     0.0
DAYS MAX <= 32      6               4.4     1.6
DAYS MIN <= 32     23              23.2    -0.2
DAYS MIN <= 0       0               0.7    -0.7

PRECIPITATION (INCHES)
RECORD
 MAXIMUM        11.43   2015
 MINIMUM         0.13   1950
TOTALS           1.52              3.04   -1.52
DAILY AVG.       0.05              0.10   -0.05
DAYS >= .01         5               8.9    -3.9
DAYS >= .10         3               4.9    -1.9
DAYS >= .50         1               1.8    -0.8
DAYS >= 1.00        0               1.0    -1.0
GREATEST
 24 HR. TOTAL    0.76   12/22 TO 12/22

SNOWFALL (INCHES)
TOTALS            1.8
SINCE 7/1         1.8
DAYS >= TRACE       5

DEGREE_DAYS
HEATING TOTAL     870               931     -61
 SINCE 7/1       1554              1810    -256
COOLING TOTAL       0                 0       0
 SINCE 1/1       1467              1389      78
.................................................

WIND (MPH)
AVERAGE WIND SPEED              9.7
HIGHEST WIND SPEED/DIRECTION    32/270    DATE  12/04
HIGHEST GUST SPEED/DIRECTION    43/260    DATE  12/04

SKY COVER
POSSIBLE SUNSHINE (PERCENT)   MM
AVERAGE SKY COVER           0.40
NUMBER OF DAYS FAIR           13
NUMBER OF DAYS PC             12
NUMBER OF DAYS CLOUDY          6

AVERAGE RH (PERCENT)     65

WEATHER CONDITIONS. NUMBER OF DAYS WITH
THUNDERSTORM              0     MIXED PRECIP               0
HEAVY RAIN                1     RAIN                       2
LIGHT RAIN                6     FREEZING RAIN              2
LT FREEZING RAIN          3     HAIL                       0
HEAVY SNOW                0     SNOW                       0
LIGHT SNOW                3     SLEET                      0
FOG                      10     FOG W/VIS <= 1/4 MILE      0
HAZE                      2

-  INDICATES NEGATIVE NUMBERS.
R  INDICATES RECORD WAS SET OR TIED.
MM INDICATES DATA IS MISSING.
T  INDICATES TRACE AMOUNT.

$$
