000
CXUS53 KSGF 010643
CLMSGF


CLIMATE REPORT
NATIONAL WEATHER SERVICE SPRINGFIELD MO
143 AM CDT MON JUL 1 2013

...................................

...THE SPRINGFIELD MO CLIMATE SUMMARY FOR THE MONTH OF JUNE 2013...

CLIMATE NORMAL PERIOD 1981 TO 2010
CLIMATE RECORD PERIOD 1888 TO 2013

WEATHER         OBSERVED          NORMAL  DEPART
                 VALUE   DATE(S)  VALUE   FROM
                                          NORMAL
................................................
TEMPERATURE (F)
RECORD
 HIGH             101   06/28/2012
                        06/27/2012
                        06/27/1954
 LOW               42   06/01/1966
HIGHEST            96   06/27        84      12
LOWEST             46   06/03        62     -16
AVG. MAXIMUM     83.6              83.8    -0.2
AVG. MINIMUM     63.8              63.1     0.7
MEAN             73.7              73.4     0.3
DAYS MAX >= 90      8               3.9     4.1
DAYS MAX <= 32      0               0.0     0.0
DAYS MIN <= 32      0               0.0     0.0
DAYS MIN <= 0       0               0.0     0.0

PRECIPITATION (INCHES)
RECORD
 MAXIMUM        13.41   2008
 MINIMUM         0.23   1991
TOTALS           2.26              4.85   -2.59
DAILY AVG.       0.08              0.16   -0.08
DAYS >= .01         9              10.6    -1.6
DAYS >= .10         7               7.5    -0.5
DAYS >= .50         1               3.5    -2.5
DAYS >= 1.00        0               1.2    -1.2
GREATEST
 24 HR. TOTAL    2.47   05/31 TO 06/01

SNOWFALL (INCHES)
TOTALS            0.0
SINCE 7/1        12.7
DAYS >= TRACE       0

DEGREE_DAYS
HEATING TOTAL      14                 9       5
 SINCE 7/1       4508              4578     -70
COOLING TOTAL     284               263      21
 SINCE 1/1        411               378      33
.................................................

WIND (MPH)
AVERAGE WIND SPEED              9.3
HIGHEST WIND SPEED/DIRECTION    36/290    DATE  06/28
HIGHEST GUST SPEED/DIRECTION    54/280    DATE  06/28

SKY COVER
POSSIBLE SUNSHINE (PERCENT)   MM
AVERAGE SKY COVER           0.20
NUMBER OF DAYS FAIR           22
NUMBER OF DAYS PC              7
NUMBER OF DAYS CLOUDY          1

AVERAGE RH (PERCENT)     71

WEATHER CONDITIONS. NUMBER OF DAYS WITH
THUNDERSTORM              0     MIXED PRECIP               0
HEAVY RAIN                4     RAIN                       7
LIGHT RAIN               10     FREEZING RAIN              0
LT FREEZING RAIN          0     HAIL                       0
HEAVY SNOW                0     SNOW                       0
LIGHT SNOW                0     SLEET                      0
FOG                      13     FOG W/VIS <= 1/4 MILE      2
HAZE                      0

-  INDICATES NEGATIVE NUMBERS.
R  INDICATES RECORD WAS SET OR TIED.
MM INDICATES DATA IS MISSING.
T  INDICATES TRACE AMOUNT.

$$
