000
CXUS53 KSGF 041412
CLMSGF


CLIMATE REPORT
NATIONAL WEATHER SERVICE SPRINGFIELD MO
811 AM CST MON NOV 4 2013

...................................

...THE SPRINGFIELD MO CLIMATE SUMMARY FOR THE MONTH OF OCTOBER 2013...

CLIMATE NORMAL PERIOD 1981 TO 2010
CLIMATE RECORD PERIOD 1888 TO 2013

WEATHER         OBSERVED          NORMAL  DEPART
                 VALUE   DATE(S)  VALUE   FROM
                                          NORMAL
................................................
TEMPERATURE (F)
RECORD
 HIGH              93   10/05/1981
                        10/02/1976
 LOW               18   10/31/1993
HIGHEST            84   10/04        70      14
                        10/03
LOWEST             29   10/25        46     -17
AVG. MAXIMUM     66.9              69.0    -2.1
AVG. MINIMUM     46.7              46.5     0.2
MEAN             56.8              57.8    -1.0
DAYS MAX >= 90      0               0.0     0.0
DAYS MAX <= 32      0               0.0     0.0
DAYS MIN <= 32      4               2.0     2.0
DAYS MIN <= 0       0               0.0     0.0

PRECIPITATION (INCHES)
RECORD
 MAXIMUM        11.94   1919
 MINIMUM         0.31   1917
TOTALS           6.93              3.59    3.34
DAILY AVG.       0.22              0.12    0.10
DAYS >= .01         8               9.5    -1.5
DAYS >= .10         8               5.9     2.1
DAYS >= .50         4               2.3     1.7
DAYS >= 1.00        2               1.1     0.9
GREATEST
 24 HR. TOTAL    2.35   10/29 TO 10/29

SNOWFALL (INCHES)
TOTALS            0.0
SINCE 7/1         0.0
DAYS >= TRACE       0

DEGREE_DAYS
HEATING TOTAL     290               253      37
 SINCE 7/1        304               308      -4
COOLING TOTAL      44                28      16
 SINCE 1/1       1417              1387      30
.................................................

WIND (MPH)
AVERAGE WIND SPEED              9.2
HIGHEST WIND SPEED/DIRECTION    30/180    DATE  10/30
HIGHEST GUST SPEED/DIRECTION    38/180    DATE  10/30

SKY COVER
POSSIBLE SUNSHINE (PERCENT)   MM
AVERAGE SKY COVER           0.30
NUMBER OF DAYS FAIR           17
NUMBER OF DAYS PC             12
NUMBER OF DAYS CLOUDY          2

AVERAGE RH (PERCENT)     72

WEATHER CONDITIONS. NUMBER OF DAYS WITH
THUNDERSTORM              0     MIXED PRECIP               0
HEAVY RAIN                6     RAIN                       7
LIGHT RAIN               12     FREEZING RAIN              0
LT FREEZING RAIN          0     HAIL                       0
HEAVY SNOW                0     SNOW                       0
LIGHT SNOW                0     SLEET                      0
FOG                      11     FOG W/VIS <= 1/4 MILE      2
HAZE                      6

-  INDICATES NEGATIVE NUMBERS.
R  INDICATES RECORD WAS SET OR TIED.
MM INDICATES DATA IS MISSING.
T  INDICATES TRACE AMOUNT.

$$
