763
CXUS53 KSGF 010649
CLMSGF


CLIMATE REPORT
NATIONAL WEATHER SERVICE SPRINGFIELD MO
149 AM CDT SUN NOV 1 2015

...................................

...THE SPRINGFIELD MO CLIMATE SUMMARY FOR THE MONTH OF OCTOBER 2015...

CLIMATE NORMAL PERIOD 1981 TO 2010
CLIMATE RECORD PERIOD 1888 TO 2015

WEATHER         OBSERVED          NORMAL  DEPART
                 VALUE   DATE(S)  VALUE   FROM
                                          NORMAL
................................................
TEMPERATURE (F)
RECORD
 HIGH              93   10/05/1981
                        10/02/1976
 LOW               18   10/31/1993
HIGHEST            85   10/15        70      15
LOWEST             33   10/30        46     -13
AVG. MAXIMUM     71.1              69.0     2.1
AVG. MINIMUM     48.4              46.5     1.9
MEAN             59.7              57.8     1.9
DAYS MAX >= 90      0               0.0     0.0
DAYS MAX <= 32      0               0.0     0.0
DAYS MIN <= 32      0               2.0    -2.0
DAYS MIN <= 0       0               0.0     0.0

PRECIPITATION (INCHES)
RECORD
 MAXIMUM        11.94   1919
 MINIMUM         0.31   1917
TOTALS           1.51              3.59   -2.08
DAILY AVG.       0.05              0.12   -0.07
DAYS >= .01         8               9.5    -1.5
DAYS >= .10         5               5.9    -0.9
DAYS >= .50         1               2.3    -1.3
DAYS >= 1.00        0               1.1    -1.1
GREATEST
 24 HR. TOTAL    0.65   10/26 TO 10/27

SNOWFALL (INCHES)
TOTALS            0.0
SINCE 7/1         0.0
DAYS >= TRACE       0

DEGREE_DAYS
HEATING TOTAL     188               253     -65
 SINCE 7/1        201               308    -107
COOLING TOTAL      30                28       2
 SINCE 1/1       1555              1387     168
.................................................

WIND (MPH)
AVERAGE WIND SPEED              8.8
HIGHEST WIND SPEED/DIRECTION    33/140    DATE  10/31
HIGHEST GUST SPEED/DIRECTION    42/150    DATE  10/31

SKY COVER
POSSIBLE SUNSHINE (PERCENT)   MM
AVERAGE SKY COVER           0.30
NUMBER OF DAYS FAIR           16
NUMBER OF DAYS PC              6
NUMBER OF DAYS CLOUDY          4

AVERAGE RH (PERCENT)     62

WEATHER CONDITIONS. NUMBER OF DAYS WITH
THUNDERSTORM              0     MIXED PRECIP               0
HEAVY RAIN                3     RAIN                       5
LIGHT RAIN                9     FREEZING RAIN              0
LT FREEZING RAIN          0     HAIL                       0
HEAVY SNOW                0     SNOW                       0
LIGHT SNOW                0     SLEET                      0
FOG                       9     FOG W/VIS <= 1/4 MILE      2
HAZE                      2

-  INDICATES NEGATIVE NUMBERS.
R  INDICATES RECORD WAS SET OR TIED.
MM INDICATES DATA IS MISSING.
T  INDICATES TRACE AMOUNT.

$$
