000
CXUS53 KSGF 010633
CLMSGF


CLIMATE REPORT
NATIONAL WEATHER SERVICE SPRINGFIELD MO
1233 AM CST SUN DEC 1 2013

...................................

...THE SPRINGFIELD MO CLIMATE SUMMARY FOR THE MONTH OF NOVEMBER 2013...

CLIMATE NORMAL PERIOD 1981 TO 2010
CLIMATE RECORD PERIOD 1888 TO 2013

WEATHER         OBSERVED          NORMAL  DEPART
                 VALUE   DATE(S)  VALUE   FROM
                                          NORMAL
................................................
TEMPERATURE (F)
RECORD
 HIGH              83   11/09/2006
 LOW                4   11/17/1959
HIGHEST            73   11/17        57      16
LOWEST             14   11/24        36     -22
AVG. MAXIMUM     53.9              56.7    -2.8
AVG. MINIMUM     33.3              35.4    -2.1
MEAN             43.6              46.1    -2.5
DAYS MAX >= 90      0               0.0     0.0
DAYS MAX <= 32      1               0.5     0.5
DAYS MIN <= 32     12              11.8     0.2
DAYS MIN <= 0       0               0.0     0.0

PRECIPITATION (INCHES)
RECORD
 MAXIMUM        12.24   1985
 MINIMUM         0.14   1910
TOTALS           2.02              4.22   -2.20
DAILY AVG.       0.07              0.14   -0.07
DAYS >= .01         8               9.4    -1.4
DAYS >= .10         3               5.9    -2.9
DAYS >= .50         2               2.6    -0.6
DAYS >= 1.00        0               1.3    -1.3
GREATEST
 24 HR. TOTAL    0.91   11/05 TO 11/06

SNOWFALL (INCHES)
TOTALS              T
SINCE 7/1           T
DAYS >= TRACE       2

DEGREE_DAYS
HEATING TOTAL     633               571      62
 SINCE 7/1        937               879      58
COOLING TOTAL       0                 2      -2
 SINCE 1/1       1417              1389      28
.................................................

WIND (MPH)
AVERAGE WIND SPEED              11.2
HIGHEST WIND SPEED/DIRECTION    37/170    DATE  11/16
HIGHEST GUST SPEED/DIRECTION    51/200    DATE  11/17

SKY COVER
POSSIBLE SUNSHINE (PERCENT)   MM
AVERAGE SKY COVER           0.40
NUMBER OF DAYS FAIR           18
NUMBER OF DAYS PC              5
NUMBER OF DAYS CLOUDY          7

AVERAGE RH (PERCENT)     65

WEATHER CONDITIONS. NUMBER OF DAYS WITH
THUNDERSTORM              0     MIXED PRECIP               0
HEAVY RAIN                2     RAIN                       3
LIGHT RAIN               10     FREEZING RAIN              0
LT FREEZING RAIN          0     HAIL                       0
HEAVY SNOW                0     SNOW                       0
LIGHT SNOW                2     SLEET                      0
FOG                       5     FOG W/VIS <= 1/4 MILE      0
HAZE                      0

-  INDICATES NEGATIVE NUMBERS.
R  INDICATES RECORD WAS SET OR TIED.
MM INDICATES DATA IS MISSING.
T  INDICATES TRACE AMOUNT.

$$
