000
CXUS53 KSGF 010634
CLMSGF


CLIMATE REPORT
NATIONAL WEATHER SERVICE SPRINGFIELD MO
132 AM CDT WED JUN 1 2016

...................................

...THE SPRINGFIELD MO CLIMATE SUMMARY FOR THE MONTH OF MAY 2016...

CLIMATE NORMAL PERIOD 1981 TO 2010
CLIMATE RECORD PERIOD 1888 TO 2016

WEATHER         OBSERVED          NORMAL  DEPART
                 VALUE   DATE(S)  VALUE   FROM
                                          NORMAL
................................................
TEMPERATURE (F)
RECORD
 HIGH              95   05/31/1934
 LOW               29   05/06/1944
HIGHEST            88   05/26        76      12
LOWEST             38   05/15        53     -15
AVG. MAXIMUM     73.8              75.3    -1.5
AVG. MINIMUM     53.3              54.4    -1.1
MEAN             63.6              64.8    -1.2
DAYS MAX >= 90      0               0.2    -0.2
DAYS MAX <= 32      0               0.0     0.0
DAYS MIN <= 32      0               0.1    -0.1
DAYS MIN <= 0       0               0.0     0.0

PRECIPITATION (INCHES)
RECORD
 MAXIMUM        16.15   1943
 MINIMUM         0.34   1911
TOTALS           4.53              5.10   -0.57
DAILY AVG.       0.15              0.16   -0.01
DAYS >= .01        14              12.0     2.0
DAYS >= .10         6               7.9    -1.9
DAYS >= .50         2               3.5    -1.5
DAYS >= 1.00        2               1.1     0.9
GREATEST
 24 HR. TOTAL    3.05   05/16 TO 05/17

SNOWFALL (INCHES)
TOTALS            0.0
SINCE 7/1         3.0
DAYS >= TRACE       0

DEGREE_DAYS
HEATING TOTAL     129                95      34
 SINCE 7/1       3629              4569    -940
COOLING TOTAL      93                90       3
 SINCE 1/1        120               115       5
.................................................

WIND (MPH)
AVERAGE WIND SPEED              9.1
HIGHEST WIND SPEED/DIRECTION    35/150    DATE  05/25
HIGHEST GUST SPEED/DIRECTION    39/140    DATE  05/25

SKY COVER
POSSIBLE SUNSHINE (PERCENT)   MM
AVERAGE SKY COVER           0.40
NUMBER OF DAYS FAIR           18
NUMBER OF DAYS PC              9
NUMBER OF DAYS CLOUDY          4

AVERAGE RH (PERCENT)     67

WEATHER CONDITIONS. NUMBER OF DAYS WITH
THUNDERSTORM              0     MIXED PRECIP               0
HEAVY RAIN                4     RAIN                       4
LIGHT RAIN               19     FREEZING RAIN              0
LT FREEZING RAIN          0     HAIL                       0
HEAVY SNOW                0     SNOW                       0
LIGHT SNOW                0     SLEET                      0
FOG                      13     FOG W/VIS <= 1/4 MILE      2
HAZE                      2

-  INDICATES NEGATIVE NUMBERS.
R  INDICATES RECORD WAS SET OR TIED.
MM INDICATES DATA IS MISSING.
T  INDICATES TRACE AMOUNT.

$$
