000
CXUS53 KSGF 010629
CLMSGF


CLIMATE REPORT
NATIONAL WEATHER SERVICE SPRINGFIELD MO
127 AM CDT THU AUG 1 2013

...................................

...THE SPRINGFIELD MO CLIMATE SUMMARY FOR THE MONTH OF JULY 2013...

CLIMATE NORMAL PERIOD 1981 TO 2010
CLIMATE RECORD PERIOD 1888 TO 2013

WEATHER         OBSERVED          NORMAL  DEPART
                 VALUE   DATE(S)  VALUE   FROM
                                          NORMAL
................................................
TEMPERATURE (F)
RECORD
 HIGH             113   07/14/1954
 LOW               44   07/06/1972
                        07/21/1970
HIGHEST            95   07/19        90       5
                        07/09
LOWEST             55   07/02        67     -12
AVG. MAXIMUM     86.8              88.8    -2.0
AVG. MINIMUM     66.6              67.6    -1.0
MEAN             76.7              78.2    -1.5
DAYS MAX >= 90     10              13.1    -3.1
DAYS MAX <= 32      0               0.0     0.0
DAYS MIN <= 32      0               0.0     0.0
DAYS MIN <= 0       0               0.0     0.0

PRECIPITATION (INCHES)
RECORD
 MAXIMUM        18.75   1958
 MINIMUM         0.32   2012
TOTALS           6.33              3.68    2.65
DAILY AVG.       0.20              0.12    0.08
DAYS >= .01        10               8.4     1.6
DAYS >= .10        10               5.8     4.2
DAYS >= .50         3               2.6     0.4
DAYS >= 1.00        2               1.1     0.9
GREATEST
 24 HR. TOTAL    2.64   07/29 TO 07/30

SNOWFALL (INCHES)
TOTALS            0.0
SINCE 7/1         0.0
DAYS >= TRACE       0

DEGREE_DAYS
HEATING TOTAL       0                 0       0
 SINCE 7/1          0                 0       0
COOLING TOTAL     373               410     -37
 SINCE 1/1        784               788      -4
.................................................

WIND (MPH)
AVERAGE WIND SPEED              7.6
HIGHEST WIND SPEED/DIRECTION    32/320    DATE  07/10
HIGHEST GUST SPEED/DIRECTION    38/320    DATE  07/10

SKY COVER
POSSIBLE SUNSHINE (PERCENT)   MM
AVERAGE SKY COVER           0.20
NUMBER OF DAYS FAIR           24
NUMBER OF DAYS PC              5
NUMBER OF DAYS CLOUDY          2

AVERAGE RH (PERCENT)     67

WEATHER CONDITIONS. NUMBER OF DAYS WITH
THUNDERSTORM              0     MIXED PRECIP               0
HEAVY RAIN                8     RAIN                       5
LIGHT RAIN               11     FREEZING RAIN              0
LT FREEZING RAIN          0     HAIL                       0
HEAVY SNOW                0     SNOW                       0
LIGHT SNOW                0     SLEET                      0
FOG                      10     FOG W/VIS <= 1/4 MILE      3
HAZE                      2

-  INDICATES NEGATIVE NUMBERS.
R  INDICATES RECORD WAS SET OR TIED.
MM INDICATES DATA IS MISSING.
T  INDICATES TRACE AMOUNT.

$$
