000
CXUS53 KSGF 010636
CLMSGF


CLIMATE REPORT
NATIONAL WEATHER SERVICE SPRINGFIELD MO
133 AM CDT TUE OCT 1 2013

...................................

...THE SPRINGFIELD MO CLIMATE SUMMARY FOR THE MONTH OF SEPTEMBER 2013...

CLIMATE NORMAL PERIOD 1981 TO 2010
CLIMATE RECORD PERIOD 1888 TO 2013

WEATHER         OBSERVED          NORMAL  DEPART
                 VALUE   DATE(S)  VALUE   FROM
                                          NORMAL
................................................
TEMPERATURE (F)
RECORD
 HIGH             104   09/07/1947
                        09/04/1947
 LOW               30   09/27/1942
HIGHEST            95   09/09        80      15
LOWEST             46   09/22        58     -12
AVG. MAXIMUM     83.1              80.3     2.8
AVG. MINIMUM     60.7              57.7     3.0
MEAN             71.9              69.0     2.9
DAYS MAX >= 90      6               3.0     3.0
DAYS MAX <= 32      0               0.0     0.0
DAYS MIN <= 32      0               0.0     0.0
DAYS MIN <= 0       0               0.0     0.0

PRECIPITATION (INCHES)
RECORD
 MAXIMUM        17.46   1993
 MINIMUM         0.05   1928
TOTALS           2.18              4.61   -2.43
DAILY AVG.       0.07              0.15   -0.08
DAYS >= .01         8               7.6     0.4
DAYS >= .10         5               5.3    -0.3
DAYS >= .50         1               2.6    -1.6
DAYS >= 1.00        0               1.6    -1.6
GREATEST
 24 HR. TOTAL    0.93   09/19 TO 09/20

SNOWFALL (INCHES)
TOTALS            0.0
SINCE 7/1         0.0
DAYS >= TRACE       0

DEGREE_DAYS
HEATING TOTAL      14                53     -39
 SINCE 7/1         14                55     -41
COOLING TOTAL     230               173      57
 SINCE 1/1       1373              1359      14
.................................................

WIND (MPH)
AVERAGE WIND SPEED              7.8
HIGHEST WIND SPEED/DIRECTION    28/150    DATE  09/19
HIGHEST GUST SPEED/DIRECTION    38/290    DATE  09/19

SKY COVER
POSSIBLE SUNSHINE (PERCENT)   MM
AVERAGE SKY COVER           0.20
NUMBER OF DAYS FAIR           24
NUMBER OF DAYS PC              4
NUMBER OF DAYS CLOUDY          2

AVERAGE RH (PERCENT)     66

WEATHER CONDITIONS. NUMBER OF DAYS WITH
THUNDERSTORM              6     MIXED PRECIP               0
HEAVY RAIN                4     RAIN                       5
LIGHT RAIN                8     FREEZING RAIN              0
LT FREEZING RAIN          0     HAIL                       0
HEAVY SNOW                0     SNOW                       0
LIGHT SNOW                0     SLEET                      0
FOG                      10     FOG W/VIS <= 1/4 MILE      1
HAZE                      1

-  INDICATES NEGATIVE NUMBERS.
R  INDICATES RECORD WAS SET OR TIED.
MM INDICATES DATA IS MISSING.
T  INDICATES TRACE AMOUNT.

$$
