000
CXUS53 KSGF 011721
CLMSGF


CLIMATE REPORT
NATIONAL WEATHER SERVICE SPRINGFIELD MO
1120 AM CST FRI JAN 1 2016

...................................

...THE SPRINGFIELD MO CLIMATE SUMMARY FOR THE MONTH OF DECEMBER 2015...

CLIMATE NORMAL PERIOD 1981 TO 2010
CLIMATE RECORD PERIOD 1888 TO 2015

WEATHER         OBSERVED          NORMAL  DEPART
                 VALUE   DATE(S)  VALUE   FROM
                                          NORMAL
................................................
TEMPERATURE (F)
RECORD
 HIGH              77   12/08/1991
                        12/13/1948
 LOW              -16   12/23/1989
HIGHEST            70   12/12        45      25
LOWEST             22   12/18        25      -3
AVG. MAXIMUM     54.4              44.9     9.5
AVG. MINIMUM     33.4              25.0     8.4
MEAN             43.9              35.0     8.9
DAYS MAX >= 90      0               0.0     0.0
DAYS MAX <= 32      1               4.4    -3.4
DAYS MIN <= 32     14              23.2    -9.2
DAYS MIN <= 0       0               0.7    -0.7

PRECIPITATION (INCHES)
RECORD
 MAXIMUM        11.02   1895
 MINIMUM         0.13   1950
TOTALS          11.43R             3.04    8.39
DAILY AVG.       0.37              0.10    0.27
DAYS >= .01         9               8.9     0.1
DAYS >= .10         6               4.9     1.1
DAYS >= .50         5               1.8     3.2
DAYS >= 1.00        2               1.0     1.0
GREATEST
 24 HR. TOTAL    6.96   12/26 TO 12/27

SNOWFALL (INCHES)
TOTALS              T
SINCE 7/1           T
DAYS >= TRACE       0

DEGREE_DAYS
HEATING TOTAL     649               931    -282
 SINCE 7/1       1294              1810    -516
COOLING TOTAL       0                 0       0
 SINCE 1/1       1555              1389     166
.................................................

WIND (MPH)
AVERAGE WIND SPEED              11.1
HIGHEST WIND SPEED/DIRECTION    36/220    DATE  12/23
HIGHEST GUST SPEED/DIRECTION    46/250    DATE  12/23

SKY COVER
POSSIBLE SUNSHINE (PERCENT)   MM
AVERAGE SKY COVER           0.40
NUMBER OF DAYS FAIR           18
NUMBER OF DAYS PC              6
NUMBER OF DAYS CLOUDY          7

AVERAGE RH (PERCENT)     69

WEATHER CONDITIONS. NUMBER OF DAYS WITH
THUNDERSTORM              0     MIXED PRECIP               1
HEAVY RAIN                5     RAIN                       5
LIGHT RAIN               10     FREEZING RAIN              0
LT FREEZING RAIN          0     HAIL                       0
HEAVY SNOW                0     SNOW                       0
LIGHT SNOW                1     SLEET                      0
FOG                      14     FOG W/VIS <= 1/4 MILE      1
HAZE                      1

-  INDICATES NEGATIVE NUMBERS.
R  INDICATES RECORD WAS SET OR TIED.
MM INDICATES DATA IS MISSING.
T  INDICATES TRACE AMOUNT.

$$
