000
CXUS53 KSGF 010644
CLMSGF
CLIMATE REPORT
NATIONAL WEATHER SERVICE
1244 AM CST THU FEB 01 2024
...................................
...THE SPRINGFIELD MO CLIMATE SUMMARY FOR THE MONTH OF JANUARY 2024...
CLIMATE NORMAL PERIOD: 1991 TO 2020
CLIMATE RECORD PERIOD: 1888 TO 2024
WEATHER OBSERVED NORMAL DEPART LAST YEAR`S
VALUE DATE(S) VALUE FROM VALUE
NORMAL
..............................................................
TEMPERATURE (F)
RECORD
HIGH 76 01/24/1950
LOW -19 01/12/1918
HIGHEST 62 01/31 42 20 70
LOWEST -5 01/14 20 -25 16
01/16
AVG. MAXIMUM 39.2 44.3 -5.1 48.5
AVG. MINIMUM 21.4 24.2 -2.8
MEAN 30.3 34.3 -4.0
DAYS MAX >= 90 0 0.0 0.0
DAYS MAX <= 32 7 6.2 0.8
DAYS MIN <= 32 24 24.6 -0.6
DAYS MIN <= 0 4 0.9 3.1
PRECIPITATION (INCHES)
RECORD
MAXIMUM 9.31 1916
MINIMUM 0.07 1943
TOTALS 2.43 2.54 -0.11 2.82
DAILY AVG. 0.08 0.08 -0.00
DAYS >= .01 11 8.1 2.9
DAYS >= .10 5 4.2 0.8
DAYS >= .50 2 1.7 0.3
DAYS >= 1.00 0 0.6 -0.6
GREATEST
24 HR. TOTAL 0.72 01/22 TO 01/22 1.55
01/22 TO 01/23
DEGREE DAYS
HEATING TOTAL 1067 953 114 800
SINCE 7/1 2458 2637 -179 MM
COOLING TOTAL 0 0 0 0
SINCE 1/1 0 0 0 MM
FREEZE DATES
RECORD
EARLIEST 05/19/1894
LATEST 09/24/1989
EARLIEST 10/30
LATEST 04/23
..............................................................
WIND (MPH)
AVERAGE WIND SPEED 9.7
RESULTANT WIND SPEED/DIRECTION 2/220
HIGHEST WIND SPEED/DIRECTION 32/140 DATE 01/08
32/250 01/12
HIGHEST GUST SPEED/DIRECTION 46/250 DATE 01/12
SKY COVER
POSSIBLE SUNSHINE (PERCENT) MM
AVERAGE SKY COVER 0.48
NUMBER OF DAYS FAIR 13
NUMBER OF DAYS PC 7
NUMBER OF DAYS CLOUDY 11
AVERAGE RH (PERCENT) 75
WEATHER CONDITIONS. NUMBER OF DAYS WITH
THUNDERSTORM 2 MIXED PRECIP 0
HEAVY RAIN 2 RAIN 5
LIGHT RAIN 11 FREEZING RAIN 1
LT FREEZING RAIN 3 HAIL 0
HEAVY SNOW 0 SNOW 2
LIGHT SNOW 9 SLEET 1
FOG 18 FOG W/VIS <= 1/4 MILE 5
HAZE 5
- INDICATES NEGATIVE NUMBERS.
R INDICATES RECORD WAS SET OR TIED.
MM INDICATES DATA IS MISSING.
T INDICATES TRACE AMOUNT.
$$