046
CXUS53 KSGF 010627
CLMSGF


CLIMATE REPORT
NATIONAL WEATHER SERVICE SPRINGFIELD MO
126 AM CDT TUE NOV 1 2016

...................................

...THE SPRINGFIELD MO CLIMATE SUMMARY FOR THE MONTH OF OCTOBER 2016...

CLIMATE NORMAL PERIOD 1981 TO 2010
CLIMATE RECORD PERIOD 1888 TO 2016

WEATHER         OBSERVED          NORMAL  DEPART
                 VALUE   DATE(S)  VALUE   FROM
                                          NORMAL
................................................
TEMPERATURE (F)
RECORD
 HIGH              93   10/05/1981
                        10/02/1976
 LOW               18   10/31/1993
HIGHEST            87   10/17        70      17
                        10/16
LOWEST             37   10/21        46      -9
AVG. MAXIMUM     76.0              69.0     7.0
AVG. MINIMUM     54.0              46.5     7.5
MEAN             65.0              57.8     7.2
DAYS MAX >= 90      0               0.0     0.0
DAYS MAX <= 32      0               0.0     0.0
DAYS MIN <= 32      0               2.0    -2.0
DAYS MIN <= 0       0               0.0     0.0

PRECIPITATION (INCHES)
RECORD
 MAXIMUM        11.94   1919
 MINIMUM         0.31   1917
TOTALS           3.80              3.59    0.21
DAILY AVG.       0.12              0.12    0.00
DAYS >= .01         7               9.5    -2.5
DAYS >= .10         4               5.9    -1.9
DAYS >= .50         4               2.3     1.7
DAYS >= 1.00        1               1.1    -0.1
GREATEST
 24 HR. TOTAL    1.17   10/18 TO 10/19
                        10/19 TO 10/19
                        10/19 TO 10/20

SNOWFALL (INCHES)
TOTALS            0.0
SINCE 7/1         0.0
DAYS >= TRACE       0

DEGREE_DAYS
HEATING TOTAL      88               253    -165
 SINCE 7/1        102               308    -206
COOLING TOTAL      93                28      65
 SINCE 1/1       1791              1387     404
.................................................

WIND (MPH)
AVERAGE WIND SPEED              10.0
HIGHEST WIND SPEED/DIRECTION    33/190    DATE  10/17
HIGHEST GUST SPEED/DIRECTION    45/320    DATE  10/06

SKY COVER
POSSIBLE SUNSHINE (PERCENT)   MM
AVERAGE SKY COVER           0.30
NUMBER OF DAYS FAIR           21
NUMBER OF DAYS PC              7
NUMBER OF DAYS CLOUDY          3

AVERAGE RH (PERCENT)     68

WEATHER CONDITIONS. NUMBER OF DAYS WITH
THUNDERSTORM              0     MIXED PRECIP               0
HEAVY RAIN                6     RAIN                       4
LIGHT RAIN                7     FREEZING RAIN              0
LT FREEZING RAIN          0     HAIL                       0
HEAVY SNOW                0     SNOW                       0
LIGHT SNOW                0     SLEET                      0
FOG                      15     FOG W/VIS <= 1/4 MILE      1
HAZE                      5

-  INDICATES NEGATIVE NUMBERS.
R  INDICATES RECORD WAS SET OR TIED.
MM INDICATES DATA IS MISSING.
T  INDICATES TRACE AMOUNT.

$$
