000
CXUS53 KSGF 010639
CLMSGF


CLIMATE REPORT
NATIONAL WEATHER SERVICE SPRINGFIELD MO
134 AM CDT WED APR 1 2015

...................................

...THE SPRINGFIELD MO CLIMATE SUMMARY FOR THE MONTH OF MARCH 2015...

CLIMATE NORMAL PERIOD 1981 TO 2010
CLIMATE RECORD PERIOD 1888 TO 2015

WEATHER         OBSERVED          NORMAL  DEPART
                 VALUE   DATE(S)  VALUE   FROM
                                          NORMAL
................................................
TEMPERATURE (F)
RECORD
 HIGH              92   03/20/1907
 LOW               -8   03/07/1943
HIGHEST            77   03/31        57      20
LOWEST             12   03/05        34     -22
AVG. MAXIMUM     58.9              57.5     1.4
AVG. MINIMUM     35.3              35.2     0.1
MEAN             47.1              46.3     0.8
DAYS MAX >= 90      0               0.0     0.0
DAYS MAX <= 32      0               0.5    -0.5
DAYS MIN <= 32      8              12.2    -4.2
DAYS MIN <= 0       0               0.0     0.0

PRECIPITATION (INCHES)
RECORD
 MAXIMUM         9.40   2008
 MINIMUM         0.50   1956
TOTALS           3.38              3.62   -0.24
DAILY AVG.       0.11              0.12   -0.01
DAYS >= .01        11              10.5     0.5
DAYS >= .10         6               6.5    -0.5
DAYS >= .50         2               2.3    -0.3
DAYS >= 1.00        2               1.0     1.0
GREATEST
 24 HR. TOTAL    1.29   03/13 TO 03/13

SNOWFALL (INCHES)
TOTALS            1.2
SINCE 7/1        15.8
DAYS >= TRACE       4

DEGREE_DAYS
HEATING TOTAL     547               581     -34
 SINCE 7/1       4254              4174      80
COOLING TOTAL       0                 3      -3
 SINCE 1/1          0                 3      -3
.................................................

WIND (MPH)
AVERAGE WIND SPEED              9.3
HIGHEST WIND SPEED/DIRECTION    30/150    DATE  03/29
HIGHEST GUST SPEED/DIRECTION    47/270    DATE  03/24

SKY COVER
POSSIBLE SUNSHINE (PERCENT)   MM
AVERAGE SKY COVER           0.40
NUMBER OF DAYS FAIR           14
NUMBER OF DAYS PC             10
NUMBER OF DAYS CLOUDY          7

AVERAGE RH (PERCENT)     66

WEATHER CONDITIONS. NUMBER OF DAYS WITH
THUNDERSTORM              0     MIXED PRECIP               0
HEAVY RAIN                2     RAIN                       3
LIGHT RAIN               14     FREEZING RAIN              1
LT FREEZING RAIN          1     HAIL                       0
HEAVY SNOW                0     SNOW                       1
LIGHT SNOW                4     SLEET                      0
FOG                      18     FOG W/VIS <= 1/4 MILE      5
HAZE                      1

-  INDICATES NEGATIVE NUMBERS.
R  INDICATES RECORD WAS SET OR TIED.
MM INDICATES DATA IS MISSING.
T  INDICATES TRACE AMOUNT.

$$
