000
CXUS53 KSGF 011343
CLMSGF


CLIMATE REPORT
NATIONAL WEATHER SERVICE SPRINGFIELD MO
843 AM CDT WED JUL 1 2015

...................................

...THE SPRINGFIELD MO CLIMATE SUMMARY FOR THE MONTH OF JUNE 2015...

CLIMATE NORMAL PERIOD 1981 TO 2010
CLIMATE RECORD PERIOD 1888 TO 2015

WEATHER         OBSERVED          NORMAL  DEPART
                 VALUE   DATE(S)  VALUE   FROM
                                          NORMAL
................................................
TEMPERATURE (F)
RECORD
 HIGH             101   06/28/2012
                        06/27/2012
                        06/27/1954
 LOW               42   06/01/1966
HIGHEST            92   06/24        84       8
                        06/23
LOWEST             55   06/02        62      -7
AVG. MAXIMUM     85.3              83.8     1.5
AVG. MINIMUM     67.3              63.1     4.2
MEAN             76.3              73.4     2.9
DAYS MAX >= 90      7               3.9     3.1
DAYS MAX <= 32      0               0.0     0.0
DAYS MIN <= 32      0               0.0     0.0
DAYS MIN <= 0       0               0.0     0.0

PRECIPITATION (INCHES)
RECORD
 MAXIMUM        13.41   2008
 MINIMUM         0.23   1991
TOTALS           4.78              4.85   -0.07
DAILY AVG.       0.16              0.16    0.00
DAYS >= .01        10              10.6    -0.6
DAYS >= .10         8               7.5     0.5
DAYS >= .50         3               3.5    -0.5
DAYS >= 1.00        1               1.2    -0.2
GREATEST
 24 HR. TOTAL    2.05   06/18 TO 06/19

SNOWFALL (INCHES)
TOTALS            0.0
SINCE 7/1        15.8
DAYS >= TRACE       0

DEGREE_DAYS
HEATING TOTAL       1                 9      -8
 SINCE 7/1       4536              4578     -42
COOLING TOTAL     350               263      87
 SINCE 1/1        492               378     114
.................................................

WIND (MPH)
AVERAGE WIND SPEED              9.0
HIGHEST WIND SPEED/DIRECTION    33/340    DATE  06/26
HIGHEST GUST SPEED/DIRECTION    47/220    DATE  06/13

SKY COVER
POSSIBLE SUNSHINE (PERCENT)   MM
AVERAGE SKY COVER           0.30
NUMBER OF DAYS FAIR           18
NUMBER OF DAYS PC             11
NUMBER OF DAYS CLOUDY          1

AVERAGE RH (PERCENT)     73

WEATHER CONDITIONS. NUMBER OF DAYS WITH
THUNDERSTORM              0     MIXED PRECIP               0
HEAVY RAIN                7     RAIN                       5
LIGHT RAIN               11     FREEZING RAIN              0
LT FREEZING RAIN          0     HAIL                       0
HEAVY SNOW                0     SNOW                       0
LIGHT SNOW                0     SLEET                      0
FOG                      15     FOG W/VIS <= 1/4 MILE      1
HAZE                      2

-  INDICATES NEGATIVE NUMBERS.
R  INDICATES RECORD WAS SET OR TIED.
MM INDICATES DATA IS MISSING.
T  INDICATES TRACE AMOUNT.

$$
