000
CXUS53 KSGF 010650
CLMSGF


CLIMATE REPORT
NATIONAL WEATHER SERVICE SPRINGFIELD MO
150 AM CDT SAT APR 1 2017

...................................

...THE SPRINGFIELD MO CLIMATE SUMMARY FOR THE MONTH OF MARCH 2017...

CLIMATE NORMAL PERIOD 1981 TO 2010
CLIMATE RECORD PERIOD 1888 TO 2017

WEATHER         OBSERVED          NORMAL  DEPART
                 VALUE   DATE(S)  VALUE   FROM
                                          NORMAL
................................................
TEMPERATURE (F)
RECORD
 HIGH              92   03/20/1907
 LOW               -8   03/07/1943
HIGHEST            85   03/20        57      28
LOWEST             19   03/15        34     -15
AVG. MAXIMUM     62.1              57.5     4.6
AVG. MINIMUM     40.9              35.2     5.7
MEAN             51.5              46.3     5.2
DAYS MAX >= 90      0               0.0     0.0
DAYS MAX <= 32      1               0.5     0.5
DAYS MIN <= 32      8              12.2    -4.2
DAYS MIN <= 0       0               0.0     0.0

PRECIPITATION (INCHES)
RECORD
 MAXIMUM         9.40   2008
 MINIMUM         0.50   1956
TOTALS           4.79              3.62    1.17
DAILY AVG.       0.15              0.12    0.03
DAYS >= .01        15              10.5     4.5
DAYS >= .10        10               6.5     3.5
DAYS >= .50         4               2.3     1.7
DAYS >= 1.00        1               1.0     0.0
GREATEST
 24 HR. TOTAL    1.60   03/24 TO 03/24

SNOWFALL (INCHES)
TOTALS            0.1
SINCE 7/1         1.8
DAYS >= TRACE       4

DEGREE_DAYS
HEATING TOTAL     416               581    -165
 SINCE 7/1       3105              4174   -1069
COOLING TOTAL       6                 3       3
 SINCE 1/1         15                 3      12
.................................................

WIND (MPH)
AVERAGE WIND SPEED              12.2
HIGHEST WIND SPEED/DIRECTION    47/290    DATE  03/06
HIGHEST GUST SPEED/DIRECTION    65/310    DATE  03/06

SKY COVER
POSSIBLE SUNSHINE (PERCENT)   MM
AVERAGE SKY COVER           0.50
NUMBER OF DAYS FAIR           13
NUMBER OF DAYS PC              9
NUMBER OF DAYS CLOUDY          9

AVERAGE RH (PERCENT)     63

WEATHER CONDITIONS. NUMBER OF DAYS WITH
THUNDERSTORM              0     MIXED PRECIP               0
HEAVY RAIN                5     RAIN                       8
LIGHT RAIN               14     FREEZING RAIN              0
LT FREEZING RAIN          1     HAIL                       2
HEAVY SNOW                0     SNOW                       1
LIGHT SNOW                4     SLEET                      1
FOG                      17     FOG W/VIS <= 1/4 MILE      0
HAZE                      3

-  INDICATES NEGATIVE NUMBERS.
R  INDICATES RECORD WAS SET OR TIED.
MM INDICATES DATA IS MISSING.
T  INDICATES TRACE AMOUNT.

$$
