000
CXUS53 KSGF 010641
CLMSGF


CLIMATE REPORT
NATIONAL WEATHER SERVICE SPRINGFIELD MO
141 AM CDT FRI JUL 1 2016

...................................

...THE SPRINGFIELD MO CLIMATE SUMMARY FOR THE MONTH OF JUNE 2016...

CLIMATE NORMAL PERIOD 1981 TO 2010
CLIMATE RECORD PERIOD 1888 TO 2016

WEATHER         OBSERVED          NORMAL  DEPART
                 VALUE   DATE(S)  VALUE   FROM
                                          NORMAL
................................................
TEMPERATURE (F)
RECORD
 HIGH             101   06/28/2012
                        06/27/2012
                        06/27/1954
 LOW               42   06/01/1966
HIGHEST            96   06/23        84      12
                        06/22
LOWEST             55   06/06        62      -7
AVG. MAXIMUM     88.4              83.8     4.6
AVG. MINIMUM     67.4              63.1     4.3
MEAN             77.9              73.4     4.5
DAYS MAX >= 90     15               3.9    11.1
DAYS MAX <= 32      0               0.0     0.0
DAYS MIN <= 32      0               0.0     0.0
DAYS MIN <= 0       0               0.0     0.0

PRECIPITATION (INCHES)
RECORD
 MAXIMUM        13.41   2008
 MINIMUM         0.23   1991
TOTALS           4.42              4.85   -0.43
DAILY AVG.       0.15              0.16   -0.01
DAYS >= .01         9              10.6    -1.6
DAYS >= .10         6               7.5    -1.5
DAYS >= .50         3               3.5    -0.5
DAYS >= 1.00        1               1.2    -0.2
GREATEST
 24 HR. TOTAL    2.04   06/23 TO 06/24

SNOWFALL (INCHES)
TOTALS            0.0
SINCE 7/1         3.0
DAYS >= TRACE       0

DEGREE_DAYS
HEATING TOTAL       0                 9      -9
 SINCE 7/1       3629              4578    -949
COOLING TOTAL     396               263     133
 SINCE 1/1        516               378     138
.................................................

WIND (MPH)
AVERAGE WIND SPEED              7.8
HIGHEST WIND SPEED/DIRECTION    32/200    DATE  06/12
HIGHEST GUST SPEED/DIRECTION    40/190    DATE  06/12

SKY COVER
POSSIBLE SUNSHINE (PERCENT)   MM
AVERAGE SKY COVER           0.20
NUMBER OF DAYS FAIR           24
NUMBER OF DAYS PC              5
NUMBER OF DAYS CLOUDY          1

AVERAGE RH (PERCENT)     66

WEATHER CONDITIONS. NUMBER OF DAYS WITH
THUNDERSTORM              0     MIXED PRECIP               0
HEAVY RAIN                5     RAIN                       2
LIGHT RAIN               11     FREEZING RAIN              0
LT FREEZING RAIN          0     HAIL                       0
HEAVY SNOW                0     SNOW                       0
LIGHT SNOW                0     SLEET                      0
FOG                       9     FOG W/VIS <= 1/4 MILE      0
HAZE                      2

-  INDICATES NEGATIVE NUMBERS.
R  INDICATES RECORD WAS SET OR TIED.
MM INDICATES DATA IS MISSING.
T  INDICATES TRACE AMOUNT.

$$
