000
CXUS53 KSGF 010652
CLMSGF


CLIMATE REPORT
NATIONAL WEATHER SERVICE SPRINGFIELD MO
1251 AM CST TUE DEC 1 2015

...................................

...THE SPRINGFIELD MO CLIMATE SUMMARY FOR THE MONTH OF NOVEMBER 2015...

CLIMATE NORMAL PERIOD 1981 TO 2010
CLIMATE RECORD PERIOD 1888 TO 2015

WEATHER         OBSERVED          NORMAL  DEPART
                 VALUE   DATE(S)  VALUE   FROM
                                          NORMAL
................................................
TEMPERATURE (F)
RECORD
 HIGH              83   11/09/2006
 LOW                4   11/17/1959
HIGHEST            74   11/11        57      17
LOWEST             21   11/22        36     -15
AVG. MAXIMUM     60.4              56.7     3.7
AVG. MINIMUM     39.5              35.4     4.1
MEAN             50.0              46.1     3.9
DAYS MAX >= 90      0               0.0     0.0
DAYS MAX <= 32      0               0.5    -0.5
DAYS MIN <= 32      5              11.8    -6.8
DAYS MIN <= 0       0               0.0     0.0

PRECIPITATION (INCHES)
RECORD
 MAXIMUM        12.24   1985
 MINIMUM         0.14   1910
TOTALS           7.23              4.22    3.01
DAILY AVG.       0.24              0.14    0.10
DAYS >= .01        10               9.4     0.6
DAYS >= .10         6               5.9     0.1
DAYS >= .50         3               2.6     0.4
DAYS >= 1.00        3               1.3     1.7
GREATEST
 24 HR. TOTAL    3.43   11/16 TO 11/17

SNOWFALL (INCHES)
TOTALS              T
SINCE 7/1           T
DAYS >= TRACE       1

DEGREE_DAYS
HEATING TOTAL     444               571    -127
 SINCE 7/1        645               879    -234
COOLING TOTAL       0                 2      -2
 SINCE 1/1       1555              1389     166
.................................................

WIND (MPH)
AVERAGE WIND SPEED              11.0
HIGHEST WIND SPEED/DIRECTION    39/230    DATE  11/11
HIGHEST GUST SPEED/DIRECTION    52/230    DATE  11/11

SKY COVER
POSSIBLE SUNSHINE (PERCENT)    0
AVERAGE SKY COVER           0.40
NUMBER OF DAYS FAIR           14
NUMBER OF DAYS PC              7
NUMBER OF DAYS CLOUDY          9

AVERAGE RH (PERCENT)     65

WEATHER CONDITIONS. NUMBER OF DAYS WITH
THUNDERSTORM              0     MIXED PRECIP               0
HEAVY RAIN                4     RAIN                       6
LIGHT RAIN               12     FREEZING RAIN              0
LT FREEZING RAIN          0     HAIL                       0
HEAVY SNOW                0     SNOW                       0
LIGHT SNOW                1     SLEET                      0
FOG                      12     FOG W/VIS <= 1/4 MILE      3
HAZE                      0

-  INDICATES NEGATIVE NUMBERS.
R  INDICATES RECORD WAS SET OR TIED.
MM INDICATES DATA IS MISSING.
T  INDICATES TRACE AMOUNT.

$$
