000
CXUS53 KSGF 010947
CLMSGF


CLIMATE REPORT
NATIONAL WEATHER SERVICE SPRINGFIELD MO
446 AM CDT MON MAY 1 2017

...................................

...THE SPRINGFIELD MO CLIMATE SUMMARY FOR THE MONTH OF APRIL 2017...

CLIMATE NORMAL PERIOD 1981 TO 2010
CLIMATE RECORD PERIOD 1888 TO 2017

WEATHER         OBSERVED          NORMAL  DEPART
                 VALUE   DATE(S)  VALUE   FROM
                                          NORMAL
................................................
TEMPERATURE (F)
RECORD
 HIGH              93   04/21/1963
 LOW               16   04/05/1920
HIGHEST            82   04/14        68      14
LOWEST             31   04/07        44     -13
AVG. MAXIMUM     70.7              67.2     3.5
AVG. MINIMUM     49.4              44.3     5.1
MEAN             60.0              55.8     4.2
DAYS MAX >= 90      0               0.1    -0.1
DAYS MAX <= 32      0               0.0     0.0
DAYS MIN <= 32      1               2.9    -1.9
DAYS MIN <= 0       0               0.0     0.0

PRECIPITATION (INCHES)
RECORD
 MAXIMUM        12.15   1945
 MINIMUM         0.15   1989
TOTALS          12.03              4.32    7.71
DAILY AVG.       0.40              0.14    0.26
DAYS >= .01        14              10.5     3.5
DAYS >= .10        10               7.2     2.8
DAYS >= .50         7               2.9     4.1
DAYS >= 1.00        3               1.2     1.8
GREATEST
 24 HR. TOTAL    4.31   04/29 TO 04/29

SNOWFALL (INCHES)
TOTALS            0.0
SINCE 7/1         1.8
DAYS >= TRACE       0

DEGREE_DAYS
HEATING TOTAL     175               300    -125
 SINCE 7/1       3280              4474   -1194
COOLING TOTAL      35                22      13
 SINCE 1/1         50                25      25
.................................................

WIND (MPH)
AVERAGE WIND SPEED              11.0
HIGHEST WIND SPEED/DIRECTION    38/060    DATE  04/04
HIGHEST GUST SPEED/DIRECTION    52/270    DATE  04/04

SKY COVER
POSSIBLE SUNSHINE (PERCENT)   MM
AVERAGE SKY COVER           0.40
NUMBER OF DAYS FAIR           15
NUMBER OF DAYS PC              8
NUMBER OF DAYS CLOUDY          7

AVERAGE RH (PERCENT)     70

WEATHER CONDITIONS. NUMBER OF DAYS WITH
THUNDERSTORM              0     MIXED PRECIP               0
HEAVY RAIN                7     RAIN                      10
LIGHT RAIN               14     FREEZING RAIN              0
LT FREEZING RAIN          0     HAIL                       1
HEAVY SNOW                0     SNOW                       0
LIGHT SNOW                0     SLEET                      0
FOG                      14     FOG W/VIS <= 1/4 MILE      0
HAZE                      2

-  INDICATES NEGATIVE NUMBERS.
R  INDICATES RECORD WAS SET OR TIED.
MM INDICATES DATA IS MISSING.
T  INDICATES TRACE AMOUNT.

$$
