000
CXUS53 KSGF 010637
CLMSGF


CLIMATE REPORT
NATIONAL WEATHER SERVICE SPRINGFIELD MO
1235 AM CST WED JAN 1 2014

...................................

...THE SPRINGFIELD MO CLIMATE SUMMARY FOR THE MONTH OF DECEMBER 2013...

CLIMATE NORMAL PERIOD 1981 TO 2010
CLIMATE RECORD PERIOD 1888 TO 2013

WEATHER         OBSERVED          NORMAL  DEPART
                 VALUE   DATE(S)  VALUE   FROM
                                          NORMAL
................................................
TEMPERATURE (F)
RECORD
 HIGH              77   12/08/1991
                        12/13/1948
 LOW              -16   12/23/1989
HIGHEST            62   12/18        45      17
                        12/04
LOWEST              1   12/10        25     -24
AVG. MAXIMUM     42.1              44.9    -2.8
AVG. MINIMUM     21.8              25.0    -3.2
MEAN             31.9              35.0    -3.1
DAYS MAX >= 90      0               0.0     0.0
DAYS MAX <= 32      8               4.4     3.6
DAYS MIN <= 32     26              23.2     2.8
DAYS MIN <= 0       0               0.7    -0.7

PRECIPITATION (INCHES)
RECORD
 MAXIMUM        11.02   1895
 MINIMUM         0.13   1950
TOTALS           2.56              3.04   -0.48
DAILY AVG.       0.08              0.10   -0.02
DAYS >= .01         9               8.9     0.1
DAYS >= .10         6               4.9     1.1
DAYS >= .50         2               1.8     0.2
DAYS >= 1.00        1               1.0     0.0
GREATEST
 24 HR. TOTAL    1.04   12/20 TO 12/21

SNOWFALL (INCHES)
TOTALS           13.5
SINCE 7/1        13.5
DAYS >= TRACE      11

DEGREE_DAYS
HEATING TOTAL     986               931      55
 SINCE 7/1       1923              1810     113
COOLING TOTAL       0                 0       0
 SINCE 1/1       1417              1389      28
.................................................

WIND (MPH)
AVERAGE WIND SPEED              9.7
HIGHEST WIND SPEED/DIRECTION    28/180    DATE  12/18
HIGHEST GUST SPEED/DIRECTION    36/170    DATE  12/18

SKY COVER
POSSIBLE SUNSHINE (PERCENT)   MM
AVERAGE SKY COVER           0.50
NUMBER OF DAYS FAIR           14
NUMBER OF DAYS PC              7
NUMBER OF DAYS CLOUDY         10

AVERAGE RH (PERCENT)     73

WEATHER CONDITIONS. NUMBER OF DAYS WITH
THUNDERSTORM              0     MIXED PRECIP               0
HEAVY RAIN                0     RAIN                       2
LIGHT RAIN                3     FREEZING RAIN              2
LT FREEZING RAIN          4     HAIL                       0
HEAVY SNOW                1     SNOW                       3
LIGHT SNOW               11     SLEET                      0
FOG                      19     FOG W/VIS <= 1/4 MILE      6
HAZE                     11

-  INDICATES NEGATIVE NUMBERS.
R  INDICATES RECORD WAS SET OR TIED.
MM INDICATES DATA IS MISSING.
T  INDICATES TRACE AMOUNT.

$$
