000
CXUS53 KSGF 010839
CLMSGF


CLIMATE REPORT
NATIONAL WEATHER SERVICE SPRINGFIELD MO
335 AM CDT SAT JUN 1 2013

...................................

...THE SPRINGFIELD MO CLIMATE SUMMARY FOR THE MONTH OF MAY 2013...

CLIMATE NORMAL PERIOD 1981 TO 2010
CLIMATE RECORD PERIOD 1888 TO 2013

WEATHER         OBSERVED          NORMAL  DEPART
                 VALUE   DATE(S)  VALUE   FROM
                                          NORMAL
................................................
TEMPERATURE (F)
RECORD
 HIGH              95   05/31/1934
 LOW               29   05/06/1944
HIGHEST            87   05/19        76      11
                        05/14
LOWEST             32   05/03        53     -21
AVG. MAXIMUM     73.7              75.3    -1.6
AVG. MINIMUM     54.0              54.4    -0.4
MEAN             63.9              64.8    -0.9
DAYS MAX >= 90      0               0.2    -0.2
DAYS MAX <= 32      0               0.0     0.0
DAYS MIN <= 32      1               0.1     0.9
DAYS MIN <= 0       0               0.0     0.0

PRECIPITATION (INCHES)
RECORD
 MAXIMUM        16.15   1943
 MINIMUM         0.34   1911
TOTALS           7.97              5.10    2.87
DAILY AVG.       0.26              0.16    0.10
DAYS >= .01        12              12.0     0.0
DAYS >= .10         8               7.9     0.1
DAYS >= .50         5               3.5     1.5
DAYS >= 1.00        3               1.1     1.9
GREATEST
 24 HR. TOTAL    2.50   05/30 TO 05/30
                        05/29 TO 05/30
                        05/30 TO 05/30

SNOWFALL (INCHES)
TOTALS            1.4
SINCE 7/1        12.7
DAYS >= TRACE       3

DEGREE_DAYS
HEATING TOTAL     142                95      47
 SINCE 7/1       4494              4569     -75
COOLING TOTAL     111                90      21
 SINCE 1/1        128               115      13
.................................................

WIND (MPH)
AVERAGE WIND SPEED              10.7
HIGHEST WIND SPEED/DIRECTION    38/190    DATE  05/30
HIGHEST GUST SPEED/DIRECTION    52/190    DATE  05/30

SKY COVER
POSSIBLE SUNSHINE (PERCENT)   MM
AVERAGE SKY COVER           0.40
NUMBER OF DAYS FAIR           16
NUMBER OF DAYS PC              9
NUMBER OF DAYS CLOUDY          6

AVERAGE RH (PERCENT)     74

WEATHER CONDITIONS. NUMBER OF DAYS WITH
THUNDERSTORM              8     MIXED PRECIP               0
HEAVY RAIN                6     RAIN                       7
LIGHT RAIN               14     FREEZING RAIN              0
LT FREEZING RAIN          0     HAIL                       0
HEAVY SNOW                0     SNOW                       0
LIGHT SNOW                3     SLEET                      2
FOG                      15     FOG W/VIS <= 1/4 MILE      2
HAZE                      1

-  INDICATES NEGATIVE NUMBERS.
R  INDICATES RECORD WAS SET OR TIED.
MM INDICATES DATA IS MISSING.
T  INDICATES TRACE AMOUNT.

$$
