000
CXUS53 KSGF 012111
CLMSGF


CLIMATE REPORT
NATIONAL WEATHER SERVICE SPRINGFIELD MO
410 PM CDT FRI MAY 1 2015

...................................

...THE SPRINGFIELD MO CLIMATE SUMMARY FOR THE MONTH OF APRIL 2015...

CLIMATE NORMAL PERIOD 1981 TO 2010
CLIMATE RECORD PERIOD 1888 TO 2015

WEATHER         OBSERVED          NORMAL  DEPART
                 VALUE   DATE(S)  VALUE   FROM
                                          NORMAL
................................................
TEMPERATURE (F)
RECORD
 HIGH              93   04/21/1963
 LOW               16   04/05/1920
HIGHEST            82   04/08        68      14
                        04/07
LOWEST             28   04/04        44     -16
AVG. MAXIMUM     68.5              67.2     1.3
AVG. MINIMUM     47.8              44.3     3.5
MEAN             58.2              55.8     2.4
DAYS MAX >= 90      0               0.1    -0.1
DAYS MAX <= 32      0               0.0     0.0
DAYS MIN <= 32      1               2.9    -1.9
DAYS MIN <= 0       0               0.0     0.0

PRECIPITATION (INCHES)
RECORD
 MAXIMUM        12.15   1945
 MINIMUM         0.15   1989
TOTALS           3.19              4.32   -1.13
DAILY AVG.       0.11              0.14   -0.03
DAYS >= .01        10              10.5    -0.5
DAYS >= .10         8               7.2     0.8
DAYS >= .50         2               2.9    -0.9
DAYS >= 1.00        0               1.2    -1.2
GREATEST
 24 HR. TOTAL    1.16   04/02 TO 04/03

SNOWFALL (INCHES)
TOTALS            0.0
SINCE 7/1        15.8
DAYS >= TRACE       0

DEGREE_DAYS
HEATING TOTAL     218               300     -82
 SINCE 7/1       4472              4474      -2
COOLING TOTAL      22                22       0
 SINCE 1/1         22                25      -3
.................................................

WIND (MPH)
AVERAGE WIND SPEED              11.0
HIGHEST WIND SPEED/DIRECTION    36/330    DATE  04/03
HIGHEST GUST SPEED/DIRECTION    44/330    DATE  04/03

SKY COVER
POSSIBLE SUNSHINE (PERCENT)   MM
AVERAGE SKY COVER           0.40
NUMBER OF DAYS FAIR           14
NUMBER OF DAYS PC             11
NUMBER OF DAYS CLOUDY          5

AVERAGE RH (PERCENT)     64

WEATHER CONDITIONS. NUMBER OF DAYS WITH
THUNDERSTORM              0     MIXED PRECIP               0
HEAVY RAIN                5     RAIN                       8
LIGHT RAIN               17     FREEZING RAIN              0
LT FREEZING RAIN          0     HAIL                       0
HEAVY SNOW                0     SNOW                       0
LIGHT SNOW                0     SLEET                      0
FOG                      14     FOG W/VIS <= 1/4 MILE      2
HAZE                      0

-  INDICATES NEGATIVE NUMBERS.
R  INDICATES RECORD WAS SET OR TIED.
MM INDICATES DATA IS MISSING.
T  INDICATES TRACE AMOUNT.

$$
