000
CXUS53 KSGF 010639
CLMSGF


CLIMATE REPORT
NATIONAL WEATHER SERVICE SPRINGFIELD MO
137 AM CDT FRI SEP 1 2017

...................................

...THE SPRINGFIELD MO CLIMATE SUMMARY FOR THE MONTH OF AUGUST 2017...

CLIMATE NORMAL PERIOD 1981 TO 2010
CLIMATE RECORD PERIOD 1888 TO 2017

WEATHER         OBSERVED          NORMAL  DEPART
                 VALUE   DATE(S)  VALUE   FROM
                                          NORMAL
................................................
TEMPERATURE (F)
RECORD
 HIGH             108   08/02/2011
 LOW               44   08/12/1967
                        08/24/1891
HIGHEST            91   08/20        89       2
                        08/19
LOWEST             58   08/29        65      -7
                        08/05
                        08/04
AVG. MAXIMUM     82.8              89.0    -6.2
AVG. MINIMUM     64.5              66.6    -2.1
MEAN             73.6              77.8    -4.2
DAYS MAX >= 90      3              14.3   -11.3
DAYS MAX <= 32      0               0.0     0.0
DAYS MIN <= 32      0               0.0     0.0
DAYS MIN <= 0       0               0.0     0.0

PRECIPITATION (INCHES)
RECORD
 MAXIMUM        10.81   1915
 MINIMUM         0.34   2000
TOTALS           7.11              3.55    3.56
DAILY AVG.       0.23              0.11    0.12
DAYS >= .01        10               7.9     2.1
DAYS >= .10         8               5.3     2.7
DAYS >= .50         5               2.5     2.5
DAYS >= 1.00        3               1.0     2.0
GREATEST
 24 HR. TOTAL    1.78   08/05 TO 08/05

SNOWFALL (INCHES)
TOTALS            0.0
SINCE 7/1         0.0
DAYS >= TRACE       0

DEGREE_DAYS
HEATING TOTAL       0                 2      -2
 SINCE 7/1          0                 2      -2
COOLING TOTAL     275               398    -123
 SINCE 1/1       1158              1186     -28
.................................................

WIND (MPH)
AVERAGE WIND SPEED              7.5
HIGHEST WIND SPEED/DIRECTION    35/330    DATE  08/20
HIGHEST GUST SPEED/DIRECTION    47/340    DATE  08/20

SKY COVER
POSSIBLE SUNSHINE (PERCENT)   MM
AVERAGE SKY COVER           0.30
NUMBER OF DAYS FAIR           17
NUMBER OF DAYS PC             12
NUMBER OF DAYS CLOUDY          2

AVERAGE RH (PERCENT)     77

WEATHER CONDITIONS. NUMBER OF DAYS WITH
THUNDERSTORM              0     MIXED PRECIP               0
HEAVY RAIN                7     RAIN                       8
LIGHT RAIN               13     FREEZING RAIN              0
LT FREEZING RAIN          0     HAIL                       0
HEAVY SNOW                0     SNOW                       0
LIGHT SNOW                0     SLEET                      0
FOG                      17     FOG W/VIS <= 1/4 MILE      2
HAZE                      0

-  INDICATES NEGATIVE NUMBERS.
R  INDICATES RECORD WAS SET OR TIED.
MM INDICATES DATA IS MISSING.
T  INDICATES TRACE AMOUNT.

$$
