000
CXUS53 KSGF 010940
CLMSGF


CLIMATE REPORT
NATIONAL WEATHER SERVICE SPRINGFIELD MO
440 AM CDT WED NOV 1 2017

...................................

...THE SPRINGFIELD MO CLIMATE SUMMARY FOR THE MONTH OF OCTOBER 2017...

CLIMATE NORMAL PERIOD 1981 TO 2010
CLIMATE RECORD PERIOD 1888 TO 2017

WEATHER         OBSERVED          NORMAL  DEPART
                 VALUE   DATE(S)  VALUE   FROM
                                          NORMAL
................................................
TEMPERATURE (F)
RECORD
 HIGH              93   10/05/1981
                        10/02/1976
 LOW               18   10/31/1993
HIGHEST            89   10/14        70      19
LOWEST             23   10/29        46     -23
AVG. MAXIMUM     71.7              69.0     2.7
AVG. MINIMUM     48.4              46.5     1.9
MEAN             60.0              57.8     2.2
DAYS MAX >= 90      0               0.0     0.0
DAYS MAX <= 32      0               0.0     0.0
DAYS MIN <= 32      4               2.0     2.0
DAYS MIN <= 0       0               0.0     0.0

PRECIPITATION (INCHES)
RECORD
 MAXIMUM        11.94   1919
 MINIMUM         0.31   1917
TOTALS           2.49              3.59   -1.10
DAILY AVG.       0.08              0.12   -0.04
DAYS >= .01         9               9.5    -0.5
DAYS >= .10         5               5.9    -0.9
DAYS >= .50         3               2.3     0.7
DAYS >= 1.00        0               1.1    -1.1
GREATEST
 24 HR. TOTAL    0.93   10/22 TO 10/22

SNOWFALL (INCHES)
TOTALS            0.0
SINCE 7/1         0.0
DAYS >= TRACE       0

DEGREE_DAYS
HEATING TOTAL     231               253     -22
 SINCE 7/1        239               308     -69
COOLING TOTAL      87                28      59
 SINCE 1/1       1463              1387      76
.................................................

WIND (MPH)
AVERAGE WIND SPEED              10.2
HIGHEST WIND SPEED/DIRECTION    38/330    DATE  10/24
HIGHEST GUST SPEED/DIRECTION    53/320    DATE  10/24

SKY COVER
POSSIBLE SUNSHINE (PERCENT)   MM
AVERAGE SKY COVER           0.30
NUMBER OF DAYS FAIR           21
NUMBER OF DAYS PC              4
NUMBER OF DAYS CLOUDY          6

AVERAGE RH (PERCENT)     68

WEATHER CONDITIONS. NUMBER OF DAYS WITH
THUNDERSTORM              0     MIXED PRECIP               0
HEAVY RAIN                5     RAIN                       4
LIGHT RAIN               11     FREEZING RAIN              0
LT FREEZING RAIN          0     HAIL                       0
HEAVY SNOW                0     SNOW                       0
LIGHT SNOW                0     SLEET                      0
FOG                      11     FOG W/VIS <= 1/4 MILE      3
HAZE                      0

-  INDICATES NEGATIVE NUMBERS.
R  INDICATES RECORD WAS SET OR TIED.
MM INDICATES DATA IS MISSING.
T  INDICATES TRACE AMOUNT.

$$
