000
CXUS53 KSGF 011450
CLMSGF


CLIMATE REPORT
NATIONAL WEATHER SERVICE SPRINGFIELD MO
850 AM CST SAT MAR 1 2014

...................................

...THE SPRINGFIELD MO CLIMATE SUMMARY FOR THE MONTH OF FEBRUARY 2014...

CLIMATE NORMAL PERIOD 1981 TO 2010
CLIMATE RECORD PERIOD 1888 TO 2014

WEATHER         OBSERVED          NORMAL  DEPART
                 VALUE   DATE(S)  VALUE   FROM
                                          NORMAL
................................................
TEMPERATURE (F)
RECORD
 HIGH              84   02/01/1911
 LOW              -29   02/12/1899
HIGHEST            73   02/20        46      27
LOWEST              1   02/07        25     -24
AVG. MAXIMUM     43.1              48.2    -5.1
AVG. MINIMUM     20.3              26.1    -5.8
MEAN             31.7              37.2    -5.5
DAYS MAX >= 90      0               0.0     0.0
DAYS MAX <= 32     10               2.9     7.1
DAYS MIN <= 32     24              20.2     3.8
DAYS MIN <= 0       0               0.5    -0.5

PRECIPITATION (INCHES)
RECORD
 MAXIMUM         6.41   2008
 MINIMUM         0.09   2006
TOTALS           0.50              2.52   -2.02
DAILY AVG.       0.02              0.09   -0.07
DAYS >= .01         5               7.8    -2.8
DAYS >= .10         3               4.8    -1.8
DAYS >= .50         0               1.8    -1.8
DAYS >= 1.00        0               0.5    -0.5
GREATEST
 24 HR. TOTAL    0.16   02/03 TO 02/04

SNOWFALL (INCHES)
TOTALS            4.4
SINCE 7/1        27.4
DAYS >= TRACE       7

DEGREE_DAYS
HEATING TOTAL     926               780     146
 SINCE 7/1       3955              3593     362
COOLING TOTAL       0                 0       0
 SINCE 1/1          0                 0       0
.................................................

WIND (MPH)
AVERAGE WIND SPEED              10.8
HIGHEST WIND SPEED/DIRECTION    47/250    DATE  02/20
HIGHEST GUST SPEED/DIRECTION    62/250    DATE  02/20

SKY COVER
POSSIBLE SUNSHINE (PERCENT)   MM
AVERAGE SKY COVER           0.40
NUMBER OF DAYS FAIR           14
NUMBER OF DAYS PC              8
NUMBER OF DAYS CLOUDY          6

AVERAGE RH (PERCENT)     60

WEATHER CONDITIONS. NUMBER OF DAYS WITH
THUNDERSTORM              0     MIXED PRECIP               0
HEAVY RAIN                1     RAIN                       1
LIGHT RAIN                4     FREEZING RAIN              0
LT FREEZING RAIN          1     HAIL                       0
HEAVY SNOW                1     SNOW                       1
LIGHT SNOW                6     SLEET                      0
FOG                      10     FOG W/VIS <= 1/4 MILE      1
HAZE                      4

-  INDICATES NEGATIVE NUMBERS.
R  INDICATES RECORD WAS SET OR TIED.
MM INDICATES DATA IS MISSING.
T  INDICATES TRACE AMOUNT.

$$
