000
CXUS53 KSGF 011028
CLMSGF


CLIMATE REPORT
NATIONAL WEATHER SERVICE SPRINGFIELD MO
528 AM CDT SUN JUN 1 2014

...................................

...THE SPRINGFIELD MO CLIMATE SUMMARY FOR THE MONTH OF MAY 2014...

CLIMATE NORMAL PERIOD 1981 TO 2010
CLIMATE RECORD PERIOD 1888 TO 2014

WEATHER         OBSERVED          NORMAL  DEPART
                 VALUE   DATE(S)  VALUE   FROM
                                          NORMAL
................................................
TEMPERATURE (F)
RECORD
 HIGH              95   05/31/1934
 LOW               29   05/06/1944
HIGHEST            91   05/05        76      15
                        05/04
LOWEST             35   05/01        53     -18
AVG. MAXIMUM     77.4              75.3     2.1
AVG. MINIMUM     56.2              54.4     1.8
MEAN             66.8              64.8     2.0
DAYS MAX >= 90      2               0.2     1.8
DAYS MAX <= 32      0               0.0     0.0
DAYS MIN <= 32      0               0.1    -0.1
DAYS MIN <= 0       0               0.0     0.0

PRECIPITATION (INCHES)
RECORD
 MAXIMUM        16.15   1943
 MINIMUM         0.34   1911
TOTALS           5.28              5.10    0.18
DAILY AVG.       0.17              0.16    0.01
DAYS >= .01        13              12.0     1.0
DAYS >= .10         8               7.9     0.1
DAYS >= .50         5               3.5     1.5
DAYS >= 1.00        2               1.1     0.9
GREATEST
 24 HR. TOTAL    1.42   05/23 TO 05/24

SNOWFALL (INCHES)
TOTALS            0.0
SINCE 7/1        32.2
DAYS >= TRACE       0

DEGREE_DAYS
HEATING TOTAL     112                95      17
 SINCE 7/1       5020              4569     451
COOLING TOTAL     179                90      89
 SINCE 1/1        193               115      78
.................................................

WIND (MPH)
AVERAGE WIND SPEED              9.8
HIGHEST WIND SPEED/DIRECTION    30/170    DATE  05/19
HIGHEST GUST SPEED/DIRECTION    38/160    DATE  05/19

SKY COVER
POSSIBLE SUNSHINE (PERCENT)   MM
AVERAGE SKY COVER           0.30
NUMBER OF DAYS FAIR           18
NUMBER OF DAYS PC             12
NUMBER OF DAYS CLOUDY          1

AVERAGE RH (PERCENT)     68

WEATHER CONDITIONS. NUMBER OF DAYS WITH
THUNDERSTORM              0     MIXED PRECIP               0
HEAVY RAIN                7     RAIN                       7
LIGHT RAIN               13     FREEZING RAIN              0
LT FREEZING RAIN          0     HAIL                       0
HEAVY SNOW                0     SNOW                       0
LIGHT SNOW                0     SLEET                      0
FOG                      12     FOG W/VIS <= 1/4 MILE      1
HAZE                      0

-  INDICATES NEGATIVE NUMBERS.
R  INDICATES RECORD WAS SET OR TIED.
MM INDICATES DATA IS MISSING.
T  INDICATES TRACE AMOUNT.

$$
