000
CXUS53 KSGF 010633
CLMSGF


CLIMATE REPORT
NATIONAL WEATHER SERVICE SPRINGFIELD MO
132 AM CDT SUN MAY 1 2016

...................................

...THE SPRINGFIELD MO CLIMATE SUMMARY FOR THE MONTH OF APRIL 2016...

CLIMATE NORMAL PERIOD 1981 TO 2010
CLIMATE RECORD PERIOD 1888 TO 2016

WEATHER         OBSERVED          NORMAL  DEPART
                 VALUE   DATE(S)  VALUE   FROM
                                          NORMAL
................................................
TEMPERATURE (F)
RECORD
 HIGH              93   04/21/1963
 LOW               16   04/05/1920
HIGHEST            84   04/26        68      16
LOWEST             32   04/02        44     -12
AVG. MAXIMUM     70.7              67.2     3.5
AVG. MINIMUM     48.0              44.3     3.7
MEAN             59.4              55.8     3.6
DAYS MAX >= 90      0               0.1    -0.1
DAYS MAX <= 32      0               0.0     0.0
DAYS MIN <= 32      1               2.9    -1.9
DAYS MIN <= 0       0               0.0     0.0

PRECIPITATION (INCHES)
RECORD
 MAXIMUM        12.15   1945
 MINIMUM         0.15   1989
TOTALS           2.50              4.32   -1.82
DAILY AVG.       0.08              0.14   -0.06
DAYS >= .01         9              10.5    -1.5
DAYS >= .10         5               7.2    -2.2
DAYS >= .50         3               2.9     0.1
DAYS >= 1.00        0               1.2    -1.2
GREATEST
 24 HR. TOTAL    1.09   04/29 TO 04/30

SNOWFALL (INCHES)
TOTALS            0.0
SINCE 7/1         3.0
DAYS >= TRACE       0

DEGREE_DAYS
HEATING TOTAL     189               300    -111
 SINCE 7/1       3500              4474    -974
COOLING TOTAL      25                22       3
 SINCE 1/1         27                25       2
.................................................

WIND (MPH)
AVERAGE WIND SPEED              11.5
HIGHEST WIND SPEED/DIRECTION    36/210    DATE  04/10
HIGHEST GUST SPEED/DIRECTION    46/240    DATE  04/27

SKY COVER
POSSIBLE SUNSHINE (PERCENT)   MM
AVERAGE SKY COVER           0.30
NUMBER OF DAYS FAIR           17
NUMBER OF DAYS PC             10
NUMBER OF DAYS CLOUDY          3

AVERAGE RH (PERCENT)     59

WEATHER CONDITIONS. NUMBER OF DAYS WITH
THUNDERSTORM              0     MIXED PRECIP               0
HEAVY RAIN                3     RAIN                       5
LIGHT RAIN                9     FREEZING RAIN              0
LT FREEZING RAIN          0     HAIL                       0
HEAVY SNOW                0     SNOW                       0
LIGHT SNOW                0     SLEET                      0
FOG                       8     FOG W/VIS <= 1/4 MILE      1
HAZE                      1

-  INDICATES NEGATIVE NUMBERS.
R  INDICATES RECORD WAS SET OR TIED.
MM INDICATES DATA IS MISSING.
T  INDICATES TRACE AMOUNT.

$$
