000
CXUS53 KSGF 010644
CLMSGF


CLIMATE REPORT
NATIONAL WEATHER SERVICE SPRINGFIELD MO
1241 AM CST THU JAN 1 2015

...................................

...THE SPRINGFIELD MO CLIMATE SUMMARY FOR THE MONTH OF DECEMBER 2014...

CLIMATE NORMAL PERIOD 1981 TO 2010
CLIMATE RECORD PERIOD 1888 TO 2014

WEATHER         OBSERVED          NORMAL  DEPART
                 VALUE   DATE(S)  VALUE   FROM
                                          NORMAL
................................................
TEMPERATURE (F)
RECORD
 HIGH              77   12/08/1991
                        12/13/1948
 LOW              -16   12/23/1989
HIGHEST            58   12/14        45      13
LOWEST             14   12/31        25     -11
AVG. MAXIMUM     44.5              44.9    -0.4
AVG. MINIMUM     32.1              25.0     7.1
MEAN             38.3              35.0     3.3
DAYS MAX >= 90      0               0.0     0.0
DAYS MAX <= 32      2               4.4    -2.4
DAYS MIN <= 32     14              23.2    -9.2
DAYS MIN <= 0       0               0.7    -0.7

PRECIPITATION (INCHES)
RECORD
 MAXIMUM        11.02   1895
 MINIMUM         0.13   1950
TOTALS           1.77              3.04   -1.27
DAILY AVG.       0.06              0.10   -0.04
DAYS >= .01        13               8.9     4.1
DAYS >= .10         6               4.9     1.1
DAYS >= .50         0               1.8    -1.8
DAYS >= 1.00        0               1.0    -1.0
GREATEST
 24 HR. TOTAL    0.45   12/14 TO 12/15

SNOWFALL (INCHES)
TOTALS            0.5
SINCE 7/1         2.2
DAYS >= TRACE       5

DEGREE_DAYS
HEATING TOTAL     820               931    -111
 SINCE 7/1       1770              1810     -40
COOLING TOTAL       0                 0       0
 SINCE 1/1       1470              1389      81
.................................................

WIND (MPH)
AVERAGE WIND SPEED              9.6
HIGHEST WIND SPEED/DIRECTION    30/190    DATE  12/25
HIGHEST GUST SPEED/DIRECTION    42/150    DATE  12/14

SKY COVER
POSSIBLE SUNSHINE (PERCENT)   MM
AVERAGE SKY COVER           0.70
NUMBER OF DAYS FAIR            6
NUMBER OF DAYS PC              8
NUMBER OF DAYS CLOUDY         17

AVERAGE RH (PERCENT)     79

WEATHER CONDITIONS. NUMBER OF DAYS WITH
THUNDERSTORM              0     MIXED PRECIP               0
HEAVY RAIN                1     RAIN                       7
LIGHT RAIN               11     FREEZING RAIN              2
LT FREEZING RAIN          3     HAIL                       0
HEAVY SNOW                0     SNOW                       0
LIGHT SNOW                5     SLEET                      3
FOG                      21     FOG W/VIS <= 1/4 MILE      1
HAZE                      3

-  INDICATES NEGATIVE NUMBERS.
R  INDICATES RECORD WAS SET OR TIED.
MM INDICATES DATA IS MISSING.
T  INDICATES TRACE AMOUNT.

$$
