000
CXUS53 KSGF 011143
CLMSGF


CLIMATE REPORT
NATIONAL WEATHER SERVICE SPRINGFIELD MO
640 AM CDT SAT JUL 1 2017

...................................

...THE SPRINGFIELD MO CLIMATE SUMMARY FOR THE MONTH OF JUNE 2017...

CLIMATE NORMAL PERIOD 1981 TO 2010
CLIMATE RECORD PERIOD 1888 TO 2017

WEATHER         OBSERVED          NORMAL  DEPART
                 VALUE   DATE(S)  VALUE   FROM
                                          NORMAL
................................................
TEMPERATURE (F)
RECORD
 HIGH             101   06/28/2012
                        06/27/2012
                        06/27/1954
 LOW               42   06/01/1966
HIGHEST            90   06/21        84       6
                        06/12
LOWEST             54   06/08        62      -8
                        06/07
AVG. MAXIMUM     84.0              83.8     0.2
AVG. MINIMUM     63.6              63.1     0.5
MEAN             73.8              73.4     0.4
DAYS MAX >= 90      2               3.9    -1.9
DAYS MAX <= 32      0               0.0     0.0
DAYS MIN <= 32      0               0.0     0.0
DAYS MIN <= 0       0               0.0     0.0

PRECIPITATION (INCHES)
RECORD
 MAXIMUM        13.41   2008
 MINIMUM         0.23   1991
TOTALS           4.99              4.85    0.14
DAILY AVG.       0.17              0.16    0.01
DAYS >= .01         9              10.6    -1.6
DAYS >= .10         6               7.5    -1.5
DAYS >= .50         4               3.5     0.5
DAYS >= 1.00        1               1.2    -0.2
GREATEST
 24 HR. TOTAL    1.91   06/23 TO 06/23

SNOWFALL (INCHES)
TOTALS            0.0
SINCE 7/1         1.8
DAYS >= TRACE       0

DEGREE_DAYS
HEATING TOTAL       0                 9      -9
 SINCE 7/1       3355              4578   -1223
COOLING TOTAL     270               263       7
 SINCE 1/1        418               378      40
.................................................

WIND (MPH)
AVERAGE WIND SPEED              8.9
HIGHEST WIND SPEED/DIRECTION    44/360    DATE  06/23
HIGHEST GUST SPEED/DIRECTION    59/350    DATE  06/23

SKY COVER
POSSIBLE SUNSHINE (PERCENT)   MM
AVERAGE SKY COVER           0.20
NUMBER OF DAYS FAIR           25
NUMBER OF DAYS PC              4
NUMBER OF DAYS CLOUDY          1

AVERAGE RH (PERCENT)     71

WEATHER CONDITIONS. NUMBER OF DAYS WITH
THUNDERSTORM              8     MIXED PRECIP               0
HEAVY RAIN                4     RAIN                       6
LIGHT RAIN               10     FREEZING RAIN              0
LT FREEZING RAIN          0     HAIL                       0
HEAVY SNOW                0     SNOW                       0
LIGHT SNOW                0     SLEET                      0
FOG                      10     FOG W/VIS <= 1/4 MILE      1
HAZE                      0

-  INDICATES NEGATIVE NUMBERS.
R  INDICATES RECORD WAS SET OR TIED.
MM INDICATES DATA IS MISSING.
T  INDICATES TRACE AMOUNT.

$$
