000
CXUS53 KSGF 010815
CLMSGF


CLIMATE REPORT
NATIONAL WEATHER SERVICE SPRINGFIELD MO
214 AM CST SAT FEB 1 2014

...................................

...THE SPRINGFIELD MO CLIMATE SUMMARY FOR THE MONTH OF JANUARY 2014...

CLIMATE NORMAL PERIOD 1981 TO 2010
CLIMATE RECORD PERIOD 1888 TO 2014

WEATHER         OBSERVED          NORMAL  DEPART
                 VALUE   DATE(S)  VALUE   FROM
                                          NORMAL
................................................
TEMPERATURE (F)
RECORD
 HIGH              76   01/24/1950
 LOW              -19   01/12/1918
HIGHEST            67   01/12        42      25
LOWEST            -10   01/06        20     -30
AVG. MAXIMUM     40.9              42.9    -2.0
AVG. MINIMUM     17.2              22.4    -5.2
MEAN             29.0              32.6    -3.6
DAYS MAX >= 90      0               0.0     0.0
DAYS MAX <= 32      5               6.2    -1.2
DAYS MIN <= 32     30              25.0     5.0
DAYS MIN <= 0       2               1.3     0.7

PRECIPITATION (INCHES)
RECORD
 MAXIMUM         9.31   1916
 MINIMUM         0.07   1943
TOTALS           1.29              2.47   -1.18
DAILY AVG.       0.04              0.08   -0.04
DAYS >= .01         7               8.2    -1.2
DAYS >= .10         2               4.2    -2.2
DAYS >= .50         2               1.5     0.5
DAYS >= 1.00        0               0.6    -0.6
GREATEST
 24 HR. TOTAL    0.57   01/05 TO 01/05

SNOWFALL (INCHES)
TOTALS            9.5
SINCE 7/1        23.0
DAYS >= TRACE       7

DEGREE_DAYS
HEATING TOTAL    1106              1003     103
 SINCE 7/1       3029              2813     216
COOLING TOTAL       0                 0       0
 SINCE 1/1          0                 0       0
.................................................

WIND (MPH)
AVERAGE WIND SPEED              12.8
HIGHEST WIND SPEED/DIRECTION    37/360    DATE  01/26
HIGHEST GUST SPEED/DIRECTION    49/190    DATE  01/12

SKY COVER
POSSIBLE SUNSHINE (PERCENT)   MM
AVERAGE SKY COVER           0.30
NUMBER OF DAYS FAIR           20
NUMBER OF DAYS PC              7
NUMBER OF DAYS CLOUDY          4

AVERAGE RH (PERCENT)     59

WEATHER CONDITIONS. NUMBER OF DAYS WITH
THUNDERSTORM              0     MIXED PRECIP               0
HEAVY RAIN                1     RAIN                       1
LIGHT RAIN                4     FREEZING RAIN              0
LT FREEZING RAIN          0     HAIL                       0
HEAVY SNOW                1     SNOW                       1
LIGHT SNOW                7     SLEET                      0
FOG                       9     FOG W/VIS <= 1/4 MILE      2
HAZE                      5

-  INDICATES NEGATIVE NUMBERS.
R  INDICATES RECORD WAS SET OR TIED.
MM INDICATES DATA IS MISSING.
T  INDICATES TRACE AMOUNT.

$$
