000
CXUS53 KSGF 010656
CLMSGF


CLIMATE REPORT
NATIONAL WEATHER SERVICE SPRINGFIELD MO
154 AM CDT WED MAY 1 2013

...................................

...THE SPRINGFIELD MO CLIMATE SUMMARY FOR THE MONTH OF APRIL 2013...

CLIMATE NORMAL PERIOD 1981 TO 2010
CLIMATE RECORD PERIOD 1888 TO 2013

WEATHER         OBSERVED          NORMAL  DEPART
                 VALUE   DATE(S)  VALUE   FROM
                                          NORMAL
................................................
TEMPERATURE (F)
RECORD
 HIGH              93   04/21/1963
 LOW               16   04/05/1920
HIGHEST            83   04/29        68      15
                        04/17
LOWEST             31   04/25        44     -13
                        04/05
                        04/03
AVG. MAXIMUM     65.7              67.2    -1.5
AVG. MINIMUM     42.6              44.3    -1.7
MEAN             54.1              55.8    -1.7
DAYS MAX >= 90      0               0.1    -0.1
DAYS MAX <= 32      0               0.0     0.0
DAYS MIN <= 32      5               2.9     2.1
DAYS MIN <= 0       0               0.0     0.0

PRECIPITATION (INCHES)
RECORD
 MAXIMUM        12.15   1945
 MINIMUM         0.15   1989
TOTALS           5.64              4.32    1.32
DAILY AVG.       0.19              0.14    0.05
DAYS >= .01         9              10.5    -1.5
DAYS >= .10         6               7.2    -1.2
DAYS >= .50         4               2.9     1.1
DAYS >= 1.00        3               1.2     1.8
GREATEST
 24 HR. TOTAL    1.76   04/10 TO 04/10
                        04/09 TO 04/10
                        04/10 TO 04/10

SNOWFALL (INCHES)
TOTALS              T
SINCE 7/1        11.3
DAYS >= TRACE       4

DEGREE_DAYS
HEATING TOTAL     337               300      37
 SINCE 7/1       4352              4474    -122
COOLING TOTAL      17                22      -5
 SINCE 1/1         17                25      -8
.................................................

WIND (MPH)
AVERAGE WIND SPEED              11.3
HIGHEST WIND SPEED/DIRECTION    31/160    DATE  04/26
HIGHEST GUST SPEED/DIRECTION    39/190    DATE  04/06

SKY COVER
POSSIBLE SUNSHINE (PERCENT)   MM
AVERAGE SKY COVER           0.50
NUMBER OF DAYS FAIR           13
NUMBER OF DAYS PC              8
NUMBER OF DAYS CLOUDY          9

AVERAGE RH (PERCENT)     66

WEATHER CONDITIONS. NUMBER OF DAYS WITH
THUNDERSTORM              0     MIXED PRECIP               0
HEAVY RAIN                4     RAIN                       7
LIGHT RAIN               15     FREEZING RAIN              0
LT FREEZING RAIN          0     HAIL                       0
HEAVY SNOW                0     SNOW                       0
LIGHT SNOW                4     SLEET                      2
FOG                      11     FOG W/VIS <= 1/4 MILE      1
HAZE                      0

-  INDICATES NEGATIVE NUMBERS.
R  INDICATES RECORD WAS SET OR TIED.
MM INDICATES DATA IS MISSING.
T  INDICATES TRACE AMOUNT.

$$
