000
CXUS53 KSGF 010633
CLMSGF


CLIMATE REPORT
NATIONAL WEATHER SERVICE SPRINGFIELD MO
132 AM CDT THU OCT 1 2015

...................................

...THE SPRINGFIELD MO CLIMATE SUMMARY FOR THE MONTH OF SEPTEMBER 2015...

CLIMATE NORMAL PERIOD 1981 TO 2010
CLIMATE RECORD PERIOD 1888 TO 2015

WEATHER         OBSERVED          NORMAL  DEPART
                 VALUE   DATE(S)  VALUE   FROM
                                          NORMAL
................................................
TEMPERATURE (F)
RECORD
 HIGH             104   09/07/1947
                        09/04/1947
 LOW               30   09/27/1942
HIGHEST            92   09/07        80      12
                        09/06
LOWEST             49   09/13        58      -9
                        09/12
AVG. MAXIMUM     82.9              80.3     2.6
AVG. MINIMUM     62.9              57.7     5.2
MEAN             72.9              69.0     3.9
DAYS MAX >= 90      5               3.0     2.0
DAYS MAX <= 32      0               0.0     0.0
DAYS MIN <= 32      0               0.0     0.0
DAYS MIN <= 0       0               0.0     0.0

PRECIPITATION (INCHES)
RECORD
 MAXIMUM        17.46   1993
 MINIMUM         0.05   1928
TOTALS           4.05              4.61   -0.56
DAILY AVG.       0.14              0.15   -0.01
DAYS >= .01         5               7.6    -2.6
DAYS >= .10         3               5.3    -2.3
DAYS >= .50         3               2.6     0.4
DAYS >= 1.00        2               1.6     0.4
GREATEST
 24 HR. TOTAL    3.16   09/07 TO 09/08

SNOWFALL (INCHES)
TOTALS            0.0
SINCE 7/1         0.0
DAYS >= TRACE       0

DEGREE_DAYS
HEATING TOTAL      10                53     -43
 SINCE 7/1         13                55     -42
COOLING TOTAL     256               173      83
 SINCE 1/1       1525              1359     166
.................................................

WIND (MPH)
AVERAGE WIND SPEED              8.4
HIGHEST WIND SPEED/DIRECTION    33/040    DATE  09/07
HIGHEST GUST SPEED/DIRECTION    36/040    DATE  09/07

SKY COVER
POSSIBLE SUNSHINE (PERCENT)   MM
AVERAGE SKY COVER           0.20
NUMBER OF DAYS FAIR           23
NUMBER OF DAYS PC              5
NUMBER OF DAYS CLOUDY          0

AVERAGE RH (PERCENT)     67

WEATHER CONDITIONS. NUMBER OF DAYS WITH
THUNDERSTORM              0     MIXED PRECIP               0
HEAVY RAIN                3     RAIN                       2
LIGHT RAIN                7     FREEZING RAIN              0
LT FREEZING RAIN          0     HAIL                       0
HEAVY SNOW                0     SNOW                       0
LIGHT SNOW                0     SLEET                      0
FOG                       6     FOG W/VIS <= 1/4 MILE      4
HAZE                      0

-  INDICATES NEGATIVE NUMBERS.
R  INDICATES RECORD WAS SET OR TIED.
MM INDICATES DATA IS MISSING.
T  INDICATES TRACE AMOUNT.

$$
