000
CXUS53 KSGF 010628
CLMSGF


CLIMATE REPORT
NATIONAL WEATHER SERVICE SPRINGFIELD MO
128 AM CDT WED OCT 1 2014

...................................

...THE SPRINGFIELD MO CLIMATE SUMMARY FOR THE MONTH OF SEPTEMBER 2014...

CLIMATE NORMAL PERIOD 1981 TO 2010
CLIMATE RECORD PERIOD 1888 TO 2014

WEATHER         OBSERVED          NORMAL  DEPART
                 VALUE   DATE(S)  VALUE   FROM
                                          NORMAL
................................................
TEMPERATURE (F)
RECORD
 HIGH             104   09/07/1947
                        09/04/1947
 LOW               30   09/27/1942
HIGHEST            92   09/05        80      12
                        09/04
LOWEST             45   09/13        58     -13
AVG. MAXIMUM     79.9              80.3    -0.4
AVG. MINIMUM     59.5              57.7     1.8
MEAN             69.7              69.0     0.7
DAYS MAX >= 90      4               3.0     1.0
DAYS MAX <= 32      0               0.0     0.0
DAYS MIN <= 32      0               0.0     0.0
DAYS MIN <= 0       0               0.0     0.0

PRECIPITATION (INCHES)
RECORD
 MAXIMUM        17.46   1993
 MINIMUM         0.05   1928
TOTALS           5.00              4.61    0.39
DAILY AVG.       0.17              0.15    0.02
DAYS >= .01         8               7.6     0.4
DAYS >= .10         4               5.3    -1.3
DAYS >= .50         3               2.6     0.4
DAYS >= 1.00        1               1.6    -0.6
GREATEST
 24 HR. TOTAL    3.26   09/17 TO 09/18

SNOWFALL (INCHES)
TOTALS            0.0
SINCE 7/1         0.0
DAYS >= TRACE       0

DEGREE_DAYS
HEATING TOTAL      31                53     -22
 SINCE 7/1         31                55     -24
COOLING TOTAL     179               173       6
 SINCE 1/1       1425              1359      66
.................................................

WIND (MPH)
AVERAGE WIND SPEED              8.6
HIGHEST WIND SPEED/DIRECTION    38/320    DATE  09/01
HIGHEST GUST SPEED/DIRECTION    47/320    DATE  09/01

SKY COVER
POSSIBLE SUNSHINE (PERCENT)   MM
AVERAGE SKY COVER           0.30
NUMBER OF DAYS FAIR           19
NUMBER OF DAYS PC              8
NUMBER OF DAYS CLOUDY          3

AVERAGE RH (PERCENT)     70

WEATHER CONDITIONS. NUMBER OF DAYS WITH
THUNDERSTORM              0     MIXED PRECIP               0
HEAVY RAIN                2     RAIN                       3
LIGHT RAIN               10     FREEZING RAIN              0
LT FREEZING RAIN          0     HAIL                       0
HEAVY SNOW                0     SNOW                       0
LIGHT SNOW                0     SLEET                      0
FOG                      14     FOG W/VIS <= 1/4 MILE      0
HAZE                      1

-  INDICATES NEGATIVE NUMBERS.
R  INDICATES RECORD WAS SET OR TIED.
MM INDICATES DATA IS MISSING.
T  INDICATES TRACE AMOUNT.

$$
