000
CXUS53 KSGF 010654
CLMSGF


CLIMATE REPORT
NATIONAL WEATHER SERVICE SPRINGFIELD MO
150 AM CDT SAT AUG 1 2015

...................................

...THE SPRINGFIELD MO CLIMATE SUMMARY FOR THE MONTH OF JULY 2015...

CLIMATE NORMAL PERIOD 1981 TO 2010
CLIMATE RECORD PERIOD 1888 TO 2015

WEATHER         OBSERVED          NORMAL  DEPART
                 VALUE   DATE(S)  VALUE   FROM
                                          NORMAL
................................................
TEMPERATURE (F)
RECORD
 HIGH             113   07/14/1954
 LOW               44   07/06/1972
                        07/21/1970
HIGHEST            94   07/29        90       4
                        07/27
                        07/13
LOWEST             65   07/04        67      -2
AVG. MAXIMUM     88.3              88.8    -0.5
AVG. MINIMUM     71.2              67.6     3.6
MEAN             79.8              78.2     1.6
DAYS MAX >= 90     16              13.1     2.9
DAYS MAX <= 32      0               0.0     0.0
DAYS MIN <= 32      0               0.0     0.0
DAYS MIN <= 0       0               0.0     0.0

PRECIPITATION (INCHES)
RECORD
 MAXIMUM        18.75   1958
 MINIMUM         0.32   2012
TOTALS           9.21              3.68    5.53
DAILY AVG.       0.30              0.12    0.18
DAYS >= .01        12               8.4     3.6
DAYS >= .10        11               5.8     5.2
DAYS >= .50         6               2.6     3.4
DAYS >= 1.00        2               1.1     0.9
GREATEST
 24 HR. TOTAL    2.65   07/05 TO 07/05

SNOWFALL (INCHES)
TOTALS            0.0
SINCE 7/1         0.0
DAYS >= TRACE       0

DEGREE_DAYS
HEATING TOTAL       0                 0       0
 SINCE 7/1          0                 0       0
COOLING TOTAL     463               410      53
 SINCE 1/1        955               788     167
.................................................

WIND (MPH)
AVERAGE WIND SPEED              7.8
HIGHEST WIND SPEED/DIRECTION    40/200    DATE  07/05
HIGHEST GUST SPEED/DIRECTION    51/330    DATE  07/14

SKY COVER
POSSIBLE SUNSHINE (PERCENT)   MM
AVERAGE SKY COVER           0.30
NUMBER OF DAYS FAIR           23
NUMBER OF DAYS PC              4
NUMBER OF DAYS CLOUDY          4

AVERAGE RH (PERCENT)     74

WEATHER CONDITIONS. NUMBER OF DAYS WITH
THUNDERSTORM             12     MIXED PRECIP               0
HEAVY RAIN                9     RAIN                       8
LIGHT RAIN               12     FREEZING RAIN              0
LT FREEZING RAIN          0     HAIL                       0
HEAVY SNOW                0     SNOW                       0
LIGHT SNOW                0     SLEET                      0
FOG                      10     FOG W/VIS <= 1/4 MILE      3
HAZE                      2

-  INDICATES NEGATIVE NUMBERS.
R  INDICATES RECORD WAS SET OR TIED.
MM INDICATES DATA IS MISSING.
T  INDICATES TRACE AMOUNT.

$$
