800
CXUS53 KSGF 011018
CLMSGF


CLIMATE REPORT
NATIONAL WEATHER SERVICE SPRINGFIELD MO
417 AM CST TUE MAR 1 2016

...................................

...THE SPRINGFIELD MO CLIMATE SUMMARY FOR THE MONTH OF FEBRUARY 2016...

CLIMATE NORMAL PERIOD 1981 TO 2010
CLIMATE RECORD PERIOD 1888 TO 2016

WEATHER         OBSERVED          NORMAL  DEPART
                 VALUE   DATE(S)  VALUE   FROM
                                          NORMAL
................................................
TEMPERATURE (F)
RECORD
 HIGH              84   02/01/1911
 LOW              -29   02/12/1899
HIGHEST            77   02/20        46      31
LOWEST             17   02/10        25      -8
                        02/04
AVG. MAXIMUM     53.5              48.2     5.3
AVG. MINIMUM     29.6              26.1     3.5
MEAN             41.5              37.2     4.3
DAYS MAX >= 90      0               0.0     0.0
DAYS MAX <= 32      0               2.9    -2.9
DAYS MIN <= 32     22              20.2     1.8
DAYS MIN <= 0       0               0.5    -0.5

PRECIPITATION (INCHES)
RECORD
 MAXIMUM         6.41   2008
 MINIMUM         0.09   2006
TOTALS           0.36              2.52   -2.16
DAILY AVG.       0.01                MM      MM
DAYS >= .01         5               7.8    -2.8
DAYS >= .10         1               4.8    -3.8
DAYS >= .50         0               1.8    -1.8
DAYS >= 1.00        0               0.5    -0.5
GREATEST
 24 HR. TOTAL    0.21   02/23 TO 02/24

SNOWFALL (INCHES)
TOTALS              T
SINCE 7/1         3.0
DAYS >= TRACE       5

DEGREE_DAYS
HEATING TOTAL     674               780    -106
 SINCE 7/1       2913              3617    -704
COOLING TOTAL       0                 0       0
 SINCE 1/1          0                 0       0
.................................................

WIND (MPH)
AVERAGE WIND SPEED              11.7
HIGHEST WIND SPEED/DIRECTION    36/220    DATE  02/28
HIGHEST GUST SPEED/DIRECTION    47/190    DATE  02/28

SKY COVER
POSSIBLE SUNSHINE (PERCENT)   MM
AVERAGE SKY COVER           0.30
NUMBER OF DAYS FAIR           19
NUMBER OF DAYS PC              5
NUMBER OF DAYS CLOUDY          5

AVERAGE RH (PERCENT)     56

WEATHER CONDITIONS. NUMBER OF DAYS WITH
THUNDERSTORM              0     MIXED PRECIP               0
HEAVY RAIN                0     RAIN                       1
LIGHT RAIN                6     FREEZING RAIN              0
LT FREEZING RAIN          1     HAIL                       0
HEAVY SNOW                0     SNOW                       0
LIGHT SNOW                5     SLEET                      0
FOG                       7     FOG W/VIS <= 1/4 MILE      3
HAZE                      3

-  INDICATES NEGATIVE NUMBERS.
R  INDICATES RECORD WAS SET OR TIED.
MM INDICATES DATA IS MISSING.
T  INDICATES TRACE AMOUNT.

$$
