000
CXUS53 KSGF 010633
CLMSGF


CLIMATE REPORT
NATIONAL WEATHER SERVICE SPRINGFIELD MO
129 AM CDT THU MAY 1 2014

...................................

...THE SPRINGFIELD MO CLIMATE SUMMARY FOR THE MONTH OF APRIL 2014...

CLIMATE NORMAL PERIOD 1981 TO 2010
CLIMATE RECORD PERIOD 1888 TO 2014

WEATHER         OBSERVED          NORMAL  DEPART
                 VALUE   DATE(S)  VALUE   FROM
                                          NORMAL
................................................
TEMPERATURE (F)
RECORD
 HIGH              93   04/21/1963
 LOW               16   04/05/1920
HIGHEST            81   04/26        68      13
                        04/10
                        04/03
LOWEST             25   04/15        44     -19
AVG. MAXIMUM     68.0              67.2     0.8
AVG. MINIMUM     44.3              44.3     0.0
MEAN             56.1              55.8     0.3
DAYS MAX >= 90      0               0.1    -0.1
DAYS MAX <= 32      0               0.0     0.0
DAYS MIN <= 32      4               2.9     1.1
DAYS MIN <= 0       0               0.0     0.0

PRECIPITATION (INCHES)
RECORD
 MAXIMUM        12.15   1945
 MINIMUM         0.15   1989
TOTALS           2.08              4.32   -2.24
DAILY AVG.       0.07              0.14   -0.07
DAYS >= .01        10              10.5    -0.5
DAYS >= .10         6               7.2    -1.2
DAYS >= .50         2               2.9    -0.9
DAYS >= 1.00        0               1.2    -1.2
GREATEST
 24 HR. TOTAL    0.53   04/27 TO 04/27
                        04/27 TO 04/28

SNOWFALL (INCHES)
TOTALS              T
SINCE 7/1        32.2
DAYS >= TRACE       1

DEGREE_DAYS
HEATING TOTAL     272               300     -28
 SINCE 7/1       4908              4474     434
COOLING TOTAL      14                22      -8
 SINCE 1/1         14                25     -11
.................................................

WIND (MPH)
AVERAGE WIND SPEED              11.5
HIGHEST WIND SPEED/DIRECTION    41/120    DATE  04/27
HIGHEST GUST SPEED/DIRECTION    52/120    DATE  04/27

SKY COVER
POSSIBLE SUNSHINE (PERCENT)   MM
AVERAGE SKY COVER           0.30
NUMBER OF DAYS FAIR           17
NUMBER OF DAYS PC              9
NUMBER OF DAYS CLOUDY          4

AVERAGE RH (PERCENT)     61

WEATHER CONDITIONS. NUMBER OF DAYS WITH
THUNDERSTORM              5     MIXED PRECIP               0
HEAVY RAIN                3     RAIN                       6
LIGHT RAIN               14     FREEZING RAIN              0
LT FREEZING RAIN          0     HAIL                       0
HEAVY SNOW                0     SNOW                       0
LIGHT SNOW                1     SLEET                      0
FOG                       9     FOG W/VIS <= 1/4 MILE      0
HAZE                      5

-  INDICATES NEGATIVE NUMBERS.
R  INDICATES RECORD WAS SET OR TIED.
MM INDICATES DATA IS MISSING.
T  INDICATES TRACE AMOUNT.

$$
